000
CXUS54 KFWD 010843
CLMDFW
CLIMATE REPORT
NATIONAL WEATHER SERVICE FORT WORTH TX
243 AM CST THU FEB 01 2024
...................................
...THE DALLAS/FORT WORTH CLIMATE SUMMARY FOR THE MONTH OF JANUARY 2024...
CLIMATE NORMAL PERIOD 1991 TO 2020
CLIMATE RECORD PERIOD 1898 TO 2024
WEATHER OBSERVED NORMAL DEPART LAST YEAR`S
VALUE DATE(S) VALUE FROM VALUE DATE(S)
NORMAL
................................................................
TEMPERATURE (F)
RECORD
HIGH 93 01/31/1911
LOW -2 01/31/1949
HIGHEST 77 01/30 77 0 85 01/11
LOWEST 11 01/15 17 -6 25 01/31
AVG. MAXIMUM 52.9 56.5 -3.6 63.2
AVG. MINIMUM 33.1 36.1 -3.0 41.1
MEAN 43.0 46.3 -3.3 52.1
DAYS MAX >= 90 0 0.0 0.0 0
DAYS MAX <= 32 3 0.7 2.3 2
DAYS MAX >= 100 0 0
DAYS MIN <= 32 12 10.6 1.4 5
DAYS MIN <= 0 0 0.0 0.0 0
DAYS MIN >= 80 0 0
PRECIPITATION (INCHES)
RECORD
MAXIMUM 9.07 1932
MINIMUM T 1986
TOTALS 3.20 2.53 0.67 1.38
DAILY AVG. 0.10 0.08 0.02 0.04
DAYS >= .01 13 6.9 6.1 3
DAYS >= .10 8 4.0 4.0 2
DAYS >= .50 0 1.6 -1.6 1
DAYS >= 1.00 0 0.6 -0.6 1
GREATEST
24 HR. TOTAL 0.73 01/21 TO 01/22 1.02
SNOWFALL (INCHES)
RECORDS
TOTAL 12.1 1964
24 HR TOTAL 12.1 01/15/1964 TO 01/16/1964
TOTALS 1.5 0.1 1.4 1.3
SINCE 7/1 1.5 0.3 1.2 MM
SNOWDEPTH AVG. 0 -1
DAYS >= TRACE 2 3
DAYS >= 1.0 1 0.0 1.0 1
GREATEST
SNOW DEPTH 1R 01/15 -1 01/29
01/30
01/31
24 HR TOTAL MM 1.3
DEGREE DAYS
HEATING TOTAL 674 582 92 406
SINCE 7/1 1377 1463 -86 MM
COOLING TOTAL 0 2 -2 13
SINCE 1/1 0 2 -2 MM
................................................................
WIND (MPH)
AVERAGE WIND SPEED 10.5
HIGHEST WIND SPEED/DIRECTION 39/280 DATE 01/08
HIGHEST GUST SPEED/DIRECTION 54/270 DATE 01/08
SKY COVER
POSSIBLE SUNSHINE (PERCENT) MM
AVERAGE SKY COVER 0.52
NUMBER OF DAYS FAIR 13
NUMBER OF DAYS PC 8
NUMBER OF DAYS CLOUDY 10
AVERAGE RH (PERCENT) 67
WEATHER CONDITIONS. NUMBER OF DAYS WITH
THUNDERSTORM 2 MIXED PRECIP 0
HEAVY RAIN 4 RAIN 7
LIGHT RAIN 12 FREEZING RAIN 0
LT FREEZING RAIN 0 HAIL 0
HEAVY SNOW 0 SNOW 0
LIGHT SNOW 2 SLEET 0
FOG 14 FOG W/VIS <= 1/4 MILE 2
HAZE 2
- INDICATES NEGATIVE NUMBERS.
R INDICATES RECORD WAS SET OR TIED.
MM INDICATES DATA IS MISSING.
T INDICATES TRACE AMOUNT.
$$