000
CXUS52 KTAE 010900
CF6DHN
PRELIMINARY LOCAL CLIMATOLOGICAL DATA (WS FORM: F-6)
STATION: DOTHAN
MONTH: DECEMBER
YEAR: 2021
LATITUDE: 31 19 N
LONGITUDE: 85 27 W
TEMPERATURE IN F: :PCPN: SNOW: WIND :SUNSHINE: SKY :PK WND
================================================================================
1 2 3 4 5 6A 6B 7 8 9 10 11 12 13 14 15 16 17 18
12Z AVG MX 2MIN
DY MAX MIN AVG DEP HDD CDD WTR SNW DPTH SPD SPD DIR MIN PSBL S-S WX SPD DR
================================================================================
1 72 41 57 2 8 0 0.00 M M 3.2 12 200 M M 0 13 200
2 75 45 60 5 5 0 0.00 0.0 0 4.6 14 290 M M 0 1 18 280
3 74 47 61 6 4 0 0.00 0.0 0 3.5 9 230 M M 1 12 13 260
4 75 48 62 7 3 0 T 0.0 0 3.9 10 280 M M 3 128 14 280
5 70 53 62 7 3 0 0.00 M M 2.6 9 190 M M 5 12 13 160
6 77 57 67 13 0 2 1.01 M M 6.5 32 340 M M 7 123 42 350
7 62 54 58 4 7 0 0.14 0.0 M 5.8 14 10 M M 10 1 17 10
8 70 47 59 5 6 0 0.19 0.0 M 8.3 20 330 M M 7 12 23 340
9 59 45 52 -2 13 0 0.20 0.0 M 5.2 13 90 M M 7 12 15 90
10 78 59 69 15 0 4 0.11 M M 8.9 18 190 M M 8 12 24 190
11 82 58 70 16 0 5 0.83 0.0 0 11.9 24 220 M M 9 13 32 220
12 65 46 56 2 9 0 0.00 0.0 0 6.7 15 360 M M 2 20 320
13 65 45 55 1 10 0 0.00 0.0 0 4.7 13 90 M M 2 14 80
14 70 45 58 5 7 0 0.00 0.0 M 5.0 8 70 M M 2 1 11 70
15 74 49 62 9 3 0 0.00 0.0 M 7.1 13 90 M M 3 128 16 90
16 72 54 63 10 2 0 0.00 0.0 0 4.6 9 90 M M 6 12 12 90
17 75 59 67 14 0 2 T 0.0 0 4.5 10 150 M M 7 12 12 150
18 78 62 70 17 0 5 1.34 0.0 0 8.3 18 210 M M 6 138 25 180
19 66 44 55 2 10 0 0.05 0.0 0 10.0 21 330 M M 7 123 26 330
20 51 42 47 -5 18 0 0.01 0.0 0 8.4 15 60 M M 8 1 20 60
21 47 42 45 -7 20 0 0.20 0.0 0 8.7 15 330 M M 10 1 18 30
22 62 39 51 -1 14 0 0.00 0.0 0 9.7 17 320 M M 0 1 22 320
23 63 35 49 -3 16 0 0.00 0.0 M 4.6 9 100 M M 0 12 360
24 71 36 54 2 11 0 0.00 0.0 M 5.5 14 180 M M 0 17 170
25 76 49 63 11 2 0 0.00 0.0 M 8.3 18 230 M M 2 12 22 220
26 79 59 69 17 0 4 0.00 0.0 M 6.9 15 270 M M 5 12 20 240
27 76 64 70 18 0 5 T 0.0 M 7.2 15 230 M M 8 12 19 220
28 80 67 74 22 0 9 T M M 10.4 21 180 M M 8 25 190
29 81 68 75 24 0 10 T M M 11.0 24 200 M M 10 28 200
30 83 72 78 27 0 13 0.05 0.0 0 10.5 23 210 M M 7 13 33 210
31 83 70 77 26 0 12 T 0.0 0 9.6 21 220 M M 8 28 200
================================================================================
SM 2211 1601 171 71 4.13 0.0 216.1 M 158
================================================================================
AV 71.3 51.6 7.0 FASTST M M 5 MAX(MPH)
MISC ----> 32 340 42 350
================================================================================
NOTES:
# LAST OF SEVERAL OCCURRENCES
COLUMN 17 PEAK WIND IN M.P.H.
PRELIMINARY LOCAL CLIMATOLOGICAL DATA (WS FORM: F-6) , PAGE 2
STATION: DOTHAN
MONTH: DECEMBER
YEAR: 2021
LATITUDE: 31 19 N
LONGITUDE: 85 27 W
[TEMPERATURE DATA] [PRECIPITATION DATA] SYMBOLS USED IN COLUMN 16
AVERAGE MONTHLY: 61.5 TOTAL FOR MONTH: 4.13 1 = FOG OR MIST
DPTR FM NORMAL: 8.4 DPTR FM NORMAL: -0.63 2 = FOG REDUCING VISIBILITY
HIGHEST: 83 ON 31,30 GRTST 24HR 1.39 ON 18-19 TO 1/4 MILE OR LESS
LOWEST: 35 ON 23 3 = THUNDER
SNOW, ICE PELLETS, HAIL 4 = ICE PELLETS
TOTAL MONTH: 0.0 INCH 5 = HAIL
GRTST 24HR 0.0 6 = FREEZING RAIN OR DRIZZLE
GRTST DEPTH: 0 7 = DUSTSTORM OR SANDSTORM:
VSBY 1/2 MILE OR LESS
8 = SMOKE OR HAZE
[NO. OF DAYS WITH] [WEATHER - DAYS WITH] 9 = BLOWING SNOW
X = TORNADO
MAX 32 OR BELOW: 0 0.01 INCH OR MORE: 11
MAX 90 OR ABOVE: 0 0.10 INCH OR MORE: 8
MIN 32 OR BELOW: 0 0.50 INCH OR MORE: 3
MIN 0 OR BELOW: 0 1.00 INCH OR MORE: 2
[HDD (BASE 65) ]
TOTAL THIS MO. 171 CLEAR (SCALE 0-3) 11
DPTR FM NORMAL -213 PTCLDY (SCALE 4-7) 16
TOTAL FM JUL 1 448 CLOUDY (SCALE 8-10) 4
DPTR FM NORMAL -199
[CDD (BASE 65) ]
TOTAL THIS MO. 71
DPTR FM NORMAL 56 [PRESSURE DATA]
TOTAL FM JAN 1 2564 HIGHEST SLP 30.45 ON 14
DPTR FM NORMAL -122 LOWEST SLP 29.90 ON 21
[REMARKS]
#FINAL-12-21#