000
CXUS54 KAMA 010810
CF6DHT
PRELIMINARY LOCAL CLIMATOLOGICAL DATA (WS FORM: F-6)
STATION: DALHART
MONTH: NOVEMBER
YEAR: 2022
LATITUDE: 36 1 N
LONGITUDE: 102 33 W
TEMPERATURE IN F: :PCPN: SNOW: WIND :SUNSHINE: SKY :PK WND
================================================================================
1 2 3 4 5 6A 6B 7 8 9 10 11 12 13 14 15 16 17 18
12Z AVG MX 2MIN
DY MAX MIN AVG DEP HDD CDD WTR SNW DPTH SPD SPD DIR MIN PSBL S-S WX SPD DR
================================================================================
1 75 38 57 6 8 0 0.00 M M 13.8 26 210 M M 0 35 190
2 76 44 60 10 5 0 0.00 M M 17.8 31 200 M M 0 42 200
3 74 44 59 9 6 0 0.00 M M 17.6 31 210 M M 0 40 200
4 43 26 35 -15 30 0 0.07 M M 13.1 26 360 M M 5 12 33 360
5 64 23 44 -5 21 0 0.00 M M 8.6 23 200 M M 0 29 200
6 63 36 50 1 15 0 0.00 M M 11.7 24 30 M M 0 30 20
7 60 33 47 -1 18 0 0.00 M M 8.1 18 160 M M 4 1 24 160
8 75 54 65 17 0 0 0.00 M M 19.7 32 200 M M 8 1 43 180
9 76 58 67 19 0 2 0.00 M M 21.8 35 200 M M 5 47 190
10 59 36 48 1 17 0 0.00 M M 14.0 24 30 M M 0 31 30
11 41 20 31 -16 34 0 0.00 M M 13.3 26 30 M M 4 37 30
12 53 14 34 -13 31 0 0.00 M M 8.0 20 220 M M 0 25 210
13 59 23 41 -5 24 0 0.00 M M 16.6 29 210 M M 0 36 210
14 36 18 27 -19 38 0 0.01 M M 17.0 38 10 M M 6 128 49 350
15 36 20 28 -17 37 0 0.00 M M 6.4 17 40 M M 6 25 120
16 47 23 35 -10 30 0 0.00 M M 5.8 13 360 M M 4 18 360
17 47 18 33 -12 32 0 0.00 M M 13.3 28 40 M M 2 1 36 40
18 26 18 22 -22 43 0 0.00 M M 10.0 21 50 M M 10 26 50
19 43 17 30 -14 35 0 0.00 M M 8.9 17 20 M M 2 28 40
20 53 14 34 -9 31 0 0.00 M M 10.7 25 210 M M 0 31 220
21 58 20 39 -4 26 0 0.00 M M 5.9 13 300 M M 0 16 300
22 62 17 40 -3 25 0 0.00 M M 5.6 15 220 M M 0 19 240
23 62 21 42 0 23 0 0.00 M M 11.7 31 360 M M 0 45 360
24 44 35 40 -2 25 0 T M M 29.0 43 20 M M 5 60 360
25 50 27 39 -2 26 0 0.00 M M 9.2 18 30 M M 2 26 20
26 55 32 44 3 21 0 0.00 M M 6.8 18 330 M M 4 25 340
27 44 21 33 -8 32 0 0.00 M M 11.0 28 360 M M 3 42 360
28 65 19 42 2 23 0 0.00 M M 14.2 32 230 M M 0 43 230
29 43 10 27 -13 38 0 0.00 M M 14.5 29 10 M M 1 35 20
30 45 8 27 -13 38 0 0.00 0.0 M 12.6 26 190 M M 0 32 190
================================================================================
SM 1634 787 732 2 0.08 0.0 376.7 M 71
================================================================================
AV 54.5 26.2 12.6 FASTST M M 2 MAX(MPH)
MISC ----> 43 20 60 360
================================================================================
NOTES:
# LAST OF SEVERAL OCCURRENCES
COLUMN 17 PEAK WIND IN M.P.H.
PRELIMINARY LOCAL CLIMATOLOGICAL DATA (WS FORM: F-6) , PAGE 2
STATION: DALHART
MONTH: NOVEMBER
YEAR: 2022
LATITUDE: 36 1 N
LONGITUDE: 102 33 W
[TEMPERATURE DATA] [PRECIPITATION DATA] SYMBOLS USED IN COLUMN 16
AVERAGE MONTHLY: 40.4 TOTAL FOR MONTH: 0.08 1 = FOG OR MIST
DPTR FM NORMAL: -4.7 DPTR FM NORMAL: -0.45 2 = FOG REDUCING VISIBILITY
HIGHEST: 76 ON 9, 2 GRTST 24HR 0.07 ON 4- 4 TO 1/4 MILE OR LESS
LOWEST: 8 ON 30 3 = THUNDER
SNOW, ICE PELLETS, HAIL 4 = ICE PELLETS
TOTAL MONTH: 0.0 INCH 5 = HAIL
GRTST 24HR 0.0 6 = FREEZING RAIN OR DRIZZLE
GRTST DEPTH: M ON M 7 = DUSTSTORM OR SANDSTORM:
VSBY 1/2 MILE OR LESS
8 = SMOKE OR HAZE
[NO. OF DAYS WITH] [WEATHER - DAYS WITH] 9 = BLOWING SNOW
X = TORNADO
MAX 32 OR BELOW: 1 0.01 INCH OR MORE: 2
MAX 90 OR ABOVE: 0 0.10 INCH OR MORE: 0
MIN 32 OR BELOW: 21 0.50 INCH OR MORE: 0
MIN 0 OR BELOW: 0 1.00 INCH OR MORE: 0
[HDD (BASE 65) ]
TOTAL THIS MO. 732 CLEAR (SCALE 0-3) 19
DPTR FM NORMAL 136 PTCLDY (SCALE 4-7) 10
TOTAL FM JUL 1 981 CLOUDY (SCALE 8-10) 1
DPTR FM NORMAL 81
[CDD (BASE 65) ]
TOTAL THIS MO. 2
DPTR FM NORMAL 1 [PRESSURE DATA]
TOTAL FM JAN 1 1646 HIGHEST SLP M ON M
DPTR FM NORMAL 242 LOWEST SLP 29.43 ON 29
[REMARKS]
#FINAL-11-22#