000
CXUS56 KTFX 161542
CF6DLN
PRELIMINARY LOCAL CLIMATOLOGICAL DATA (WS FORM: F-6)
STATION: DILLON AIRPORT MT
MONTH: JANUARY
YEAR: 2024
LATITUDE: 45 15 N
LONGITUDE: 112 33 W
TEMPERATURE IN F: :PCPN: SNOW: WIND :SUNSHINE: SKY :PK WND
================================================================================
1 2 3 4 5 6A 6B 7 8 9 10 11 12 13 14 15 16 17 18
12Z AVG MX 2MIN
DY MAX MIN AVG DEP HDD CDD WTR SNW DPTH SPD SPD DIR MIN PSBL S-S WX SPD DR
================================================================================
1 37 13 25 4 40 0 0.00 M M 7.2 15 200 M M 0 19 210
2 37 10 24 3 41 0 0.00 M M 5.8 14 230 M M 0 16 240
3 34 13 24 3 41 0 0.00 M M 6.3 13 190 M M 4 16 180
4 35 21 28 7 37 0 0.00 M M 4.8 13 200 M M 9 16 210
5 37 16 27 5 38 0 0.00 M M 9.5 17 260 M M 3 23 260
6 31 16 24 2 41 0 T M M 11.1 22 170 M M 4 1 32 180
7 25 8 17 -5 48 0 M M M 3.7 10 50 M M 10 1 14 60
8 22 -4 9 -13 56 0 0.00 M M 9.0 20 210 M M 3 12 26 200
9 33 16 25 3 40 0 0.10 M 1 14.0 33 200 M M 6 128 48 190
10 24 10 17 -5 48 0 T M 2 8.5 21 230 M M 5 18 30 240
11 25 -11 7 -15 58 0 T M 2 12.9 28 220 M M 4 1 36 220
12 -11 -33 -22 -44 87 0 0.01 M 3 11.3 23 60 M M 7 18 31 50
13 -17 -41 -29 -51 94 0 0.00 M M 3.7 9 190 M M 1 18 10 210
14 -1 -27 -14 -36 79 0 T M M 6.2 23 50 M M 6 1 31 40
15 -6 -28 -17 -39 82 0 T M M 4.6 22 60 M M 2 1 28 50
16 19 -14 3 -20 62 0 0.00 M M 4.2 17 220 M M 3 23 200
17 35 15 25 2 40 0 0.00 M M 10.2 26 220 M M 7 35 210
18 35 -3 16 -7 49 0 0.00 M M 9.8 24 230 M M 3 1 40 240
19 22 0 11 -12 54 0 T M M 0.6 6 150 M M 10 6 10
20 42 19 31 8 34 0 0.00 M M 4.9 13 200 M M 7 17 200
21 43 26 35 12 30 0 0.00 M M 5.6 12 210 M M 6 17 220
22 41 20 31 8 34 0 0.00 M M 4.6 10 200 M M 3 11 170
23 43 26 35 12 30 0 0.00 M M 7.1 13 170 M M 8 16 220
24 42 24 33 10 32 0 0.00 M M 8.0 14 220 M M 4 19 210
25 41 25 33 10 32 0 T M M 6.5 13 300 M M 7 16 210
26 37 16 27 4 38 0 0.00 M M 8.1 13 220 M M 1 17 180
27 42 22 32 9 33 0 0.00 M M 10.1 17 220 M M 6 22 230
28 48 29 39 16 26 0 0.00 M M 11.9 20 230 M M 6 25 220
29 49 29 39 16 26 0 0.00 M M 10.0 22 220 M M 0 29 220
30 51 27 39 16 26 0 0.00 M M 9.5 16 170 M M 0 21 200
31 54 27 41 18 24 0 0.00 M M 7.4 21 140 M M 0 31 140
================================================================================
SM 949 267 1400 0 0.11 M 237.1 M 135
================================================================================
AV 30.6 8.6 7.6 FASTST M M 4 MAX(MPH)
MISC ----> 33 200 48 190
================================================================================
NOTES:
# LAST OF SEVERAL OCCURRENCES
COLUMN 17 PEAK WIND IN M.P.H.
PRELIMINARY LOCAL CLIMATOLOGICAL DATA (WS FORM: F-6) , PAGE 2
STATION: DILLON AIRPORT MT
MONTH: JANUARY
YEAR: 2024
LATITUDE: 45 15 N
LONGITUDE: 112 33 W
[TEMPERATURE DATA] [PRECIPITATION DATA] SYMBOLS USED IN COLUMN 16
AVERAGE MONTHLY: 19.6 TOTAL FOR MONTH: 0.11 1 = FOG OR MIST
DPTR FM NORMAL: -2.7 DPTR FM NORMAL: -0.09 2 = FOG REDUCING VISIBILITY
HIGHEST: 54 ON 31 GRTST 24HR 0.10 ON 9- 9 TO 1/4 MILE OR LESS
LOWEST: -41 ON 13 3 = THUNDER
SNOW, ICE PELLETS, HAIL 4 = ICE PELLETS
TOTAL MONTH: M 5 = HAIL
GRTST 24HR M ON M 6 = FREEZING RAIN OR DRIZZLE
GRTST DEPTH: 3 ON 12 7 = DUSTSTORM OR SANDSTORM:
VSBY 1/2 MILE OR LESS
8 = SMOKE OR HAZE
[NO. OF DAYS WITH] [WEATHER - DAYS WITH] 9 = BLOWING SNOW
X = TORNADO
MAX 32 OR BELOW: 11 0.01 INCH OR MORE: 2
MAX 90 OR ABOVE: 0 0.10 INCH OR MORE: 1
MIN 32 OR BELOW: 31 0.50 INCH OR MORE: 0
MIN 0 OR BELOW: 9 1.00 INCH OR MORE: 0
[HDD (BASE 65) ]
TOTAL THIS MO. 1400 CLEAR (SCALE 0-3) 12
DPTR FM NORMAL 76 PTCLDY (SCALE 4-7) 16
TOTAL FM JUL 1 4465 CLOUDY (SCALE 8-10) 3
DPTR FM NORMAL -450
[CDD (BASE 65) ]
TOTAL THIS MO. 0
DPTR FM NORMAL 0 [PRESSURE DATA]
TOTAL FM JAN 1 0 HIGHEST SLP 30.81 ON 15
DPTR FM NORMAL 0 LOWEST SLP 29.44 ON 10
[REMARKS]
#FINAL-01-24#