000
CXUS55 KVEF 011010
CF6DRA
PRELIMINARY LOCAL CLIMATOLOGICAL DATA (WS FORM: F-6)
STATION: DESERT ROCK-MERCURY NV
MONTH: FEBRUARY
YEAR: 2023
LATITUDE: 36 37 N
LONGITUDE: 116 1 W
TEMPERATURE IN F: :PCPN: SNOW: WIND :SUNSHINE: SKY :PK WND
================================================================================
1 2 3 4 5 6A 6B 7 8 9 10 11 12 13 14 15 16 17 18
12Z AVG MX 2MIN
DY MAX MIN AVG DEP HDD CDD WTR SNW DPTH SPD SPD DIR MIN PSBL S-S WX SPD DR
================================================================================
1 57 32 45 -1 20 0 0.00 0.0 0 13.2 18 30 M M 0 30 80
2 57 31 44 -2 21 0 0.00 0.0 0 6.5 15 130 M M 0 M M
3 60 35 48 2 17 0 0.00 0.0 0 7.0 16 120 M M 0 23 120
4 61 30 46 0 19 0 0.00 0.0 0 3.8 8 110 M M 0 M M
5 61 41 51 5 14 0 0.00 0.0 0 15.9 29 180 M M 5 47 190
6 57 32 45 -1 20 0 0.00 0.0 0 11.6 23 20 M M 1 38 30
7 57 35 46 -1 19 0 0.00 0.0 0 12.0 17 30 M M 0 18 40
8 64 33 49 2 16 0 0.00 0.0 0 4.5 9 210 M M 0 M M
9 57 39 48 1 17 0 0.00 0.0 0 14.2 21 100 M M 0 31 110
10 58 33 46 -1 19 0 0.00 0.0 0 9.4 18 120 M M 0 27 110
11 62 33 48 1 17 0 0.00 0.0 0 8.7 18 100 M M 1 32 90
12 60 40 50 3 15 0 0.00 0.0 0 11.7 20 30 M M 0 24 60
13 61 41 51 4 14 0 0.00 0.0 0 11.8 17 230 M M 0 31 180
14 49 28 39 -9 26 0 0.04 T T 11.1 31 340 M M 2 1 47 340
15 50 21 36 -12 29 0 0.00 0.0 0 10.5 28 20 M M 1 43 350
16 49 28 39 -9 26 0 0.00 0.0 0 10.0 16 40 M M 0 24 120
17 51 31 41 -7 24 0 0.00 0.0 0 10.6 18 120 M M 0 27 130
18 58 27 43 -5 22 0 0.00 0.0 0 M 14 120 M M M 19 140
19 64 30 47 -1 18 0 0.00 0.0 0 M 15 20 M M M 22 130
20 65 32 49 0 16 0 0.00 0.0 0 M 13 200 M M M 19 220
21 65 32 49 0 16 0 0.01 0.0 0 22.4 31 210 M M 3 8 52 210
22 44 27 36 -13 29 0 0.11 0.5 0 11.4 24 300 M M 7 37 310
23 44 28 36 -13 29 0 T T 0 21.0 30 200 M M 1 53 200
24 47 33 40 -10 25 0 0.00 0.0 0 12.0 24 100 M M 8 36 200
25 51 27 39 -11 26 0 0.29 M M 14.9 27 90 M M 9 1 52 90
26 46 31 39 -11 26 0 T 0.0 0 11.1 17 220 M M 8 1 27 220
27 51 31 41 -9 24 0 0.00 0.0 0 14.9 28 200 M M 4 47 200
28 50 35 43 -7 22 0 0.00 0.0 0 12.0 25 190 M M 4 46 200
================================================================================
SM 1556 896 586 0 0.45 0.5 292.2 M 54
================================================================================
AV 55.6 32.0 11.7 FASTST M M 2 MAX(MPH)
MISC ----> # 31 340 53 200
================================================================================
NOTES:
# LAST OF SEVERAL OCCURRENCES
COLUMN 17 PEAK WIND IN M.P.H.
PRELIMINARY LOCAL CLIMATOLOGICAL DATA (WS FORM: F-6) , PAGE 2
STATION: DESERT ROCK-MERCURY NV
MONTH: FEBRUARY
YEAR: 2023
LATITUDE: 36 37 N
LONGITUDE: 116 1 W
[TEMPERATURE DATA] [PRECIPITATION DATA] SYMBOLS USED IN COLUMN 16
AVERAGE MONTHLY: 43.8 TOTAL FOR MONTH: 0.45 1 = FOG OR MIST
DPTR FM NORMAL: -4.1 DPTR FM NORMAL: -0.49 2 = FOG REDUCING VISIBILITY
HIGHEST: 65 ON 21,20 GRTST 24HR 0.29 ON 25-25 TO 1/4 MILE OR LESS
LOWEST: 21 ON 15 3 = THUNDER
SNOW, ICE PELLETS, HAIL 4 = ICE PELLETS
TOTAL MONTH: 0.5 INCH 5 = HAIL
GRTST 24HR 0.5 ON 22-22 6 = FREEZING RAIN OR DRIZZLE
GRTST DEPTH: T 7 = DUSTSTORM OR SANDSTORM:
VSBY 1/2 MILE OR LESS
8 = SMOKE OR HAZE
[NO. OF DAYS WITH] [WEATHER - DAYS WITH] 9 = BLOWING SNOW
X = TORNADO
MAX 32 OR BELOW: 0 0.01 INCH OR MORE: 4
MAX 90 OR ABOVE: 0 0.10 INCH OR MORE: 2
MIN 32 OR BELOW: 17 0.50 INCH OR MORE: 0
MIN 0 OR BELOW: 0 1.00 INCH OR MORE: 0
[HDD (BASE 65) ]
TOTAL THIS MO. 586 CLEAR (SCALE 0-3) 17
DPTR FM NORMAL 106 PTCLDY (SCALE 4-7) 7
TOTAL FM JUL 1 2539 CLOUDY (SCALE 8-10) 4
DPTR FM NORMAL 259
[CDD (BASE 65) ]
TOTAL THIS MO. 0
DPTR FM NORMAL 0 [PRESSURE DATA]
TOTAL FM JAN 1 0 HIGHEST SLP M ON M
DPTR FM NORMAL 0 LOWEST SLP M ON M
[REMARKS]
#FINAL-02-23#