000
CXUS55 KGJT 010910
CF6DRO
PRELIMINARY LOCAL CLIMATOLOGICAL DATA (WS FORM: F-6)
STATION: DURANGO AIRPORT CO
MONTH: AUGUST
YEAR: 2021
LATITUDE: 37 9 N
LONGITUDE: 107 45 W
TEMPERATURE IN F: :PCPN: SNOW: WIND :SUNSHINE: SKY :PK WND
================================================================================
1 2 3 4 5 6A 6B 7 8 9 10 11 12 13 14 15 16 17 18
12Z AVG MX 2MIN
DY MAX MIN AVG DEP HDD CDD WTR SNW DPTH SPD SPD DIR MIN PSBL S-S WX SPD DR
================================================================================
1 81 56 69 -1 0 4 0.03 M M 4.5 16 350 M M 5 3 21 350
2 83 57 70 0 0 5 0.02 M M 7.4 23 290 M M 4 30 290
3 81 52 67 -3 0 2 0.07 M M 4.3 30 280 M M 1 3 41 280
4 87 50 69 -1 0 4 0.00 M M 5.0 15 220 M M 0 22 180
5 87 53 70 1 0 5 0.00 M M 5.0 16 10 M M 0 22 360
6 89 50 70 1 0 5 0.00 M M 6.4 23 260 M M 1 33 260
7 83 49 66 -3 0 1 0.00 M M 8.9 28 260 M M 1 8 41 260
8 88 43 66 -3 0 1 0.00 M M 6.5 22 270 M M 0 8 30 280
9 90 46 68 -1 0 3 0.00 M M 6.9 22 260 M M 0 8 32 260
10 90 50 70 1 0 5 0.00 M M 5.6 23 230 M M 0 29 230
11 87 54 71 3 0 6 0.00 M M 5.9 29 320 M M 0 36 330
12 88 59 74 6 0 9 0.00 M M 4.7 25 360 M M 1 34 360
13 87 53 70 2 0 5 0.07 M M 4.8 26 50 M M 1 3 37 50
14 85 52 69 1 0 4 0.06 M M 7.6 24 70 M M 1 3 31 70
15 86 53 70 2 0 5 T M M 6.5 16 210 M M 1 3 23 180
16 78 53 66 -2 0 1 0.10 M M 7.1 26 340 M M 2 13 36 340
17 84 46 65 -3 0 0 0.00 M M 3.6 13 250 M M 0 17 250
18 83 50 67 0 0 2 0.23 M M 6.2 28 230 M M 4 13 37 230
19 77 53 65 -2 0 0 0.02 M M 5.5 22 210 M M 6 3 36 220
20 77 50 64 -3 1 0 0.01 M M 9.7 28 250 M M 3 39 250
21 83 42 63 -4 2 0 T M M 3.8 18 220 M M 2 26 230
22 84 47 66 0 0 1 T M M 5.2 18 260 M M 1 3 25 260
23 85 51 68 2 0 3 0.01 M M 5.5 20 270 M M 3 3 29 260
24 86 46 66 0 0 1 0.00 M M 6.3 22 260 M M 0 30 220
25 88 43 66 0 0 1 0.00 M M 5.9 18 190 M M 0 25 230
26 89 52 71 5 0 6 0.01 M M 6.3 26 270 M M 2 3 37 300
27 88 56 72 7 0 7 T M M 5.3 23 270 M M 2 3 34 300
28 91 51 71 6 0 6 0.00 M M 7.1 25 250 M M 0 37 250
29 91 51 71 6 0 6 0.00 M M 7.4 26 140 M M 0 35 140
30 88 50 69 4 0 4 0.00 M M 5.3 17 250 M M 0 24 270
31 90 51 71 7 0 6 T M M 4.7 18 220 M M 2 30 230
================================================================================
SM 2654 1569 3 108 0.63 M 184.9 M 43
================================================================================
AV 85.6 50.6 6.0 FASTST M M 1 MAX(MPH)
MISC ----> 30 280 # 41 280
================================================================================
NOTES:
# LAST OF SEVERAL OCCURRENCES
COLUMN 17 PEAK WIND IN M.P.H.
PRELIMINARY LOCAL CLIMATOLOGICAL DATA (WS FORM: F-6) , PAGE 2
STATION: DURANGO AIRPORT CO
MONTH: AUGUST
YEAR: 2021
LATITUDE: 37 9 N
LONGITUDE: 107 45 W
[TEMPERATURE DATA] [PRECIPITATION DATA] SYMBOLS USED IN COLUMN 16
AVERAGE MONTHLY: 68.1 TOTAL FOR MONTH: 0.63 1 = FOG OR MIST
DPTR FM NORMAL: 0.6 DPTR FM NORMAL: -0.74 2 = FOG REDUCING VISIBILITY
HIGHEST: 91 ON 29,28 GRTST 24HR 0.24 ON 18-19 TO 1/4 MILE OR LESS
LOWEST: 42 ON 21 3 = THUNDER
SNOW, ICE PELLETS, HAIL 4 = ICE PELLETS
TOTAL MONTH: M 5 = HAIL
GRTST 24HR M ON M 6 = FREEZING RAIN OR DRIZZLE
GRTST DEPTH: M ON M 7 = DUSTSTORM OR SANDSTORM:
VSBY 1/2 MILE OR LESS
8 = SMOKE OR HAZE
[NO. OF DAYS WITH] [WEATHER - DAYS WITH] 9 = BLOWING SNOW
X = TORNADO
MAX 32 OR BELOW: 0 0.01 INCH OR MORE: 11
MAX 90 OR ABOVE: 5 0.10 INCH OR MORE: 2
MIN 32 OR BELOW: 0 0.50 INCH OR MORE: 0
MIN 0 OR BELOW: 0 1.00 INCH OR MORE: 0
[HDD (BASE 65) ]
TOTAL THIS MO. 3 CLEAR (SCALE 0-3) 27
DPTR FM NORMAL -15 PTCLDY (SCALE 4-7) 4
TOTAL FM JUL 1 3 CLOUDY (SCALE 8-10) 0
DPTR FM NORMAL -19
[CDD (BASE 65) ]
TOTAL THIS MO. 108
DPTR FM NORMAL 12 [PRESSURE DATA]
TOTAL FM JAN 1 425 HIGHEST SLP M ON M
DPTR FM NORMAL 145 LOWEST SLP 29.68 ON 31
[REMARKS]
#FINAL-08-21#