000
CXUS54 KFWD 010730
CF6DTO
PRELIMINARY LOCAL CLIMATOLOGICAL DATA (WS FORM: F-6)
STATION: DENTON
MONTH: JULY
YEAR: 2021
LATITUDE: 33 12 N
LONGITUDE: 97 12 W
TEMPERATURE IN F: :PCPN: SNOW: WIND :SUNSHINE: SKY :PK WND
================================================================================
1 2 3 4 5 6A 6B 7 8 9 10 11 12 13 14 15 16 17 18
12Z AVG MX 2MIN
DY MAX MIN AVG DEP HDD CDD WTR SNW DPTH SPD SPD DIR MIN PSBL S-S WX SPD DR
================================================================================
1 96 72 84 1 0 19 T M M 4.6 30 20 M M 3 3 42 10
2 87 73 80 -3 0 15 M M M 5.3 18 80 M M 6 13 24 60
3 83 75 79 -4 0 14 0.00 M M 7.2 16 80 M M 8 23 80
4 89 75 82 -1 0 17 0.00 M M 5.7 14 140 M M 7 19 110
5 91 74 83 0 0 18 0.00 M M 7.8 16 170 M M 6 21 130
6 93 70 82 -1 0 17 0.09 M M 4.2 20 90 M M 2 3 24 90
7 94 71 83 -1 0 18 T M M 2.8 16 120 M M 2 1 23 110
8 94 72 83 -1 0 18 0.00 M M 5.1 14 170 M M 0 19 180
9 90 74 82 -2 0 17 0.00 M M 11.1 29 150 M M 4 38 180
10 93 75 84 0 0 19 0.00 M M 11.4 25 200 M M 6 32 210
11 92 69 81 -3 0 16 0.55 M M 6.8 28 360 M M 2 13 37 350
12 91 68 80 -4 0 15 0.00 M M 4.7 20 200 M M 2 28 200
13 94 69 82 -2 0 17 0.00 M M 8.7 17 180 M M 0 26 190
14 93 68 81 -3 0 16 0.00 M M 11.9 25 180 M M 1 33 170
15 93 73 83 -1 0 18 0.00 M M 13.0 22 170 M M 1 29 150
16 95 76 86 1 0 21 0.00 M M 10.5 18 180 M M 2 27 220
17 93 77 85 0 0 20 0.00 M M 9.6 17 160 M M 1 26 190
18 95 76 86 1 0 21 T M M 5.9 15 200 M M 4 26 170
19 86 72 79 -6 0 14 0.59 M M 5.5 20 20 M M 4 1 27 130
20 89 70 80 -5 0 15 0.00 M M 7.1 17 30 M M 1 23 20
21 90 67 79 -6 0 14 0.00 M M 3.4 12 30 M M 1 1 16 30
22 93 67 80 -5 0 15 0.00 M M 5.6 14 170 M M 1 18 20 170
23 90 72 81 -4 0 16 M M M 8.5 13 210 M M 4 22 230
24 98 76 87 2 0 22 0.00 M M 9.4 16 160 M M 0 23 210
25 99 73 86 1 0 21 0.00 M M 6.9 16 170 M M 0 18 170
26 100 75 88 2 0 23 0.00 M M 5.2 12 140 M M 0 15 160
27 101 76 89 3 0 24 0.00 M M 5.6 20 90 M M 1 38 30 100
28 98 74 86 0 0 21 0.00 M M 4.1 14 220 M M 1 19 210
29 98 73 86 0 0 21 0.00 M M 3.9 13 120 M M 0 16 110
30 99 74 87 1 0 22 0.00 M M 4.3 12 150 M M 1 16 150
31 100 75 88 2 0 23 0.00 M M 5.7 13 180 M M 0 20 160
================================================================================
SM 2897 2251 0 567 1.23 M 211.5 M 71
================================================================================
AV 93.5 72.6 6.8 FASTST M M 2 MAX(MPH)
MISC ----> 30 20 42 10
================================================================================
NOTES:
# LAST OF SEVERAL OCCURRENCES
COLUMN 17 PEAK WIND IN M.P.H.
PRELIMINARY LOCAL CLIMATOLOGICAL DATA (WS FORM: F-6) , PAGE 2
STATION: DENTON
MONTH: JULY
YEAR: 2021
LATITUDE: 33 12 N
LONGITUDE: 97 12 W
[TEMPERATURE DATA] [PRECIPITATION DATA] SYMBOLS USED IN COLUMN 16
AVERAGE MONTHLY: 83.0 TOTAL FOR MONTH: 1.23 1 = FOG OR MIST
DPTR FM NORMAL: -1.4 DPTR FM NORMAL: -0.54 2 = FOG REDUCING VISIBILITY
HIGHEST: 101 ON 27 GRTST 24HR 0.59 ON 19-19 TO 1/4 MILE OR LESS
LOWEST: 67 ON 22,21 3 = THUNDER
SNOW, ICE PELLETS, HAIL 4 = ICE PELLETS
TOTAL MONTH: M 5 = HAIL
GRTST 24HR M ON M 6 = FREEZING RAIN OR DRIZZLE
GRTST DEPTH: M ON M 7 = DUSTSTORM OR SANDSTORM:
VSBY 1/2 MILE OR LESS
8 = SMOKE OR HAZE
[NO. OF DAYS WITH] [WEATHER - DAYS WITH] 9 = BLOWING SNOW
X = TORNADO
MAX 32 OR BELOW: 0 0.01 INCH OR MORE: 3
MAX 90 OR ABOVE: 26 0.10 INCH OR MORE: 2
MIN 32 OR BELOW: 0 0.50 INCH OR MORE: 2
MIN 0 OR BELOW: 0 1.00 INCH OR MORE: 0
[HDD (BASE 65) ]
TOTAL THIS MO. 0 CLEAR (SCALE 0-3) 22
DPTR FM NORMAL 0 PTCLDY (SCALE 4-7) 8
TOTAL FM JUL 1 0 CLOUDY (SCALE 8-10) 1
DPTR FM NORMAL 0
[CDD (BASE 65) ]
TOTAL THIS MO. 567
DPTR FM NORMAL -36 [PRESSURE DATA]
TOTAL FM JAN 1 1250 HIGHEST SLP M ON M
DPTR FM NORMAL -158 LOWEST SLP 29.83 ON 7
[REMARKS]
#FINAL-07-21#