000
CXUS51 KPBZ 010830
CF6DUJ
PRELIMINARY LOCAL CLIMATOLOGICAL DATA (WS FORM: F-6)
STATION: DUBOIS PA
MONTH: JANUARY
YEAR: 2024
LATITUDE: 41 10 N
LONGITUDE: 78 54 W
TEMPERATURE IN F: :PCPN: SNOW: WIND :SUNSHINE: SKY :PK WND
================================================================================
1 2 3 4 5 6A 6B 7 8 9 10 11 12 13 14 15 16 17 18
12Z AVG MX 2MIN
DY MAX MIN AVG DEP HDD CDD WTR SNW DPTH SPD SPD DIR MIN PSBL S-S WX SPD DR
================================================================================
1 35 29 32 6 33 0 0.05 M M 5.3 14 320 M M 10 12 20 320
2 31 29 30 4 35 0 0.00 M M 11.6 20 260 M M 10 26 270
3 33 30 32 6 33 0 0.00 M M 8.2 17 260 M M 10 18 25 230
4 32 22 27 1 38 0 T M M 9.1 20 330 M M 9 1 30 320
5 31 20 26 0 39 0 0.00 M M 5.1 12 240 M M 5 16 280
6 31 21 26 1 39 0 0.16 M M 9.7 20 120 M M 7 12 29 120
7 34 31 33 8 32 0 0.04 M M 9.7 17 270 M M 10 168 23 280
8 36 31 34 9 31 0 0.01 M M 6.3 15 300 M M 8 18 21 310
9 47 32 40 15 25 0 0.94 M M 15.5 30 220 M M 8 12 45 110
10 41 32 37 12 28 0 0.01 M M 19.9 35 240 M M 10 18 52 260
11 38 32 35 10 30 0 T M M 11.1 22 240 M M 10 31 250
12 40 25 33 9 32 0 0.30 M M 11.1 26 130 M M 3 12 49 120
13 41 24 33 9 32 0 0.09 M M 20.2 35 250 M M 9 1 51 230
14 25 5 15 -9 50 0 0.01 M M 15.4 35 250 M M 6 8 47 250
15 19 1 10 -14 55 0 0.00 M M 3.3 14 250 M M 3 20 240
16 17 6 12 -12 53 0 0.04 M M 7.6 18 260 M M 9 25 270
17 17 1 9 -15 56 0 0.00 M M 14.1 26 230 M M 3 36 260
18 26 15 21 -3 44 0 T M M 7.9 18 240 M M 8 8 26 220
19 26 14 20 -4 45 0 0.08 M M 6.4 15 300 M M 10 18 21 310
20 18 9 14 -10 51 0 T M M 13.0 24 290 M M 9 8 39 290
21 24 11 18 -6 47 0 T M M 9.9 17 270 M M 8 8 26 260
22 35 7 21 -3 44 0 0.00 M M 7.0 18 230 M M 4 27 230
23 39 33 36 12 29 0 T M M 4.9 20 260 M M 10 18 27 260
24 52 37 45 21 20 0 0.57 M M 5.6 12 130 M M 10 12 16 130
25 55 49 52 28 13 0 0.50 M M 4.2 10 100 M M 10 12 15 110
26 62 40 51 27 14 0 0.12 M M 12.5 30 250 M M 10 128 42 250
27 48 39 44 20 21 0 0.11 M M 4.7 12 230 M M 10 12 15 250
28 43 34 39 15 26 0 1.01 M M 9.5 17 340 M M 10 1 29 100
29 34 31 33 9 32 0 0.01 M M 9.1 18 340 M M 10 18 28 350
30 36 31 34 10 31 0 0.00 M M 6.9 12 170 M M 10 1 17 150
31 43 26 35 11 30 0 0.00 M M 6.4 15 250 M M 4 18 21 250
================================================================================
SM 1089 747 1088 0 4.05 M 291.2 M 253
================================================================================
AV 35.1 24.1 9.4 FASTST M M 8 MAX(MPH)
MISC ----> # 35 240 52 260
================================================================================
NOTES:
# LAST OF SEVERAL OCCURRENCES
COLUMN 17 PEAK WIND IN M.P.H.
PRELIMINARY LOCAL CLIMATOLOGICAL DATA (WS FORM: F-6) , PAGE 2
STATION: DUBOIS PA
MONTH: JANUARY
YEAR: 2024
LATITUDE: 41 10 N
LONGITUDE: 78 54 W
[TEMPERATURE DATA] [PRECIPITATION DATA] SYMBOLS USED IN COLUMN 16
AVERAGE MONTHLY: 29.6 TOTAL FOR MONTH: 4.05 1 = FOG OR MIST
DPTR FM NORMAL: 5.1 DPTR FM NORMAL: 1.12 2 = FOG REDUCING VISIBILITY
HIGHEST: 62 ON 26 GRTST 24HR 1.28 ON 27-28 TO 1/4 MILE OR LESS
LOWEST: 1 ON 17,15 3 = THUNDER
SNOW, ICE PELLETS, HAIL 4 = ICE PELLETS
TOTAL MONTH: M 5 = HAIL
GRTST 24HR M ON M 6 = FREEZING RAIN OR DRIZZLE
GRTST DEPTH: M ON M 7 = DUSTSTORM OR SANDSTORM:
VSBY 1/2 MILE OR LESS
8 = SMOKE OR HAZE
[NO. OF DAYS WITH] [WEATHER - DAYS WITH] 9 = BLOWING SNOW
X = TORNADO
MAX 32 OR BELOW: 12 0.01 INCH OR MORE: 17
MAX 90 OR ABOVE: 0 0.10 INCH OR MORE: 8
MIN 32 OR BELOW: 25 0.50 INCH OR MORE: 4
MIN 0 OR BELOW: 0 1.00 INCH OR MORE: 1
[HDD (BASE 65) ]
TOTAL THIS MO. 1088 CLEAR (SCALE 0-3) 3
DPTR FM NORMAL -169 PTCLDY (SCALE 4-7) 7
TOTAL FM JUL 1 3035 CLOUDY (SCALE 8-10) 21
DPTR FM NORMAL -764
[CDD (BASE 65) ]
TOTAL THIS MO. 0
DPTR FM NORMAL 0 [PRESSURE DATA]
TOTAL FM JAN 1 0 HIGHEST SLP 30.58 ON 21
DPTR FM NORMAL 0 LOWEST SLP 29.01 ON 9
[REMARKS]
#FINAL-01-24#