000
CXUS51 KPBZ 010730
CF6DUJ
PRELIMINARY LOCAL CLIMATOLOGICAL DATA (WS FORM: F-6)
STATION: DUBOIS PA
MONTH: MARCH
YEAR: 2020
LATITUDE: 41 10 N
LONGITUDE: 78 54 W
TEMPERATURE IN F: :PCPN: SNOW: WIND :SUNSHINE: SKY :PK WND
================================================================================
1 2 3 4 5 6A 6B 7 8 9 10 11 12 13 14 15 16 17 18
12Z AVG MX 2MIN
DY MAX MIN AVG DEP HDD CDD WTR SNW DPTH SPD SPD DIR MIN PSBL S-S WX SPD DR
================================================================================
1 39 11 25 -5 40 0 0.00 M M 6.1 13 250 M M 1 16 250
2 55 34 45 15 20 0 0.01 M M 11.2 24 230 M M 9 12 32 230
3 51 36 44 14 21 0 0.58 M M 8.2 29 280 M M 9 1238 45 270
4 44 31 38 7 27 0 0.07 M M 13.1 25 290 M M 6 1 39 300
5 48 24 36 5 29 0 0.00 M M 4.2 12 210 M M 1 12 16 210
6 42 27 35 4 30 0 T M M 9.3 22 310 M M 8 8 30 330
7 42 27 35 3 30 0 0.00 M M 11.1 22 350 M M 4 30 350
8 M 26 M M M M 0.00 M M 9.1 17 250 M M 1 23 240
9 65 44 55 23 10 0 0.00 M M 11.4 23 240 M M 0 31 230
10 58 34 46 13 19 0 0.29 M M 11.7 28 230 M M 10 18 37 240
11 41 29 35 2 30 0 0.00 M M 3.5 12 110 M M 9 15 100
12 62 37 50 17 15 0 0.00 M M 7.6 17 130 M M 8 1 24 140
13 55 36 46 12 19 0 0.07 M M 17.2 33 250 M M 4 1 40 250
14 44 27 36 2 29 0 T M M 6.3 17 290 M M 4 18 26 290
15 50 28 39 5 26 0 T M M 6.9 14 20 M M 4 1 18 10
16 46 24 35 0 30 0 0.01 M M 9.0 16 120 M M 5 1 24 170
17 42 33 38 3 27 0 0.00 M M 8.7 16 300 M M 10 1 21 300
18 52 27 40 5 25 0 0.92 M M 7.3 17 120 M M 3 1 25 130
19 61 42 52 16 13 0 0.50 M M 5.8 17 220 M M 9 1 27 210
20 68 34 51 15 14 0 0.91 M M 16.1 33 270 M M 9 1 43 270
21 40 27 34 -2 31 0 0.00 M M 8.0 16 340 M M 8 20 330
22 43 22 33 -4 32 0 0.02 M M 9.7 17 160 M M 4 1 28 190
23 39 33 36 -1 29 0 0.57 M M 10.3 23 130 M M 10 13 34 130
24 48 33 41 3 24 0 T M M 5.2 14 100 M M 7 1 19 100
25 46 36 41 3 24 0 0.14 M M 7.5 14 100 M M 8 1 18 120
26 64 31 48 10 17 0 0.15 M M 6.9 20 240 M M 2 128 27 240
27 56 46 51 12 14 0 0.08 M M 3.8 10 350 M M 8 18 13 300
28 54 46 50 11 15 0 0.88 M M 9.2 16 120 M M 10 13 23 120
29 75 50 63 23 2 0 0.12 M M 12.7 33 230 M M 7 123 45 240
30 51 38 45 5 20 0 0.01 M M 13.2 25 270 M M 9 18 34 230
31 47 36 42 2 23 0 0.00 M M 4.2 10 120 M M 10 1 14 140
================================================================================
SM 1528 1009 685 0 5.33 M 274.5 M 197
================================================================================
AV 50.9 32.5 8.9 FASTST M M 6 MAX(MPH)
MISC ----> # 33 250 # 45 270
================================================================================
NOTES:
# LAST OF SEVERAL OCCURRENCES
COLUMN 17 PEAK WIND IN M.P.H.
PRELIMINARY LOCAL CLIMATOLOGICAL DATA (WS FORM: F-6) , PAGE 2
STATION: DUBOIS PA
MONTH: MARCH
YEAR: 2020
LATITUDE: 41 10 N
LONGITUDE: 78 54 W
[TEMPERATURE DATA] [PRECIPITATION DATA] SYMBOLS USED IN COLUMN 16
AVERAGE MONTHLY: 41.7 TOTAL FOR MONTH: 5.33 1 = FOG OR MIST
DPTR FM NORMAL: 6.9 DPTR FM NORMAL: 2.02 2 = FOG REDUCING VISIBILITY
HIGHEST: 75 ON 29 GRTST 24HR 1.25 ON 19-20 TO 1/4 MILE OR LESS
LOWEST: 11 ON 1 3 = THUNDER
SNOW, ICE PELLETS, HAIL 4 = ICE PELLETS
TOTAL MONTH: M 5 = HAIL
GRTST 24HR M ON M 6 = FREEZING RAIN OR DRIZZLE
GRTST DEPTH: M ON M 7 = DUSTSTORM OR SANDSTORM:
VSBY 1/2 MILE OR LESS
8 = SMOKE OR HAZE
[NO. OF DAYS WITH] [WEATHER - DAYS WITH] 9 = BLOWING SNOW
X = TORNADO
MAX 32 OR BELOW: 0 0.01 INCH OR MORE: 17
MAX 90 OR ABOVE: 0 0.10 INCH OR MORE: 10
MIN 32 OR BELOW: 14 0.50 INCH OR MORE: 6
MIN 0 OR BELOW: 0 1.00 INCH OR MORE: 0
[HDD (BASE 65) ]
TOTAL THIS MO. 685 CLEAR (SCALE 0-3) 6
DPTR FM NORMAL -250 PTCLDY (SCALE 4-7) 14
TOTAL FM JUL 1 5140 CLOUDY (SCALE 8-10) 11
DPTR FM NORMAL -816
[CDD (BASE 65) ]
TOTAL THIS MO. 0
DPTR FM NORMAL 0 [PRESSURE DATA]
TOTAL FM JAN 1 0 HIGHEST SLP 30.60 ON 22
DPTR FM NORMAL 0 LOWEST SLP 29.38 ON 3
[REMARKS]
#FINAL-03-20#