000
CXUS53 KDVN 011548
CLSDVN
CLIMATE REPORT
NATIONAL WEATHER SERVICE QUAD CITIES IA IL
1000 AM CST THU DEC 01 2022
...................................
...THE DAVENPORT IA CLIMATE SUMMARY FOR THE SEASON, FROM
9/1/2022 TO 11/30/2022...
CLIMATE NORMAL PERIOD 1991 TO 2020
CLIMATE RECORD PERIOD 9999 TO 9999
WEATHER OBSERVED NORMAL DEPART LAST YEAR`S
VALUE DATE(S) VALUE FROM VALUE
NORMAL
..............................................................
TEMPERATURE (F)
HIGHEST 94 09/20 80 14
LOWEST 12 11/20 23 -11
AVG. MAXIMUM 64.0 62.7 1.3
AVG. MINIMUM 40.9 41.6 -0.7
MEAN 52.4 52.1 0.3
DAYS MAX >= 90 1
DAYS MAX <= 32 5
DAYS MIN <= 32 28
DAYS MIN <= 0 0
PRECIPITATION (INCHES)
TOTALS 8.82 8.42 0.40
DAILY AVG. 0.10 0.09 0.01
DAYS >= .01 19
DAYS >= .10 12
DAYS >= .50 5
DAYS >= 1.00 4
GREATEST
24 HR. TOTAL 2.33 11/04 TO 11/05
SNOWFALL (INCHES)
RECORDS
24 HR TOTAL MM
TOTALS 1.6
SINCE 7/1 1.6
SNOWDEPTH AVG. T
DAYS >= TRACE 9
DAYS >= 1.0 1
GREATEST
SNOW DEPTH T
24 HR TOTAL 1.0 11/15 TO 11/15
DEGREE DAYS
HEATING TOTAL 1248 1282 -34
SINCE 7/1 1250 1295 -45
COOLING TOTAL 126 108 18
SINCE 1/1 1013 879 134
..............................................................
WIND (MPH)
AVERAGE WIND SPEED 8.8
HIGHEST WIND SPEED/DIRECTION 35/280 DATE 11/29
HIGHEST GUST SPEED/DIRECTION 49/250 DATE 11/29
SKY COVER
POSSIBLE SUNSHINE (PERCENT) MM
AVERAGE SKY COVER 0.28
NUMBER OF DAYS FAIR 58
NUMBER OF DAYS PC 22
NUMBER OF DAYS CLOUDY 11
AVERAGE RH (PERCENT) 67
WEATHER CONDITIONS. NUMBER OF DAYS WITH
THUNDERSTORM 5 HAIL 1
SLEET 1 FOG 36
FOG W/VIS <= 1/4 MILE 4 HAZE 7
- INDICATES NEGATIVE NUMBERS.
R INDICATES RECORD WAS SET OR TIED.
MM INDICATES DATA IS MISSING.
T INDICATES TRACE AMOUNT.
$$
NOTE: SUPPLEMENTAL CLIMATE DATA WAS USED FROM A NEARBY
CLIMATOLOGICALLY REPRESENTATIVE STATION.