000
CXUS54 KHGX 011510
CF6DWH
PRELIMINARY LOCAL CLIMATOLOGICAL DATA (WS FORM: F-6)
STATION: HOUSTON/D.W._HOOKS
MONTH: DECEMBER
YEAR: 2021
LATITUDE: 30 4 N
LONGITUDE: 95 33 W
TEMPERATURE IN F: :PCPN: SNOW: WIND :SUNSHINE: SKY :PK WND
================================================================================
1 2 3 4 5 6A 6B 7 8 9 10 11 12 13 14 15 16 17 18
12Z AVG MX 2MIN
DY MAX MIN AVG DEP HDD CDD WTR SNW DPTH SPD SPD DIR MIN PSBL S-S WX SPD DR
================================================================================
1 77 48 63 6 2 0 0.00 0.0 0 2.1 12 240 M M 2 12 16 220
2 79 50 65 8 0 0 0.00 0.0 0 2.3 9 220 M M 4 12 16 220
3 82 59 71 14 0 6 0.00 0.0 0 3.8 12 190 M M 6 12 17 210
4 82 60 71 14 0 6 T 0.0 0 3.2 12 200 M M 8 123 16 190
5 81 63 72 16 0 7 0.00 0.0 0 6.2 14 210 M M 8 12 22 180
6 78 58 68 12 0 3 0.02 0.0 0 9.0 21 340 M M 9 33 330
7 66 55 61 5 4 0 0.00 0.0 0 4.4 14 40 M M 10 19 60
8 68 60 64 8 1 0 0.00 0.0 0 4.4 12 120 M M 10 18 16 110
9 84 64 74 18 0 9 0.00 0.0 0 7.7 17 220 M M 8 1 25 220
10 84 75 80 25 0 15 0.00 0.0 0 13.4 25 210 M M 9 38 200
11 77 48 63 8 2 0 0.42 0.0 0 10.8 24 280 M M 6 13 36 320
12 62 39 51 -4 14 0 0.00 0.0 0 4.0 15 70 M M 0 20 80
13 70 46 58 3 7 0 T 0.0 0 4.8 14 130 M M 8 1 21 150
14 82 68 75 20 0 10 T 0.0 0 6.9 14 150 M M 9 1 21 130
15 83 71 77 22 0 12 0.00 0.0 0 8.0 16 180 M M 8 27 190
16 84 68 76 22 0 11 T 0.0 0 6.4 13 190 M M 8 1 20 170
17 82 69 76 22 0 11 0.00 0.0 0 7.5 15 190 M M 7 23 150
18 75 52 64 10 1 0 1.16 0.0 0 7.6 23 350 M M 9 13 34 360
19 59 45 52 -2 13 0 0.01 0.0 0 8.2 16 10 M M 5 25 20
20 57 42 50 -4 15 0 0.08 0.0 0 4.6 10 80 M M 6 1 17 70
21 63 38 51 -3 14 0 0.00 0.0 0 1.0 7 340 M M 0 1 11 280
22 73 42 58 4 7 0 0.00 0.0 0 4.0 12 190 M M 0 18 18 140
23 77 51 64 11 1 0 0.00 0.0 0 6.6 17 190 M M 4 28 190
24 80 60 70 17 0 5 0.00 0.0 0 8.8 21 200 M M 4 29 200
25 80 65 73 20 0 8 0.00 0.0 0 6.6 17 220 M M 7 31 200
26 82 68 75 22 0 10 0.00 0.0 0 6.9 20 200 M M 8 1 31 190
27 81 62 72 19 0 7 0.00 0.0 0 7.3 17 190 M M 8 1 25 180
28 82 71 77 24 0 12 0.01 0.0 0 8.6 18 200 M M 8 27 170
29 83 63 73 20 0 8 0.00 0.0 0 5.2 16 200 M M 6 128 24 200
30 82 58 70 17 0 5 0.00 0.0 0 2.6 10 190 M M 5 128 14 190
31 84 69 77 24 0 12 0.00 0.0 0 8.5 20 190 M M 7 18 28 200
================================================================================
SM 2379 1787 81 157 1.70 0.0 191.4 M 197
================================================================================
AV 76.7 57.6 6.2 FASTST M M 6 MAX(MPH)
MISC ----> 25 210 38 200
================================================================================
NOTES:
# LAST OF SEVERAL OCCURRENCES
COLUMN 17 PEAK WIND IN M.P.H.
PRELIMINARY LOCAL CLIMATOLOGICAL DATA (WS FORM: F-6) , PAGE 2
STATION: HOUSTON/D.W._HOOKS
MONTH: DECEMBER
YEAR: 2021
LATITUDE: 30 4 N
LONGITUDE: 95 33 W
[TEMPERATURE DATA] [PRECIPITATION DATA] SYMBOLS USED IN COLUMN 16
AVERAGE MONTHLY: 67.2 TOTAL FOR MONTH: 1.70 1 = FOG OR MIST
DPTR FM NORMAL: 12.6 DPTR FM NORMAL: -2.04 2 = FOG REDUCING VISIBILITY
HIGHEST: 84 ON 31,16 GRTST 24HR 1.16 ON 18-18 TO 1/4 MILE OR LESS
LOWEST: 38 ON 21 3 = THUNDER
SNOW, ICE PELLETS, HAIL 4 = ICE PELLETS
TOTAL MONTH: 0.0 INCH 5 = HAIL
GRTST 24HR 0.0 6 = FREEZING RAIN OR DRIZZLE
GRTST DEPTH: 0 7 = DUSTSTORM OR SANDSTORM:
VSBY 1/2 MILE OR LESS
8 = SMOKE OR HAZE
[NO. OF DAYS WITH] [WEATHER - DAYS WITH] 9 = BLOWING SNOW
X = TORNADO
MAX 32 OR BELOW: 0 0.01 INCH OR MORE: 6
MAX 90 OR ABOVE: 0 0.10 INCH OR MORE: 2
MIN 32 OR BELOW: 0 0.50 INCH OR MORE: 1
MIN 0 OR BELOW: 0 1.00 INCH OR MORE: 1
[HDD (BASE 65) ]
TOTAL THIS MO. 81 CLEAR (SCALE 0-3) 4
DPTR FM NORMAL -267 PTCLDY (SCALE 4-7) 18
TOTAL FM JUL 1 249 CLOUDY (SCALE 8-10) 9
DPTR FM NORMAL -308
[CDD (BASE 65) ]
TOTAL THIS MO. 157
DPTR FM NORMAL 131 [PRESSURE DATA]
TOTAL FM JAN 1 3237 HIGHEST SLP 30.34 ON 12
DPTR FM NORMAL 91 LOWEST SLP 29.66 ON 28
[REMARKS]
#FINAL-12-21#