000
CXUS54 KMAF 011110
CF6E38
PRELIMINARY LOCAL CLIMATOLOGICAL DATA (WS FORM: F-6)
STATION: ALPINE-CASPARIS MUNICIPAL
MONTH: MARCH
YEAR: 2020
LATITUDE: 30 23 N
LONGITUDE: 103 41 W
TEMPERATURE IN F: :PCPN: SNOW: WIND :SUNSHINE: SKY :PK WND
================================================================================
1 2 3 4 5 6A 6B 7 8 9 10 11 12 13 14 15 16 17 18
12Z AVG MX 2MIN
DY MAX MIN AVG DEP HDD CDD WTR SNW DPTH SPD SPD DIR MIN PSBL S-S WX SPD DR
================================================================================
1 72 53 63 M 2 0 M M M 11.2 23 270 M M 0 29 270
2 64 49 57 M 8 0 0.01 M M 4.5 12 220 M M 6 M M
3 51 42 47 M 18 0 0.23 M M 5.7 17 260 M M 9 22 260
4 49 38 44 M 21 0 0.05 M M 12.2 22 250 M M 8 28 250
5 67 32 50 M 15 0 M M M 4.6 9 70 M M 1 M M
6 65 34 50 M 15 0 M M M 7.0 20 110 M M 0 25 110
7 74 46 60 M 5 0 M M M 10.1 17 190 M M 0 22 190
8 69 57 63 M 2 0 M M M 16.1 25 220 M M 3 35 220
9 73 50 62 M 3 0 M M M 7.0 16 310 M M 3 32 310
10 79 44 62 M 3 0 M M M 5.6 16 250 M M 2 21 250
11 82 48 65 M 0 0 M M M 5.0 14 90 M M 2 16 50
12 82 51 67 M 0 2 M M M 6.8 15 220 M M 2 30 230
13 75 53 64 M 1 0 M M M 5.8 15 10 M M 2 21 190
14 77 55 66 M 0 1 M M M 6.9 13 70 M M 1 17 70
15 80 59 70 M 0 5 M M M 7.8 15 90 M M 5 25 80
16 83 49 66 M 0 1 M M M 5.6 14 40 M M 3 22 230
17 74 51 63 M 2 0 M M M 7.5 16 200 M M 3 22 0
18 76 45 61 M 4 0 M M M 11.2 23 180 M M 3 28 180
19 76 52 64 M 1 0 M M M 14.9 28 230 M M 0 37 230
20 61 39 50 M 15 0 M M M 7.6 15 40 M M 1 22 40
21 61 38 50 M 15 0 M M M 5.6 13 70 M M 5 20 70
22 80 36 58 M 7 0 M M M 3.6 13 240 M M 2 18 240
23 88 45 67 M 0 2 M M M 9.1 17 250 M M 0 24 250
24 82 51 67 M 0 2 M M M 8.6 18 270 M M 0 28 280
25 89 48 69 M 0 4 M M M 8.5 16 270 M M 0 24 270
26 93 51 72 M 0 7 M M M 6.0 14 230 M M 0 23 270
27 80 55 68 M 0 3 M M M 13.8 28 220 M M 0 33 220
28 68 41 55 M 10 0 M M M 10.9 24 260 M M 0 30 260
29 78 39 59 M 6 0 M M M 8.1 20 170 M M 0 26 170
30 76 47 62 M 3 0 M M M 11.0 28 260 M M 0 35 260
31 77 38 58 M 7 0 M M M 5.3 9 210 M M 0 18 160
================================================================================
SM 2301 1436 163 27 0.29 M 253.5 M 61
================================================================================
AV 74.2 46.3 8.2 FASTST M M 2 MAX(MPH)
MISC ----> # 28 230 37 230
================================================================================
NOTES:
# LAST OF SEVERAL OCCURRENCES
COLUMN 17 PEAK WIND IN M.P.H.
PRELIMINARY LOCAL CLIMATOLOGICAL DATA (WS FORM: F-6) , PAGE 2
STATION: ALPINE-CASPARIS MUNICIPAL
MONTH: MARCH
YEAR: 2020
LATITUDE: 30 23 N
LONGITUDE: 103 41 W
[TEMPERATURE DATA] [PRECIPITATION DATA] SYMBOLS USED IN COLUMN 16
AVERAGE MONTHLY: 60.3 TOTAL FOR MONTH: 0.29 1 = FOG OR MIST
DPTR FM NORMAL: 0.0 DPTR FM NORMAL: M 2 = FOG REDUCING VISIBILITY
HIGHEST: 93 ON 26 GRTST 24HR 0.23 ON 3- 3 TO 1/4 MILE OR LESS
LOWEST: 32 ON 5 3 = THUNDER
SNOW, ICE PELLETS, HAIL 4 = ICE PELLETS
TOTAL MONTH: M 5 = HAIL
GRTST 24HR M ON M 6 = FREEZING RAIN OR DRIZZLE
GRTST DEPTH: M ON M 7 = DUSTSTORM OR SANDSTORM:
VSBY 1/2 MILE OR LESS
8 = SMOKE OR HAZE
[NO. OF DAYS WITH] [WEATHER - DAYS WITH] 9 = BLOWING SNOW
X = TORNADO
MAX 32 OR BELOW: 0 0.01 INCH OR MORE: 3
MAX 90 OR ABOVE: 1 0.10 INCH OR MORE: 1
MIN 32 OR BELOW: 1 0.50 INCH OR MORE: 0
MIN 0 OR BELOW: 0 1.00 INCH OR MORE: 0
[HDD (BASE 65) ]
TOTAL THIS MO. 163 CLEAR (SCALE 0-3) 25
DPTR FM NORMAL M PTCLDY (SCALE 4-7) 5
TOTAL FM JUL 1 2108 CLOUDY (SCALE 8-10) 1
DPTR FM NORMAL M
[CDD (BASE 65) ]
TOTAL THIS MO. 27
DPTR FM NORMAL M [PRESSURE DATA]
TOTAL FM JAN 1 27 HIGHEST SLP M ON M
DPTR FM NORMAL M LOWEST SLP M ON M
[REMARKS]
#FINAL-03-20#