000
CXUS53 KMPX 010910
CF6EAU
PRELIMINARY LOCAL CLIMATOLOGICAL DATA (WS FORM: F-6)
STATION: EAU CLAIRE WI
MONTH: JUNE
YEAR: 2021
LATITUDE: 44 52 N
LONGITUDE: 91 29 W
TEMPERATURE IN F: :PCPN: SNOW: WIND :SUNSHINE: SKY :PK WND
================================================================================
1 2 3 4 5 6A 6B 7 8 9 10 11 12 13 14 15 16 17 18
12Z AVG MX 2MIN
DY MAX MIN AVG DEP HDD CDD WTR SNW DPTH SPD SPD DIR MIN PSBL S-S WX SPD DR
================================================================================
1 78 45 62 -1 3 0 0.00 0.0 0 3.5 14 270 M M 1 18 19 220
2 81 47 64 1 1 0 T 0.0 0 5.4 18 210 M M 2 24 210
3 89 60 75 11 0 10 0.01 0.0 0 7.9 17 270 M M 4 26 250
4 95 67 81 17 0 16 T 0.0 0 11.6 22 220 M M 1 32 200
5 97 73 85 21 0 20 T 0.0 0 12.1 21 210 M M 0 29 220
6 91 75 83 19 0 18 0.00 0.0 0 14.3 24 200 M M 1 36 190
7 92 71 82 17 0 17 0.00 0.0 0 8.9 14 210 M M 2 23 180
8 96 69 83 18 0 18 T 0.0 0 4.4 17 40 M M 2 3 26 50
9 95 66 81 16 0 16 0.53 0.0 0 5.6 26 120 M M 1 3 34 130
10 96 73 85 19 0 20 0.00 0.0 0 8.0 23 90 M M 0 32 80
11 90 65 78 12 0 13 T 0.0 0 5.4 29 280 M M 1 3 41 280
12 85 58 72 6 0 7 0.00 0.0 0 8.8 22 290 M M 1 31 280
13 92 55 74 7 0 9 0.00 0.0 0 8.0 22 350 M M 0 33 360
14 87 53 70 3 0 5 0.00 0.0 0 7.2 22 310 M M 1 30 300
15 83 54 69 2 0 4 0.00 0.0 0 6.1 14 20 M M 1 19 50
16 85 54 70 2 0 5 0.00 0.0 0 6.6 15 160 M M 0 21 170
17 91 66 79 11 0 14 0.18 0.0 0 6.4 18 250 M M 4 18 27 260
18 89 60 75 7 0 10 0.00 0.0 0 7.3 22 270 M M 1 32 260
19 82 57 70 2 0 5 0.00 0.0 0 6.2 15 40 M M 1 22 50
20 77 54 66 -2 0 1 2.31 0.0 0 7.2 22 110 M M 6 1 29 330
21 67 48 58 -11 7 0 0.01 0.0 0 10.3 22 340 M M 5 1 32 320
22 73 48 61 -8 4 0 0.00 0.0 0 5.2 13 290 M M 3 18 290
23 82 49 66 -3 0 1 0.00 0.0 0 8.7 18 170 M M 4 25 180
24 91 66 79 10 0 14 T 0.0 0 6.2 15 360 M M 5 3 23 20
25 86 62 74 4 0 9 0.00 0.0 0 5.3 13 50 M M 4 12 17 30
26 73 63 68 -2 0 3 1.25 0.0 0 7.5 15 40 M M 9 18 21 50
27 81 63 72 2 0 7 0.04 0.0 0 3.3 9 270 M M 7 1 12 270
28 82 63 73 3 0 8 0.70 0.0 0 3.3 29 200 M M 5 13 39 190
29 80 66 73 3 0 8 0.30 0.0 0 3.1 14 330 M M 5 13 24 320
30 86 62 74 4 0 9 0.00 0.0 0 3.5 12 300 M M 1 12 15 310
================================================================================
SM 2572 1812 15 267 5.33 0.0 207.3 M 78
================================================================================
AV 85.7 60.4 6.9 FASTST M M 3 MAX(MPH)
MISC ----> # 29 280 41 280
================================================================================
NOTES:
# LAST OF SEVERAL OCCURRENCES
COLUMN 17 PEAK WIND IN M.P.H.
PRELIMINARY LOCAL CLIMATOLOGICAL DATA (WS FORM: F-6) , PAGE 2
STATION: EAU CLAIRE WI
MONTH: JUNE
YEAR: 2021
LATITUDE: 44 52 N
LONGITUDE: 91 29 W
[TEMPERATURE DATA] [PRECIPITATION DATA] SYMBOLS USED IN COLUMN 16
AVERAGE MONTHLY: 73.1 TOTAL FOR MONTH: 5.33 1 = FOG OR MIST
DPTR FM NORMAL: 6.0 DPTR FM NORMAL: 0.50 2 = FOG REDUCING VISIBILITY
HIGHEST: 97 ON 5 GRTST 24HR 2.32 ON 20-21 TO 1/4 MILE OR LESS
LOWEST: 45 ON 1 3 = THUNDER
SNOW, ICE PELLETS, HAIL 4 = ICE PELLETS
TOTAL MONTH: 0.0 INCH 5 = HAIL
GRTST 24HR 0.0 6 = FREEZING RAIN OR DRIZZLE
GRTST DEPTH: 0 7 = DUSTSTORM OR SANDSTORM:
VSBY 1/2 MILE OR LESS
8 = SMOKE OR HAZE
[NO. OF DAYS WITH] [WEATHER - DAYS WITH] 9 = BLOWING SNOW
X = TORNADO
MAX 32 OR BELOW: 0 0.01 INCH OR MORE: 9
MAX 90 OR ABOVE: 11 0.10 INCH OR MORE: 6
MIN 32 OR BELOW: 0 0.50 INCH OR MORE: 4
MIN 0 OR BELOW: 0 1.00 INCH OR MORE: 2
[HDD (BASE 65) ]
TOTAL THIS MO. 15 CLEAR (SCALE 0-3) 19
DPTR FM NORMAL -42 PTCLDY (SCALE 4-7) 10
TOTAL FM JUL 1 7559 CLOUDY (SCALE 8-10) 1
DPTR FM NORMAL -367
[CDD (BASE 65) ]
TOTAL THIS MO. 267
DPTR FM NORMAL 147 [PRESSURE DATA]
TOTAL FM JAN 1 316 HIGHEST SLP 30.17 ON 15
DPTR FM NORMAL 166 LOWEST SLP 29.45 ON 20
[REMARKS]
#FINAL-06-21#