000
CXUS52 KTAE 010800
CF6ECP
PRELIMINARY LOCAL CLIMATOLOGICAL DATA (WS FORM: F-6)
STATION: PANAMA CITY NW
MONTH: MAY
YEAR: 2022
LATITUDE: 30 21 N
LONGITUDE: 85 48 W
TEMPERATURE IN F: :PCPN: SNOW: WIND :SUNSHINE: SKY :PK WND
================================================================================
1 2 3 4 5 6A 6B 7 8 9 10 11 12 13 14 15 16 17 18
12Z AVG MX 2MIN
DY MAX MIN AVG DEP HDD CDD WTR SNW DPTH SPD SPD DIR MIN PSBL S-S WX SPD DR
================================================================================
1 81 66 74 4 0 9 0.00 M M 6.0 16 170 M M 5 12 19 160
2 84 64 74 3 0 9 0.00 0.0 0 5.4 15 180 M M 4 12 19 200
3 86 65 76 5 0 11 0.00 0.0 M 5.8 14 200 M M 4 12 19 180
4 85 65 75 4 0 10 0.12 0.0 0 4.2 15 180 M M 5 12 25 190
5 85 63 74 2 0 9 0.00 0.0 0 4.8 17 170 M M 4 12 21 180
6 81 68 75 3 0 10 2.12 0.0 0 9.5 25 210 M M 5 13 33 250
7 82 63 73 1 0 8 0.00 0.0 0 6.9 18 210 M M 0 22 210
8 84 59 72 0 0 7 0.00 0.0 0 4.3 15 260 M M 0 20 240
9 84 62 73 1 0 8 0.00 0.0 0 6.2 13 30 M M 2 18 100
10 84 59 72 -1 0 7 0.00 0.0 M 5.9 15 20 M M 0 20 30
11 87 53 70 -3 0 5 0.00 0.0 M 5.1 16 360 M M 0 22 350
12 88 57 73 0 0 8 0.07 0.0 M 5.8 17 10 M M 2 1 23 20
13 85 64 75 1 0 10 0.13 0.0 M 4.2 22 130 M M 4 13 26 130
14 84 63 74 0 0 9 0.01 0.0 M 3.7 15 230 M M 2 19 210
15 84 66 75 1 0 10 0.47 0.0 0 3.0 17 260 M M 3 13 22 280
16 85 65 75 1 0 10 0.00 0.0 0 5.3 15 170 M M 2 1 19 170
17 89 70 80 6 0 15 0.00 0.0 0 4.8 16 210 M M 1 1 18 230
18 86 74 80 5 0 15 0.00 0.0 0 6.4 17 220 M M 5 12 23 160
19 86 68 77 2 0 12 0.00 0.0 0 6.1 18 170 M M 1 1 25 160
20 85 73 79 4 0 14 0.00 0.0 0 10.3 24 140 M M 4 30 150
21 83 70 77 1 0 12 0.00 0.0 0 8.1 17 150 M M 5 1 23 130
22 80 67 74 -2 0 9 1.42 0.0 0 6.4 31 190 M M 5 138 39 180
23 84 70 77 1 0 12 0.53 0.0 0 6.3 30 210 M M 5 13 44 200
24 85 71 78 2 0 13 0.08 0.0 M 6.7 15 160 M M 2 12 19 130
25 78 68 73 -3 0 8 2.31 0.0 M 7.6 31 220 M M 6 13 36 220
26 76 68 72 -5 0 7 1.59 0.0 M 9.1 20 100 M M 8 13 28 130
27 85 68 77 0 0 12 0.26 0.0 0 7.5 20 190 M M 3 1 25 220
28 86 63 75 -2 0 10 0.00 0.0 0 2.9 14 160 M M 2 19 180
29 85 63 74 -3 0 9 0.00 0.0 0 6.5 18 160 M M 3 23 150
30 87 68 78 0 0 13 0.00 0.0 0 4.9 14 160 M M 3 12 18 180
31 90 67 79 1 0 14 1.35 0.0 0 4.6 28 110 M M 3 13 44 110
================================================================================
SM 2614 2030 0 315 10.46 0.0 184.3 M 98
================================================================================
AV 84.3 65.5 5.9 FASTST M M 3 MAX(MPH)
MISC ----> # 31 190 # 44 200
================================================================================
NOTES:
# LAST OF SEVERAL OCCURRENCES
COLUMN 17 PEAK WIND IN M.P.H.
PRELIMINARY LOCAL CLIMATOLOGICAL DATA (WS FORM: F-6) , PAGE 2
STATION: PANAMA CITY NW
MONTH: MAY
YEAR: 2022
LATITUDE: 30 21 N
LONGITUDE: 85 48 W
[TEMPERATURE DATA] [PRECIPITATION DATA] SYMBOLS USED IN COLUMN 16
AVERAGE MONTHLY: 74.9 TOTAL FOR MONTH: 10.46 1 = FOG OR MIST
DPTR FM NORMAL: 0.7 DPTR FM NORMAL: 7.46 2 = FOG REDUCING VISIBILITY
HIGHEST: 90 ON 31 GRTST 24HR 2.88 ON 25-26 TO 1/4 MILE OR LESS
LOWEST: 53 ON 11 3 = THUNDER
SNOW, ICE PELLETS, HAIL 4 = ICE PELLETS
TOTAL MONTH: 0.0 INCH 5 = HAIL
GRTST 24HR 0.0 6 = FREEZING RAIN OR DRIZZLE
GRTST DEPTH: 0 7 = DUSTSTORM OR SANDSTORM:
VSBY 1/2 MILE OR LESS
8 = SMOKE OR HAZE
[NO. OF DAYS WITH] [WEATHER - DAYS WITH] 9 = BLOWING SNOW
X = TORNADO
MAX 32 OR BELOW: 0 0.01 INCH OR MORE: 13
MAX 90 OR ABOVE: 1 0.10 INCH OR MORE: 10
MIN 32 OR BELOW: 0 0.50 INCH OR MORE: 6
MIN 0 OR BELOW: 0 1.00 INCH OR MORE: 5
[HDD (BASE 65) ]
TOTAL THIS MO. 0 CLEAR (SCALE 0-3) 16
DPTR FM NORMAL -3 PTCLDY (SCALE 4-7) 14
TOTAL FM JUL 1 1282 CLOUDY (SCALE 8-10) 1
DPTR FM NORMAL -123
[CDD (BASE 65) ]
TOTAL THIS MO. 315
DPTR FM NORMAL 27 [PRESSURE DATA]
TOTAL FM JAN 1 475 HIGHEST SLP M ON M
DPTR FM NORMAL 25 LOWEST SLP 29.76 ON 7
[REMARKS]
#FINAL-05-22#