000
CXUS54 KEWX 241010
CF6ECU
PRELIMINARY LOCAL CLIMATOLOGICAL DATA (WS FORM: F-6)
STATION: EDWARDS COUNTY AIRPORT
MONTH: APRIL
YEAR: 2024
LATITUDE: 29 57 N
LONGITUDE: 100 10 W
TEMPERATURE IN F: :PCPN: SNOW: WIND :SUNSHINE: SKY :PK WND
================================================================================
1 2 3 4 5 6A 6B 7 8 9 10 11 12 13 14 15 16 17 18
12Z AVG MX 2MIN
DY MAX MIN AVG DEP HDD CDD WTR SNW DPTH SPD SPD DIR MIN PSBL S-S WX SPD DR
================================================================================
1 88 61 75 M 0 10 0.28 M M 14.6 23 150 M M 7 18 30 150
2 70 52 61 M 4 0 0.00 M M 13.1 21 320 M M 2 28 320
3 77 41 59 M 6 0 0.00 M M 7.0 14 270 M M 1 22 290
4 84 54 69 M 0 4 0.00 M M 6.9 14 220 M M 0 20 220
5 82 52 67 M 0 2 0.00 M M 15.7 25 150 M M 0 35 150
6 82 59 71 M 0 6 0.00 M M 15.5 21 160 M M 4 33 150
7 82 55 69 M 0 4 0.00 M M 8.5 17 340 M M 4 22 330
8 79 59 69 M 0 4 0.00 M M 10.8 18 170 M M 7 1 26 160
9 88 55 72 M 0 7 0.00 M M 13.3 25 330 M M 5 18 33 330
10 73 48 61 M 4 0 0.00 M M 19.0 35 320 M M 2 46 320
11 82 50 66 M 0 1 0.00 M M 6.6 12 60 M M 0 20 340
12 81 55 68 M 0 3 0.00 M M 15.0 23 150 M M 2 31 140
13 82 59 71 M 0 6 0.00 M M 18.0 24 160 M M 2 31 160
14 86 63 75 M 0 10 0.00 M M 13.0 22 140 M M 5 25 150
15 82 66 74 M 0 9 0.00 M M 16.3 23 150 M M 6 1 29 150
16 90 68 79 M 0 14 0.02 M M 7.3 24 140 M M 5 1 29 140
17 84 70 77 M 0 12 0.00 M M 9.3 16 150 M M 5 1 20 150
18 91 70 81 M 0 16 0.00 M M 8.5 15 160 M M 6 18 22 150
19 81 63 72 M 0 7 0.00 M M 9.4 16 130 M M 9 1 29 130
20 79 52 66 M 0 1 0.12 M M 10.2 17 10 M M 9 1 27 100
21 68 46 57 M 8 0 0.00 M M 10.9 15 40 M M 8 1 23 30
22 72 54 63 M 2 0 0.00 M M 10.5 18 160 M M 8 24 130
23 73 59 66 M 0 1 0.00 M M 13.7 18 170 M M 7 26 180
================================================================================
SM 1856 1311 24 117 0.42 M 273.3 M 104
================================================================================
AV 80.7 57.0 11.9 FASTST M M 5 MAX(MPH)
MISC ----> 35 320 46 320
================================================================================
NOTES:
# LAST OF SEVERAL OCCURRENCES
COLUMN 17 PEAK WIND IN M.P.H.
PRELIMINARY LOCAL CLIMATOLOGICAL DATA (WS FORM: F-6) , PAGE 2
STATION: EDWARDS COUNTY AIRPORT
MONTH: APRIL
YEAR: 2024
LATITUDE: 29 57 N
LONGITUDE: 100 10 W
[TEMPERATURE DATA] [PRECIPITATION DATA] SYMBOLS USED IN COLUMN 16
AVERAGE MONTHLY: 68.8 TOTAL FOR MONTH: 0.42 1 = FOG OR MIST
DPTR FM NORMAL: 0.0 DPTR FM NORMAL: 0.42 2 = FOG REDUCING VISIBILITY
HIGHEST: 91 ON 18 GRTST 24HR 0.28 ON 1- 1 TO 1/4 MILE OR LESS
LOWEST: 41 ON 3 3 = THUNDER
SNOW, ICE PELLETS, HAIL 4 = ICE PELLETS
TOTAL MONTH: M 5 = HAIL
GRTST 24HR M ON M 6 = FREEZING RAIN OR DRIZZLE
GRTST DEPTH: M ON M 7 = DUSTSTORM OR SANDSTORM:
VSBY 1/2 MILE OR LESS
8 = SMOKE OR HAZE
[NO. OF DAYS WITH] [WEATHER - DAYS WITH] 9 = BLOWING SNOW
X = TORNADO
MAX 32 OR BELOW: 0 0.01 INCH OR MORE: 3
MAX 90 OR ABOVE: 2 0.10 INCH OR MORE: 2
MIN 32 OR BELOW: 0 0.50 INCH OR MORE: 0
MIN 0 OR BELOW: 0 1.00 INCH OR MORE: 0
[HDD (BASE 65) ]
TOTAL THIS MO. 24 CLEAR (SCALE 0-3) 8
DPTR FM NORMAL M PTCLDY (SCALE 4-7) 12
TOTAL FM JUL 1 1628 CLOUDY (SCALE 8-10) 3
DPTR FM NORMAL M
[CDD (BASE 65) ]
TOTAL THIS MO. 117
DPTR FM NORMAL M [PRESSURE DATA]
TOTAL FM JAN 1 192 HIGHEST SLP M ON M
DPTR FM NORMAL M LOWEST SLP M ON M
[REMARKS]