000
CXUS55 KGJT 010910
CF6EEO
PRELIMINARY LOCAL CLIMATOLOGICAL DATA (WS FORM: F-6)
STATION: MEEKER CO
MONTH: MAY
YEAR: 2021
LATITUDE: 40 2 N
LONGITUDE: 107 53 W
TEMPERATURE IN F: :PCPN: SNOW: WIND :SUNSHINE: SKY :PK WND
================================================================================
1 2 3 4 5 6A 6B 7 8 9 10 11 12 13 14 15 16 17 18
12Z AVG MX 2MIN
DY MAX MIN AVG DEP HDD CDD WTR SNW DPTH SPD SPD DIR MIN PSBL S-S WX SPD DR
================================================================================
1 80 36 58 10 7 0 T M M 7.9 28 260 M M 1 46 250
2 64 42 53 5 12 0 0.14 M M 7.0 25 100 M M 4 13 33 50
3 46 34 40 -8 25 0 0.47 M M 5.3 14 360 M M 10 1 19 60
4 57 31 44 -4 21 0 0.03 M M 5.8 24 320 M M 6 31 310
5 63 33 48 -1 17 0 0.00 M M 5.1 17 350 M M 3 28 260
6 77 30 54 5 11 0 0.00 M M 5.3 17 100 M M 0 24 290
7 79 35 57 7 8 0 0.00 M M 11.4 33 240 M M 0 44 240
8 64 41 53 3 12 0 T M M 9.7 31 280 M M 3 41 270
9 56 25 41 -9 24 0 0.00 M M 5.7 25 280 M M 3 37 270
10 46 32 39 -11 26 0 0.15 M M 5.0 16 330 M M 7 13 23 320
11 53 30 42 -9 23 0 0.03 M M 5.7 14 30 M M 6 1 18 270
12 64 27 46 -5 19 0 0.00 M M 5.9 18 280 M M 0 24 280
13 75 28 52 0 13 0 0.00 M M 7.3 26 300 M M 1 41 240
14 74 38 56 4 9 0 T M M 7.6 36 230 M M 2 52 230
15 78 35 57 5 8 0 0.00 M M 5.9 26 260 M M 0 35 200
16 79 37 58 5 7 0 T M M 5.3 24 10 M M 1 30 40
17 69 34 52 -1 13 0 0.00 M M 6.6 25 200 M M 1 35 200
18 75 33 54 1 11 0 T M M 6.8 36 30 M M 2 51 50
19 77 37 57 3 8 0 T M M 7.9 30 210 M M 3 43 210
20 77 48 63 9 2 0 0.00 M M 12.9 31 180 M M 1 45 200
21 68 48 58 4 7 0 0.06 M M 12.2 30 220 M M 3 45 210
22 76 42 59 4 6 0 0.07 M M 7.7 30 150 M M 6 41 140
23 61 34 48 -7 17 0 T M M 12.5 29 220 M M 3 44 230
24 66 27 47 -8 18 0 0.00 M M 6.4 21 270 M M 1 35 290
25 72 29 51 -5 14 0 0.00 M M 4.4 15 290 M M 0 23 280
26 74 39 57 1 8 0 T M M 10.4 35 260 M M 2 45 250
27 75 33 54 -2 11 0 0.00 M M 6.5 18 260 M M 0 31 230
28 79 33 56 0 9 0 0.00 M M 6.4 28 10 M M 0 37 350
29 80 38 59 2 6 0 0.00 M M 6.8 25 230 M M 1 33 230
30 75 44 60 3 5 0 0.31 M M 7.6 26 30 M M 4 13 40 10
31 75 36 56 -1 9 0 0.00 M M 5.2 18 350 M M 0 26 10
================================================================================
SM 2154 1089 386 0 1.26 M 226.2 M 74
================================================================================
AV 69.5 35.1 7.3 FASTST M M 2 MAX(MPH)
MISC ----> # 36 230 52 230
================================================================================
NOTES:
# LAST OF SEVERAL OCCURRENCES
COLUMN 17 PEAK WIND IN M.P.H.
PRELIMINARY LOCAL CLIMATOLOGICAL DATA (WS FORM: F-6) , PAGE 2
STATION: MEEKER CO
MONTH: MAY
YEAR: 2021
LATITUDE: 40 2 N
LONGITUDE: 107 53 W
[TEMPERATURE DATA] [PRECIPITATION DATA] SYMBOLS USED IN COLUMN 16
AVERAGE MONTHLY: 52.3 TOTAL FOR MONTH: 1.26 1 = FOG OR MIST
DPTR FM NORMAL: -0.3 DPTR FM NORMAL: -0.48 2 = FOG REDUCING VISIBILITY
HIGHEST: 80 ON 29, 1 GRTST 24HR 0.59 ON 2- 3 TO 1/4 MILE OR LESS
LOWEST: 25 ON 9 3 = THUNDER
SNOW, ICE PELLETS, HAIL 4 = ICE PELLETS
TOTAL MONTH: M 5 = HAIL
GRTST 24HR M ON M 6 = FREEZING RAIN OR DRIZZLE
GRTST DEPTH: M ON M 7 = DUSTSTORM OR SANDSTORM:
VSBY 1/2 MILE OR LESS
8 = SMOKE OR HAZE
[NO. OF DAYS WITH] [WEATHER - DAYS WITH] 9 = BLOWING SNOW
X = TORNADO
MAX 32 OR BELOW: 0 0.01 INCH OR MORE: 8
MAX 90 OR ABOVE: 0 0.10 INCH OR MORE: 4
MIN 32 OR BELOW: 9 0.50 INCH OR MORE: 0
MIN 0 OR BELOW: 0 1.00 INCH OR MORE: 0
[HDD (BASE 65) ]
TOTAL THIS MO. 386 CLEAR (SCALE 0-3) 21
DPTR FM NORMAL -1 PTCLDY (SCALE 4-7) 9
TOTAL FM JUL 1 7934 CLOUDY (SCALE 8-10) 1
DPTR FM NORMAL 477
[CDD (BASE 65) ]
TOTAL THIS MO. 0
DPTR FM NORMAL -1 [PRESSURE DATA]
TOTAL FM JAN 1 0 HIGHEST SLP M ON M
DPTR FM NORMAL -1 LOWEST SLP 29.41 ON 1
[REMARKS]
#FINAL-05-21#