000
CXUS54 KBMX 011010
CF6EET
PRELIMINARY LOCAL CLIMATOLOGICAL DATA (WS FORM: F-6)
STATION: SHELBY COUNTY AIRPORT
MONTH: JUNE
YEAR: 2022
LATITUDE: 33 10 N
LONGITUDE: 86 47 W
TEMPERATURE IN F: :PCPN: SNOW: WIND :SUNSHINE: SKY :PK WND
================================================================================
1 2 3 4 5 6A 6B 7 8 9 10 11 12 13 14 15 16 17 18
12Z AVG MX 2MIN
DY MAX MIN AVG DEP HDD CDD WTR SNW DPTH SPD SPD DIR MIN PSBL S-S WX SPD DR
================================================================================
1 91 69 80 4 0 15 0.00 0.0 0 1.4 9 170 M M 3 11 300
2 90 70 80 4 0 15 0.15 0.0 0 2.3 24 310 M M 1 13 33 310
3 81 68 75 -1 0 10 0.01 0.0 0 3.6 9 310 M M 5 1 13 30
4 86 63 75 -1 0 10 0.00 0.0 0 2.3 8 20 M M 1 12 60
5 88 66 77 0 0 12 0.00 0.0 0 3.3 12 160 M M 2 3 16 160
6 89 68 79 2 0 14 0.07 0.0 0 4.4 14 300 M M 1 3 20 310
7 88 72 80 3 0 15 0.00 0.0 0 4.7 12 210 M M 2 16 230
8 85 70 78 1 0 13 4.26 0.0 M 3.5 29 320 M M 6 138 43 310
9 84 70 77 -1 0 12 0.00 0.0 0 3.1 9 290 M M 5 15 310
10 83 66 75 -3 0 10 T 0.0 0 1.0 7 300 M M 1 10 60
11 86 69 78 0 0 13 0.00 0.0 0 1.3 7 280 M M 4 9 240
12 90 70 80 2 0 15 0.00 0.0 0 2.1 8 260 M M 0 1 11 260
13 94 75 85 7 0 20 0.00 0.0 0 2.1 9 210 M M 2 13 180
14 95 76 86 8 0 21 0.00 0.0 0 2.6 9 180 M M 1 1 13 180
15 96 73 85 6 0 20 0.23 0.0 0 3.1 14 100 M M 2 3 24 130
16 94 72 83 4 0 18 0.00 0.0 0 0.9 8 290 M M 0 12 100
17 94 73 84 5 0 19 0.10 0.0 M 3.5 33 300 M M 1 13 50 300
18 92 70 81 2 0 16 0.00 0.0 M 4.6 13 320 M M 1 19 320
19 89 68 79 0 0 14 0.00 0.0 M 3.0 8 10 M M 0 15 50
20 92 67 80 1 0 15 0.00 0.0 M 2.5 9 140 M M 1 12 150
21 94 70 82 2 0 17 0.00 0.0 M 1.3 8 290 M M 1 1 12 350
22 96 72 84 4 0 19 0.00 0.0 M 2.6 9 360 M M 1 18 14 310
23 97 74 86 6 0 21 0.00 0.0 M 3.7 13 320 M M 1 138 19 310
24 95 72 84 4 0 19 0.00 0.0 0 1.9 10 310 M M 0 16 300
25 94 74 84 4 0 19 0.00 0.0 0 3.3 12 150 M M 2 13 18 150
26 94 73 84 4 0 19 0.00 0.0 0 4.1 12 150 M M 3 13 16 140
27 91 71 81 1 0 16 2.02 0.0 0 2.8 18 160 M M 4 1238 25 180
28 88 70 79 -1 0 14 0.24 0.0 0 1.8 10 80 M M 1 38 17 120
29 90 71 81 1 0 16 0.47 0.0 M 2.0 14 270 M M 3 138 20 270
30 87 71 79 -1 0 14 0.00 0.0 M 2.6 10 160 M M 1 14 160
================================================================================
SM 2713 2113 0 471 7.55 0.0 81.4 M 56
================================================================================
AV 90.4 70.4 2.7 FASTST M M 2 MAX(MPH)
MISC ----> 33 300 50 300
================================================================================
NOTES:
# LAST OF SEVERAL OCCURRENCES
COLUMN 17 PEAK WIND IN M.P.H.
PRELIMINARY LOCAL CLIMATOLOGICAL DATA (WS FORM: F-6) , PAGE 2
STATION: SHELBY COUNTY AIRPORT
MONTH: JUNE
YEAR: 2022
LATITUDE: 33 10 N
LONGITUDE: 86 47 W
[TEMPERATURE DATA] [PRECIPITATION DATA] SYMBOLS USED IN COLUMN 16
AVERAGE MONTHLY: 80.4 TOTAL FOR MONTH: 7.55 1 = FOG OR MIST
DPTR FM NORMAL: 1.9 DPTR FM NORMAL: 2.97 2 = FOG REDUCING VISIBILITY
HIGHEST: 97 ON 23 GRTST 24HR 4.26 ON 8- 8 TO 1/4 MILE OR LESS
LOWEST: 63 ON 4 3 = THUNDER
SNOW, ICE PELLETS, HAIL 4 = ICE PELLETS
TOTAL MONTH: 0.0 INCH 5 = HAIL
GRTST 24HR 0.0 6 = FREEZING RAIN OR DRIZZLE
GRTST DEPTH: 0 7 = DUSTSTORM OR SANDSTORM:
VSBY 1/2 MILE OR LESS
8 = SMOKE OR HAZE
[NO. OF DAYS WITH] [WEATHER - DAYS WITH] 9 = BLOWING SNOW
X = TORNADO
MAX 32 OR BELOW: 0 0.01 INCH OR MORE: 9
MAX 90 OR ABOVE: 18 0.10 INCH OR MORE: 7
MIN 32 OR BELOW: 0 0.50 INCH OR MORE: 2
MIN 0 OR BELOW: 0 1.00 INCH OR MORE: 2
[HDD (BASE 65) ]
TOTAL THIS MO. 0 CLEAR (SCALE 0-3) 24
DPTR FM NORMAL 0 PTCLDY (SCALE 4-7) 6
TOTAL FM JUL 1 1943 CLOUDY (SCALE 8-10) 0
DPTR FM NORMAL -436
[CDD (BASE 65) ]
TOTAL THIS MO. 471
DPTR FM NORMAL 66 [PRESSURE DATA]
TOTAL FM JAN 1 912 HIGHEST SLP 30.23 ON 21
DPTR FM NORMAL 177 LOWEST SLP 29.78 ON 4
[REMARKS]
#FINAL-06-22#