625
CXUS54 KBMX 011110
CF6EET
PRELIMINARY LOCAL CLIMATOLOGICAL DATA (WS FORM: F-6)
STATION: SHELBY COUNTY AIRPORT
MONTH: JULY
YEAR: 2020
LATITUDE: 33 10 N
LONGITUDE: 86 47 W
TEMPERATURE IN F: :PCPN: SNOW: WIND :SUNSHINE: SKY :PK WND
================================================================================
1 2 3 4 5 6A 6B 7 8 9 10 11 12 13 14 15 16 17 18
12Z AVG MX 2MIN
DY MAX MIN AVG DEP HDD CDD WTR SNW DPTH SPD SPD DIR MIN PSBL S-S WX SPD DR
================================================================================
1 82 70 76 -4 0 11 0.61 0.0 0 2.6 15 350 M M 2 13 25 360
2 88 70 79 -1 0 14 0.00 0.0 0 3.5 12 320 M M 5 1 17 300
3 94 74 84 4 0 19 0.10 0.0 0 3.3 13 190 M M 3 13 17 200
4 93 73 83 3 0 18 0.00 0.0 0 2.5 13 170 M M 1 18 15 170
5 94 74 84 4 0 19 0.01 0.0 0 2.7 12 180 M M 2 18 16 110
6 87 73 80 0 0 15 0.31 0.0 0 1.7 12 80 M M 3 138 16 90
7 86 73 80 0 0 15 0.11 0.0 0 1.8 8 180 M M 8 13 11 290
8 85 72 79 -1 0 14 0.50 0.0 0 2.9 12 10 M M 7 13 17 360
9 88 73 81 0 0 16 0.00 0.0 0 1.9 9 280 M M 5 1 14 270
10 91 74 83 2 0 18 0.00 0.0 0 3.9 13 310 M M 1 1 18 300
11 92 72 82 1 0 17 0.00 0.0 0 5.4 16 310 M M 0 1 24 310
12 88 69 79 -2 0 14 0.74 0.0 0 2.2 28 320 M M 1 138 38 320
13 90 69 80 -1 0 15 0.00 0.0 0 1.8 9 290 M M 6 12 13 270
14 92 71 82 1 0 17 0.00 0.0 0 1.9 9 290 M M 1 1 12 330
15 95 72 84 3 0 19 0.00 0.0 0 2.4 26 170 M M 1 1 36 170
16 93 70 82 1 0 17 0.00 0.0 0 2.8 10 140 M M 4 1 14 150
17 96 72 84 3 0 19 0.00 0.0 0 1.9 10 140 M M 1 3 14 150
18 95 73 84 3 0 19 0.00 0.0 0 1.3 7 320 M M 3 1 11 310
19 93 75 84 3 0 19 T 0.0 0 1.5 21 180 M M 1 13 27 180
20 96 73 85 4 0 20 0.30 0.0 0 1.8 16 160 M M 1 138 26 150
21 91 73 82 1 0 17 0.72 0.0 0 1.0 24 140 M M 1 13 32 150
22 94 73 84 3 0 19 0.05 0.0 0 2.0 13 60 M M 1 1 23 80
23 93 71 82 1 0 17 0.40 0.0 0 3.5 25 150 M M 1 13 39 140
24 88 72 80 -1 0 15 0.03 0.0 0 3.9 15 180 M M 5 13 22 200
25 93 71 82 1 0 17 0.44 0.0 0 1.9 17 170 M M 2 13 22 180
26 89 70 80 -1 0 15 0.00 0.0 0 1.3 8 160 M M 1 1 12 160
27 90 71 81 0 0 16 0.00 0.0 0 1.8 10 180 M M 1 15 170
28 87 74 81 0 0 16 0.09 0.0 0 3.1 14 210 M M 5 1 18 200
29 84 72 78 -3 0 13 0.36 0.0 0 3.9 13 200 M M 8 1 18 190
30 87 74 81 0 0 16 0.13 0.0 0 5.5 13 200 M M 6 18 21 280
31 91 73 82 1 0 17 0.38 0.0 0 3.8 16 310 M M 2 138 26 300
================================================================================
SM 2805 2236 0 513 5.28 0.0 81.5 M 89
================================================================================
AV 90.5 72.1 2.6 FASTST M M 3 MAX(MPH)
MISC ----> # 28 320 # 39 140
================================================================================
NOTES:
# LAST OF SEVERAL OCCURRENCES
COLUMN 17 PEAK WIND IN M.P.H.
PRELIMINARY LOCAL CLIMATOLOGICAL DATA (WS FORM: F-6) , PAGE 2
STATION: SHELBY COUNTY AIRPORT
MONTH: JULY
YEAR: 2020
LATITUDE: 33 10 N
LONGITUDE: 86 47 W
[TEMPERATURE DATA] [PRECIPITATION DATA] SYMBOLS USED IN COLUMN 16
AVERAGE MONTHLY: 81.3 TOTAL FOR MONTH: 5.28 1 = FOG OR MIST
DPTR FM NORMAL: 0.6 DPTR FM NORMAL: 0.52 2 = FOG REDUCING VISIBILITY
HIGHEST: 96 ON 20,17 GRTST 24HR 0.74 ON 12-12 TO 1/4 MILE OR LESS
LOWEST: 69 ON 13,12 3 = THUNDER
SNOW, ICE PELLETS, HAIL 4 = ICE PELLETS
TOTAL MONTH: 0.0 INCH 5 = HAIL
GRTST 24HR 0.0 6 = FREEZING RAIN OR DRIZZLE
GRTST DEPTH: 0 7 = DUSTSTORM OR SANDSTORM:
VSBY 1/2 MILE OR LESS
8 = SMOKE OR HAZE
[NO. OF DAYS WITH] [WEATHER - DAYS WITH] 9 = BLOWING SNOW
X = TORNADO
MAX 32 OR BELOW: 0 0.01 INCH OR MORE: 17
MAX 90 OR ABOVE: 19 0.10 INCH OR MORE: 13
MIN 32 OR BELOW: 0 0.50 INCH OR MORE: 4
MIN 0 OR BELOW: 0 1.00 INCH OR MORE: 0
[HDD (BASE 65) ]
TOTAL THIS MO. 0 CLEAR (SCALE 0-3) 19
DPTR FM NORMAL 0 PTCLDY (SCALE 4-7) 11
TOTAL FM JUL 1 0 CLOUDY (SCALE 8-10) 1
DPTR FM NORMAL 0
[CDD (BASE 65) ]
TOTAL THIS MO. 513
DPTR FM NORMAL 26 [PRESSURE DATA]
TOTAL FM JAN 1 1212 HIGHEST SLP 30.19 ON 25
DPTR FM NORMAL 82 LOWEST SLP 29.79 ON 12
[REMARKS]
#FINAL-07-20#