000
CXUS56 KLKN 050105
CF6EKO
PRELIMINARY LOCAL CLIMATOLOGICAL DATA (WS FORM: F-6)
STATION: ELKO AIRPORT NV
MONTH: DECEMBER
YEAR: 2023
LATITUDE: 40 49 N
LONGITUDE: 115 47 W
TEMPERATURE IN F: :PCPN: SNOW: WIND :SUNSHINE: SKY :PK WND
================================================================================
1 2 3 4 5 6A 6B 7 8 9 10 11 12 13 14 15 16 17 18
12Z AVG MX 2MIN
DY MAX MIN AVG DEP HDD CDD WTR SNW DPTH SPD SPD DIR MIN PSBL S-S WX SPD DR
================================================================================
1 34 20 27 -3 38 0 0.15 1.6 1 7.8 23 250 M M 8 1 30 250
2 41 24 33 3 32 0 0.19 0.5 2 10.1 23 240 M M 10 1 32 220
3 44 36 40 11 25 0 0.20 0.0 1 8.1 18 200 M M 10 30 190
4 52 30 41 12 24 0 0.00 0.0 0 3.3 9 260 M M 1 12 220
5 52 27 40 11 25 0 0.00 0.0 0 3.8 10 80 M M 0 13 80
6 60 27 44 16 21 0 T 0.0 0 8.2 29 260 M M 1 38 290
7 44 31 38 10 27 0 0.11 0.8 0 10.5 30 260 M M 7 1 37 260
8 36 18 27 -1 38 0 T 0.0 1 5.5 18 260 M M 3 1 25 270
9 34 13 24 -4 41 0 0.00 0.0 1 3.5 8 50 M M 1 12 60
10 42 17 30 3 35 0 0.00 0.0 T 1.3 7 70 M M 0 8 240
11 47 17 32 5 33 0 0.00 0.0 T 2.2 8 60 M M 1 10 70
12 40 26 33 6 32 0 0.08 0.5 T 3.5 12 40 M M 9 1 16 40
13 39 21 30 3 35 0 0.00 0.0 T 2.7 7 270 M M 4 11 210
14 32 18 25 -1 40 0 T 0.0 T 3.2 8 70 M M 7 12 10 60
15 38 20 29 3 36 0 T 0.0 T 3.9 8 20 M M 4 1 11 360
16 43 19 31 5 34 0 0.00 0.0 0 2.8 8 70 M M 0 10 70
17 44 15 30 4 35 0 0.00 0.0 0 2.9 8 80 M M 0 1 10 90
18 45 24 35 9 30 0 0.01 0.0 T 5.5 13 60 M M 4 15 70
19 47 28 38 12 27 0 0.00 0.0 T 5.7 10 90 M M 3 13 20
20 48 30 39 13 26 0 0.17 0.0 T 4.7 12 60 M M 5 1 14 60
21 49 27 38 12 27 0 0.00 0.0 T 2.1 7 60 M M 0 8 260
22 50 26 38 12 27 0 0.00 0.0 0 2.5 10 240 M M 2 13 240
23 40 16 28 2 37 0 0.00 0.0 0 5.7 18 330 M M 2 24 330
24 32 12 22 -4 43 0 0.00 0.0 0 1.3 7 80 M M 1 8 90
25 43 22 33 7 32 0 0.00 0.0 0 3.6 10 200 M M 1 15 230
26 40 24 32 7 33 0 0.04 0.6 0 3.0 8 80 M M 5 18 10 70
27 39 29 34 8 31 0 0.00 0.0 0 4.6 14 60 M M 7 18 60
28 50 27 39 13 26 0 0.00 0.0 0 4.0 9 50 M M 1 11 60
29 50 23 37 11 28 0 0.00 0.0 0 6.8 13 70 M M 1 16 60
30 50 26 38 12 27 0 0.00 0.0 0 5.0 14 80 M M 0 17 70
31 47 20 34 8 31 0 0.00 0.0 0 3.4 8 80 M M 0 10 40
================================================================================
SM 1352 713 976 0 0.95 4.0 141.2 M 98
================================================================================
AV 43.6 23.0 4.6 FASTST M M 3 MAX(MPH)
MISC ----> 30 260 38 290
================================================================================
NOTES:
# LAST OF SEVERAL OCCURRENCES
COLUMN 17 PEAK WIND IN M.P.H.
PRELIMINARY LOCAL CLIMATOLOGICAL DATA (WS FORM: F-6) , PAGE 2
STATION: ELKO AIRPORT NV
MONTH: DECEMBER
YEAR: 2023
LATITUDE: 40 49 N
LONGITUDE: 115 47 W
[TEMPERATURE DATA] [PRECIPITATION DATA] SYMBOLS USED IN COLUMN 16
AVERAGE MONTHLY: 33.3 TOTAL FOR MONTH: 0.95 1 = FOG OR MIST
DPTR FM NORMAL: 6.6 DPTR FM NORMAL: -0.25 2 = FOG REDUCING VISIBILITY
HIGHEST: 60 ON 6 GRTST 24HR 0.33 ON 2- 3 TO 1/4 MILE OR LESS
LOWEST: 12 ON 24 3 = THUNDER
SNOW, ICE PELLETS, HAIL 4 = ICE PELLETS
TOTAL MONTH: 4.0 INCHES 5 = HAIL
GRTST 24HR 1.6 ON 1- 1 6 = FREEZING RAIN OR DRIZZLE
GRTST DEPTH: 2 ON 2 7 = DUSTSTORM OR SANDSTORM:
VSBY 1/2 MILE OR LESS
8 = SMOKE OR HAZE
[NO. OF DAYS WITH] [WEATHER - DAYS WITH] 9 = BLOWING SNOW
X = TORNADO
MAX 32 OR BELOW: 2 0.01 INCH OR MORE: 8
MAX 90 OR ABOVE: 0 0.10 INCH OR MORE: 5
MIN 32 OR BELOW: 30 0.50 INCH OR MORE: 0
MIN 0 OR BELOW: 0 1.00 INCH OR MORE: 0
[HDD (BASE 65) ]
TOTAL THIS MO. 976 CLEAR (SCALE 0-3) 18
DPTR FM NORMAL -211 PTCLDY (SCALE 4-7) 10
TOTAL FM JUL 1 2413 CLOUDY (SCALE 8-10) 3
DPTR FM NORMAL -403
[CDD (BASE 65) ]
TOTAL THIS MO. 0
DPTR FM NORMAL 0 [PRESSURE DATA]
TOTAL FM JAN 1 513 HIGHEST SLP 30.67 ON 9
DPTR FM NORMAL 20 LOWEST SLP 29.79 ON 6
[REMARKS]
#FINAL-12-23#