000
CXUS54 KSHV 011300
CF6ELD
PRELIMINARY LOCAL CLIMATOLOGICAL DATA (WS FORM: F-6)
STATION: EL DORADO
MONTH: JUNE
YEAR: 2023
LATITUDE: 33 13 N
LONGITUDE: 92 49 W
TEMPERATURE IN F: :PCPN: SNOW: WIND :SUNSHINE: SKY :PK WND
================================================================================
1 2 3 4 5 6A 6B 7 8 9 10 11 12 13 14 15 16 17 18
12Z AVG MX 2MIN
DY MAX MIN AVG DEP HDD CDD WTR SNW DPTH SPD SPD DIR MIN PSBL S-S WX SPD DR
================================================================================
1 90 62 76 0 0 11 0.00 0.0 0 2.5 10 110 M M 2 17 130
2 92 64 78 1 0 13 0.00 0.0 0 2.8 12 130 M M 1 14 80
3 92 64 78 1 0 13 0.24 0.0 0 4.2 18 260 M M 3 13 24 260
4 89 62 76 -1 0 11 0.00 0.0 0 2.2 13 350 M M 0 13 17 350
5 92 65 79 2 0 14 0.00 0.0 0 4.4 13 110 M M 1 8 17 160
6 89 65 77 -1 0 12 0.02 0.0 0 2.4 14 40 M M 3 13 20 50
7 92 65 79 1 0 14 0.01 0.0 0 2.7 10 170 M M 1 13 18 330
8 93 63 78 0 0 13 0.02 0.0 0 3.5 18 20 M M 1 138 30 20
9 92 66 79 1 0 14 0.00 0.0 0 3.0 9 320 M M 1 1 13 70
10 91 66 79 1 0 14 0.12 0.0 0 3.8 29 320 M M 2 13 43 320
11 90 64 77 -2 0 12 0.00 0.0 0 7.1 15 230 M M 1 13 26 240
12 81 67 74 -5 0 9 0.00 0.0 0 6.0 15 340 M M 4 22 340
13 79 67 73 -6 0 8 1.20 0.0 0 4.7 17 90 M M 6 123 21 80
14 84 67 76 -3 0 11 0.97 0.0 0 5.0 31 260 M M 6 138 59 320
15 91 71 81 2 0 16 0.49 0.0 0 3.4 13 20 M M 3 13 16 20
16 89 70 80 0 0 15 0.04 0.0 0 5.1 28 200 M M 2 3 40 210
17 95 73 84 4 0 19 0.12 0.0 0 3.9 25 210 M M 3 13 37 220
18 88 67 78 -2 0 13 0.54 0.0 0 8.5 30 60 M M 5 13 43 290
19 91 69 80 0 0 15 0.00 0.0 0 2.3 8 270 M M 2 12 11 240
20 93 71 82 2 0 17 0.00 0.0 0 3.8 12 50 M M 4 20 40
21 91 67 79 -1 0 14 0.00 0.0 0 4.5 15 50 M M 1 1 20 30
22 89 69 79 -1 0 14 0.00 0.0 0 5.2 15 60 M M 1 20 40
23 90 66 78 -3 0 13 0.00 0.0 0 4.1 14 90 M M 0 20 180
24 95 68 82 1 0 17 0.00 0.0 0 5.3 13 160 M M 1 18 200
25 94 75 85 4 0 20 0.00 0.0 0 7.3 15 200 M M 3 21 180
26 90 70 80 -1 0 15 1.09 0.0 0 4.8 26 300 M M 3 13 49 290
27 95 73 84 3 0 19 0.47 0.0 0 3.2 25 40 M M 5 13 35 30
28 95 72 84 3 0 19 0.00 0.0 0 4.0 12 190 M M 1 1 17 220
29 95 76 86 5 0 21 0.00 0.0 0 3.8 13 210 M M 1 17 210
30 96 76 86 5 0 21 0.00 0.0 0 4.5 14 250 M M 1 20 260
================================================================================
SM 2723 2040 0 437 5.33 0.0 128.0 M 68
================================================================================
AV 90.8 68.0 4.3 FASTST M M 2 MAX(MPH)
MISC ----> 31 260 59 320
================================================================================
NOTES:
# LAST OF SEVERAL OCCURRENCES
COLUMN 17 PEAK WIND IN M.P.H.
PRELIMINARY LOCAL CLIMATOLOGICAL DATA (WS FORM: F-6) , PAGE 2
STATION: EL DORADO
MONTH: JUNE
YEAR: 2023
LATITUDE: 33 13 N
LONGITUDE: 92 49 W
[TEMPERATURE DATA] [PRECIPITATION DATA] SYMBOLS USED IN COLUMN 16
AVERAGE MONTHLY: 79.4 TOTAL FOR MONTH: 5.33 1 = FOG OR MIST
DPTR FM NORMAL: 0.1 DPTR FM NORMAL: 1.45 2 = FOG REDUCING VISIBILITY
HIGHEST: 96 ON 30 GRTST 24HR 2.05 ON 13-14 TO 1/4 MILE OR LESS
LOWEST: 62 ON 4, 1 3 = THUNDER
SNOW, ICE PELLETS, HAIL 4 = ICE PELLETS
TOTAL MONTH: 0.0 INCH 5 = HAIL
GRTST 24HR 0.0 6 = FREEZING RAIN OR DRIZZLE
GRTST DEPTH: 0 7 = DUSTSTORM OR SANDSTORM:
VSBY 1/2 MILE OR LESS
8 = SMOKE OR HAZE
[NO. OF DAYS WITH] [WEATHER - DAYS WITH] 9 = BLOWING SNOW
X = TORNADO
MAX 32 OR BELOW: 0 0.01 INCH OR MORE: 13
MAX 90 OR ABOVE: 22 0.10 INCH OR MORE: 9
MIN 32 OR BELOW: 0 0.50 INCH OR MORE: 4
MIN 0 OR BELOW: 0 1.00 INCH OR MORE: 2
[HDD (BASE 65) ]
TOTAL THIS MO. 0 CLEAR (SCALE 0-3) 22
DPTR FM NORMAL 0 PTCLDY (SCALE 4-7) 8
TOTAL FM JUL 1 2211 CLOUDY (SCALE 8-10) 0
DPTR FM NORMAL -346
[CDD (BASE 65) ]
TOTAL THIS MO. 437
DPTR FM NORMAL 9 [PRESSURE DATA]
TOTAL FM JAN 1 776 HIGHEST SLP 30.02 ON 23
DPTR FM NORMAL 4 LOWEST SLP 29.65 ON 18
[REMARKS]
#FINAL-06-23#