000
CXUS54 KSHV 011400
CF6ELD
PRELIMINARY LOCAL CLIMATOLOGICAL DATA (WS FORM: F-6)
STATION: EL DORADO
MONTH: DECEMBER
YEAR: 2022
LATITUDE: 33 13 N
LONGITUDE: 92 49 W
TEMPERATURE IN F: :PCPN: SNOW: WIND :SUNSHINE: SKY :PK WND
================================================================================
1 2 3 4 5 6A 6B 7 8 9 10 11 12 13 14 15 16 17 18
12Z AVG MX 2MIN
DY MAX MIN AVG DEP HDD CDD WTR SNW DPTH SPD SPD DIR MIN PSBL S-S WX SPD DR
================================================================================
1 52 29 41 -9 24 0 0.00 0.0 0 5.3 14 120 M M 1 20 120
2 70 41 56 7 9 0 T 0.0 0 7.8 17 180 M M 8 27 170
3 69 43 56 7 9 0 0.01 0.0 0 5.8 14 20 M M 7 12 20 30
4 48 40 44 -5 21 0 0.04 0.0 0 4.2 10 40 M M 10 1 15 50
5 68 45 57 8 8 0 0.04 0.0 0 3.7 10 190 M M 7 12 17 180
6 75 66 71 23 0 6 T 0.0 0 7.8 14 190 M M 8 21 180
7 80 62 71 23 0 6 T 0.0 0 6.1 15 180 M M 4 1 19 200
8 76 64 70 22 0 5 T 0.0 0 5.6 17 210 M M 7 1 24 200
9 68 60 64 16 1 0 0.03 0.0 0 3.1 10 340 M M 9 1 13 330
10 76 60 68 20 0 3 0.07 0.0 0 5.6 17 200 M M 7 13 22 180
11 62 51 57 10 8 0 0.02 0.0 0 6.1 14 340 M M 10 1 21 360
12 54 50 52 5 13 0 0.02 0.0 0 5.8 10 90 M M 10 1 16 100
13 67 53 60 13 5 0 1.44 0.0 0 9.5 20 130 M M 10 13 28 140
14 60 40 50 3 15 0 0.02 0.0 0 3.9 22 310 M M 6 12 33 300
15 53 33 43 -4 22 0 0.00 0.0 0 5.4 15 260 M M 0 23 260
16 51 29 40 -7 25 0 0.00 0.0 0 3.5 10 270 M M 4 17 300
17 50 28 39 -7 26 0 0.00 0.0 0 5.5 17 280 M M 0 26 270
18 52 24 38 -8 27 0 0.00 0.0 0 2.3 10 30 M M 0 14 60
19 39 32 36 -10 29 0 0.06 T 0 5.3 10 60 M M 9 4 16 90
20 53 32 43 -3 22 0 0.06 0.0 0 5.4 13 10 M M 5 1 18 10
21 53 29 41 -5 24 0 0.00 0.0 0 5.3 13 190 M M 4 1 19 180
22 47 12 30 -16 35 0 T 0.0 0 10.9 26 310 M M 9 1 39 310
23 25 7 16 -30 49 0 0.00 0.0 0 10.9 21 320 M M 0 28 310
24 37 14 26 -20 39 0 0.00 0.0 0 4.6 12 320 M M 0 16 300
25 44 19 32 -13 33 0 0.00 0.0 0 2.7 12 280 M M 1 17 300
26 47 26 37 -8 28 0 0.00 0.0 0 5.3 15 200 M M 2 20 200
27 47 22 35 -10 30 0 0.00 0.0 0 3.7 12 50 M M 0 14 50
28 68 30 49 4 16 0 0.00 0.0 0 10.4 23 200 M M 1 31 170
29 70 59 65 20 0 0 0.85 0.0 0 8.5 21 180 M M 9 13 39 190
30 63 50 57 12 8 0 1.00 0.0 0 2.2 18 60 M M 8 12 23 60
31 67 46 57 12 8 0 0.01 0.0 0 4.2 15 190 M M 6 12 20 200
================================================================================
SM 1791 1196 534 20 3.67 T 176.4 M 162
================================================================================
AV 57.8 38.6 5.7 FASTST M M 5 MAX(MPH)
MISC ----> 26 310 # 39 310
================================================================================
NOTES:
# LAST OF SEVERAL OCCURRENCES
COLUMN 17 PEAK WIND IN M.P.H.
PRELIMINARY LOCAL CLIMATOLOGICAL DATA (WS FORM: F-6) , PAGE 2
STATION: EL DORADO
MONTH: DECEMBER
YEAR: 2022
LATITUDE: 33 13 N
LONGITUDE: 92 49 W
[TEMPERATURE DATA] [PRECIPITATION DATA] SYMBOLS USED IN COLUMN 16
AVERAGE MONTHLY: 48.2 TOTAL FOR MONTH: 3.67 1 = FOG OR MIST
DPTR FM NORMAL: 1.4 DPTR FM NORMAL: -1.94 2 = FOG REDUCING VISIBILITY
HIGHEST: 80 ON 7 GRTST 24HR 1.85 ON 29-30 TO 1/4 MILE OR LESS
LOWEST: 7 ON 23 3 = THUNDER
SNOW, ICE PELLETS, HAIL 4 = ICE PELLETS
TOTAL MONTH: T 5 = HAIL
GRTST 24HR T ON 19-19 6 = FREEZING RAIN OR DRIZZLE
GRTST DEPTH: 0 7 = DUSTSTORM OR SANDSTORM:
VSBY 1/2 MILE OR LESS
8 = SMOKE OR HAZE
[NO. OF DAYS WITH] [WEATHER - DAYS WITH] 9 = BLOWING SNOW
X = TORNADO
MAX 32 OR BELOW: 1 0.01 INCH OR MORE: 14
MAX 90 OR ABOVE: 0 0.10 INCH OR MORE: 3
MIN 32 OR BELOW: 14 0.50 INCH OR MORE: 3
MIN 0 OR BELOW: 0 1.00 INCH OR MORE: 2
[HDD (BASE 65) ]
TOTAL THIS MO. 534 CLEAR (SCALE 0-3) 10
DPTR FM NORMAL -35 PTCLDY (SCALE 4-7) 10
TOTAL FM JUL 1 1026 CLOUDY (SCALE 8-10) 11
DPTR FM NORMAL -13
[CDD (BASE 65) ]
TOTAL THIS MO. 20
DPTR FM NORMAL 15 [PRESSURE DATA]
TOTAL FM JAN 1 2347 HIGHEST SLP 30.68 ON 23
DPTR FM NORMAL 64 LOWEST SLP 29.60 ON 13
[REMARKS]
#FINAL-12-22#