000
CXUS54 KSHV 011400
CF6ELD
PRELIMINARY LOCAL CLIMATOLOGICAL DATA (WS FORM: F-6)
STATION: EL DORADO
MONTH: NOVEMBER
YEAR: 2022
LATITUDE: 33 13 N
LONGITUDE: 92 49 W
TEMPERATURE IN F: :PCPN: SNOW: WIND :SUNSHINE: SKY :PK WND
================================================================================
1 2 3 4 5 6A 6B 7 8 9 10 11 12 13 14 15 16 17 18
12Z AVG MX 2MIN
DY MAX MIN AVG DEP HDD CDD WTR SNW DPTH SPD SPD DIR MIN PSBL S-S WX SPD DR
================================================================================
1 65 48 57 -1 8 0 T 0.0 0 1.4 7 120 M M 2 12 10 130
2 77 49 63 5 2 0 0.00 0.0 0 2.3 10 110 M M 4 12 14 120
3 80 50 65 7 0 0 0.00 0.0 0 4.4 15 150 M M 2 1 20 160
4 80 55 68 11 0 3 1.47 0.0 0 8.8 21 250 M M 6 13 37 290
5 65 47 56 -1 9 0 0.26 0.0 0 3.6 14 290 M M 2 13 24 290
6 75 44 60 3 5 0 0.00 0.0 0 3.6 9 120 M M 4 1 13 110
7 82 65 74 18 0 9 0.00 0.0 0 5.8 13 40 M M 9 12 16 40
8 67 62 65 9 0 0 0.00 0.0 0 4.5 10 50 M M 10 12 14 30
9 83 58 71 15 0 6 0.00 0.0 0 3.9 10 120 M M 4 12 15 180
10 75 49 62 7 3 0 0.00 0.0 0 2.4 10 160 M M 0 14 120
11 64 46 55 0 10 0 0.14 0.0 0 4.8 18 340 M M 7 1 27 350
12 52 31 42 -13 23 0 T 0.0 0 7.1 21 340 M M 5 1 28 340
13 49 27 38 -16 27 0 0.00 0.0 0 5.1 15 50 M M 0 21 50
14 50 30 40 -14 25 0 0.38 0.0 0 6.7 17 60 M M 6 1 24 340
15 47 38 43 -11 22 0 0.00 0.0 0 7.0 15 340 M M 8 1 20 330
16 56 30 43 -11 22 0 0.00 0.0 0 2.7 12 330 M M 0 17 310
17 51 24 38 -15 27 0 0.00 0.0 0 2.3 13 310 M M 0 16 350
18 55 27 41 -12 24 0 0.00 0.0 0 2.6 10 40 M M 1 14 40
19 46 27 37 -16 28 0 0.00 0.0 0 3.5 10 10 M M 7 14 20
20 50 24 37 -15 28 0 0.00 0.0 0 2.3 14 50 M M 0 19 60
21 54 34 44 -8 21 0 T 0.0 0 1.1 8 320 M M 9 11 330
22 63 36 50 -2 15 0 0.00 0.0 0 0.8 8 50 M M 4 18 12 170
23 63 33 48 -4 17 0 0.00 0.0 0 0.0 M M M M 1 1 M M
24 M M M M M M 1.80 0.0 0 M M M M M M 3 M M
25 60 53 57 6 8 0 0.00 0.0 0 7.8 14 40 M M 9 22 20
26 62 48 55 4 10 0 0.41 0.0 0 8.6 21 210 M M 9 1 32 250
27 56 40 48 -2 17 0 0.00 0.0 0 6.6 16 260 M M 4 1 27 270
28 66 36 51 1 14 0 0.00 0.0 0 3.0 12 200 M M 2 12 16 240
29 73 47 60 10 5 0 0.26 0.0 0 6.9 18 180 M M 7 123 25 190
30 64 30 47 -3 18 0 0.00 0.0 0 7.2 22 340 M M 0 30 340
================================================================================
SM 1830 1188 388 18 4.72 0.0 126.8 M 122
================================================================================
AV 63.1 41.0 4.4 FASTST M M 4 MAX(MPH)
MISC ----> 22 340 37 290
================================================================================
NOTES:
# LAST OF SEVERAL OCCURRENCES
COLUMN 17 PEAK WIND IN M.P.H.
PRELIMINARY LOCAL CLIMATOLOGICAL DATA (WS FORM: F-6) , PAGE 2
STATION: EL DORADO
MONTH: NOVEMBER
YEAR: 2022
LATITUDE: 33 13 N
LONGITUDE: 92 49 W
[TEMPERATURE DATA] [PRECIPITATION DATA] SYMBOLS USED IN COLUMN 16
AVERAGE MONTHLY: 52.0 TOTAL FOR MONTH: 4.72 1 = FOG OR MIST
DPTR FM NORMAL: -1.8 DPTR FM NORMAL: 0.89 2 = FOG REDUCING VISIBILITY
HIGHEST: 83 ON 9 GRTST 24HR 1.80 ON 24-24 TO 1/4 MILE OR LESS
LOWEST: 24 ON 20,17 3 = THUNDER
SNOW, ICE PELLETS, HAIL 4 = ICE PELLETS
TOTAL MONTH: 0.0 INCH 5 = HAIL
GRTST 24HR 0.0 6 = FREEZING RAIN OR DRIZZLE
GRTST DEPTH: 0 7 = DUSTSTORM OR SANDSTORM:
VSBY 1/2 MILE OR LESS
8 = SMOKE OR HAZE
[NO. OF DAYS WITH] [WEATHER - DAYS WITH] 9 = BLOWING SNOW
X = TORNADO
MAX 32 OR BELOW: 0 0.01 INCH OR MORE: 7
MAX 90 OR ABOVE: 0 0.10 INCH OR MORE: 7
MIN 32 OR BELOW: 9 0.50 INCH OR MORE: 2
MIN 0 OR BELOW: 0 1.00 INCH OR MORE: 2
[HDD (BASE 65) ]
TOTAL THIS MO. 388 CLEAR (SCALE 0-3) 12
DPTR FM NORMAL 37 PTCLDY (SCALE 4-7) 12
TOTAL FM JUL 1 492 CLOUDY (SCALE 8-10) 6
DPTR FM NORMAL 22
[CDD (BASE 65) ]
TOTAL THIS MO. 18
DPTR FM NORMAL 3 [PRESSURE DATA]
TOTAL FM JAN 1 2327 HIGHEST SLP 30.48 ON 30
DPTR FM NORMAL 49 LOWEST SLP 29.60 ON 26
[REMARKS]
#FINAL-11-22#