000
CXUS54 KSHV 011400
CF6ELD
PRELIMINARY LOCAL CLIMATOLOGICAL DATA (WS FORM: F-6)
STATION: EL DORADO
MONTH: JANUARY
YEAR: 2024
LATITUDE: 33 13 N
LONGITUDE: 92 49 W
TEMPERATURE IN F: :PCPN: SNOW: WIND :SUNSHINE: SKY :PK WND
================================================================================
1 2 3 4 5 6A 6B 7 8 9 10 11 12 13 14 15 16 17 18
12Z AVG MX 2MIN
DY MAX MIN AVG DEP HDD CDD WTR SNW DPTH SPD SPD DIR MIN PSBL S-S WX SPD DR
================================================================================
1 50 26 38 -7 27 0 0.00 0.0 0 6.3 15 30 M M 0 23 70
2 50 24 37 -8 28 0 0.00 0.0 0 2.8 9 90 M M 0 13 100
3 54 31 43 -2 22 0 0.04 0.0 0 2.0 9 330 M M 5 12 30
4 55 25 40 -5 25 0 0.00 0.0 0 5.7 14 50 M M 0 19 50
5 40 33 37 -8 28 0 1.51 0.0 0 6.8 15 60 M M 9 1 22 70
6 49 37 43 -1 22 0 0.00 0.0 0 4.9 12 300 M M 9 1 16 300
7 59 28 44 0 21 0 0.00 0.0 0 1.8 8 120 M M 0 1 11 170
8 53 31 42 -2 23 0 1.19 0.0 0 8.4 20 110 M M 8 13 27 270
9 48 32 40 -4 25 0 T 0.0 0 11.5 25 270 M M 6 39 280
10 61 24 43 -1 22 0 0.00 0.0 0 7.1 21 200 M M 0 32 220
11 68 34 51 7 14 0 T 0.0 0 6.5 21 170 M M 6 1 29 180
12 66 28 47 3 18 0 0.28 0.0 0 11.0 28 280 M M 5 13 45 300
13 55 22 39 -5 26 0 0.00 0.0 0 4.6 17 160 M M 0 25 160
14 34 16 25 -19 40 0 0.16 0.3 0 8.7 14 10 M M 8 146 22 20
15 17 14 16 -28 49 0 0.44 0.7 1 8.3 14 360 M M 9 14 20 30
16 28 10 19 -25 46 0 0.00 0.0 1 6.5 15 310 M M 0 22 330
17 40 7 24 -20 41 0 0.00 0.0 1 4.4 14 150 M M 0 8 19 180
18 44 27 36 -9 29 0 0.00 0.0 T 3.7 14 150 M M 10 12 19 140
19 44 25 35 -10 30 0 0.00 0.0 T 7.7 17 320 M M 3 12 23 10
20 35 19 27 -18 38 0 0.00 0.0 0 7.4 15 40 M M 0 21 50
21 37 16 27 -18 38 0 0.00 0.0 0 6.1 13 50 M M 5 18 50
22 51 34 43 -2 22 0 1.19 0.0 0 8.4 16 110 M M 10 1 23 100
23 63 51 57 12 8 0 2.21 0.0 0 7.5 10 110 M M 10 1 18 140
24 63 57 60 15 5 0 0.38 0.0 0 5.2 20 140 M M 10 12 25 160
25 65 45 55 10 10 0 0.49 0.0 0 2.6 10 270 M M 7 12 15 290
26 57 42 50 5 15 0 0.33 0.0 0 5.4 14 30 M M 10 128 22 30
27 54 42 48 3 17 0 0.65 0.0 0 8.1 16 330 M M 10 18 24 30
28 59 35 47 2 18 0 0.00 0.0 0 6.4 14 300 M M 5 21 300
29 64 30 47 2 18 0 0.00 0.0 0 1.7 8 160 M M 0 14 220
30 75 38 57 11 8 0 0.00 0.0 0 6.2 18 290 M M 0 27 270
31 67 34 51 5 14 0 0.00 0.0 0 2.7 10 50 M M 0 14 20
================================================================================
SM 1605 917 747 0 8.87 1.0 186.4 M 145
================================================================================
AV 51.8 29.6 6.0 FASTST M M 5 MAX(MPH)
MISC ----> 28 280 45 300
================================================================================
NOTES:
# LAST OF SEVERAL OCCURRENCES
COLUMN 17 PEAK WIND IN M.P.H.
PRELIMINARY LOCAL CLIMATOLOGICAL DATA (WS FORM: F-6) , PAGE 2
STATION: EL DORADO
MONTH: JANUARY
YEAR: 2024
LATITUDE: 33 13 N
LONGITUDE: 92 49 W
[TEMPERATURE DATA] [PRECIPITATION DATA] SYMBOLS USED IN COLUMN 16
AVERAGE MONTHLY: 40.7 TOTAL FOR MONTH: 8.87 1 = FOG OR MIST
DPTR FM NORMAL: -4.0 DPTR FM NORMAL: 4.48 2 = FOG REDUCING VISIBILITY
HIGHEST: 75 ON 30 GRTST 24HR 2.21 ON 23-23 TO 1/4 MILE OR LESS
LOWEST: 7 ON 17 3 = THUNDER
SNOW, ICE PELLETS, HAIL 4 = ICE PELLETS
TOTAL MONTH: 1.0 INCH 5 = HAIL
GRTST 24HR 0.7 ON 15-15 6 = FREEZING RAIN OR DRIZZLE
GRTST DEPTH: 1 ON 16 7 = DUSTSTORM OR SANDSTORM:
VSBY 1/2 MILE OR LESS
8 = SMOKE OR HAZE
[NO. OF DAYS WITH] [WEATHER - DAYS WITH] 9 = BLOWING SNOW
X = TORNADO
MAX 32 OR BELOW: 2 0.01 INCH OR MORE: 12
MAX 90 OR ABOVE: 0 0.10 INCH OR MORE: 11
MIN 32 OR BELOW: 19 0.50 INCH OR MORE: 5
MIN 0 OR BELOW: 0 1.00 INCH OR MORE: 4
[HDD (BASE 65) ]
TOTAL THIS MO. 747 CLEAR (SCALE 0-3) 13
DPTR FM NORMAL 117 PTCLDY (SCALE 4-7) 8
TOTAL FM JUL 1 1684 CLOUDY (SCALE 8-10) 10
DPTR FM NORMAL 13
[CDD (BASE 65) ]
TOTAL THIS MO. 0
DPTR FM NORMAL -3 [PRESSURE DATA]
TOTAL FM JAN 1 0 HIGHEST SLP 30.66 ON 20
DPTR FM NORMAL -3 LOWEST SLP 29.40 ON 12
[REMARKS]
#FINAL-01-24#