000
CXUS54 KSHV 011300
CF6ELD
PRELIMINARY LOCAL CLIMATOLOGICAL DATA (WS FORM: F-6)
STATION: EL DORADO
MONTH: APRIL
YEAR: 2021
LATITUDE: 33 13 N
LONGITUDE: 92 49 W
TEMPERATURE IN F: :PCPN: SNOW: WIND :SUNSHINE: SKY :PK WND
================================================================================
1 2 3 4 5 6A 6B 7 8 9 10 11 12 13 14 15 16 17 18
12Z AVG MX 2MIN
DY MAX MIN AVG DEP HDD CDD WTR SNW DPTH SPD SPD DIR MIN PSBL S-S WX SPD DR
================================================================================
1 64 33 49 -11 16 0 0.00 0.0 0 4.5 17 310 M M 0 24 10
2 64 31 48 -12 17 0 0.00 0.0 0 3.9 13 90 M M 0 20 70
3 72 36 54 -6 11 0 0.00 0.0 0 2.4 12 130 M M 3 20 120
4 76 50 63 2 2 0 0.00 0.0 0 1.9 12 160 M M 7 16 170
5 80 52 66 5 0 1 0.00 0.0 0 5.1 15 160 M M 6 18 19 160
6 79 52 66 5 0 1 0.00 0.0 0 8.1 20 150 M M 5 18 26 150
7 72 56 64 3 1 0 1.24 0.0 0 8.8 22 160 M M 6 138 33 160
8 78 46 62 0 3 0 0.00 0.0 0 4.4 17 230 M M 0 1 23 230
9 79 53 66 4 0 1 1.00 0.0 0 7.0 35 310 M M 2 13 49 320
10 74 46 60 -2 5 0 0.14 0.0 0 7.1 24 290 M M 2 13 33 290
11 80 43 62 0 3 0 0.00 0.0 0 1.7 12 210 M M 0 16 280
12 87 47 67 5 0 2 0.00 0.0 0 3.5 13 140 M M 0 19 120
13 86 55 71 8 0 6 0.00 0.0 0 4.3 15 100 M M 0 19 70
14 62 54 58 -5 7 0 0.40 0.0 0 5.9 16 30 M M 9 13 23 40
15 71 52 62 -1 3 0 0.12 0.0 0 6.7 17 40 M M 4 1 23 40
16 57 52 55 -9 10 0 0.38 0.0 0 6.3 13 50 M M 10 1 18 360
17 65 50 58 -6 7 0 0.00 0.0 0 7.1 14 350 M M 8 1 22 350
18 67 44 56 -8 9 0 0.00 0.0 0 5.6 16 320 M M 6 21 330
19 73 39 56 -8 9 0 0.00 0.0 0 1.2 10 290 M M 0 15 270
20 78 42 60 -4 5 0 0.00 0.0 0 7.8 23 340 M M 2 30 340
21 63 34 49 -16 16 0 0.00 0.0 0 5.1 17 40 M M 0 23 50
22 68 40 54 -11 11 0 0.00 0.0 0 3.8 13 80 M M 7 19 80
23 66 56 61 -4 4 0 1.25 0.0 0 8.3 20 130 M M 10 13 28 110
24 77 52 65 -1 0 0 0.40 0.0 0 8.0 30 290 M M 5 13 44 280
25 79 45 62 -4 3 0 0.00 0.0 0 4.7 12 130 M M 0 1 18 160
26 82 49 66 0 0 1 0.00 0.0 0 6.6 16 180 M M 0 23 170
27 80 61 71 5 0 6 T 0.0 0 7.6 17 180 M M 4 22 180
28 86 70 78 11 0 13 T 0.0 0 7.9 17 180 M M 7 1 23 180
29 83 69 76 9 0 11 0.06 0.0 0 6.2 17 190 M M 6 13 25 150
30 72 58 65 -2 0 0 0.02 0.0 0 5.5 16 70 M M 7 1 21 70
================================================================================
SM 2220 1467 142 42 5.01 0.0 167.0 M 116
================================================================================
AV 74.0 48.9 5.6 FASTST M M 4 MAX(MPH)
MISC ----> 35 310 49 320
================================================================================
NOTES:
# LAST OF SEVERAL OCCURRENCES
COLUMN 17 PEAK WIND IN M.P.H.
PRELIMINARY LOCAL CLIMATOLOGICAL DATA (WS FORM: F-6) , PAGE 2
STATION: EL DORADO
MONTH: APRIL
YEAR: 2021
LATITUDE: 33 13 N
LONGITUDE: 92 49 W
[TEMPERATURE DATA] [PRECIPITATION DATA] SYMBOLS USED IN COLUMN 16
AVERAGE MONTHLY: 61.5 TOTAL FOR MONTH: 5.01 1 = FOG OR MIST
DPTR FM NORMAL: -2.0 DPTR FM NORMAL: 0.92 2 = FOG REDUCING VISIBILITY
HIGHEST: 87 ON 12 GRTST 24HR 1.65 ON 23-24 TO 1/4 MILE OR LESS
LOWEST: 31 ON 2 3 = THUNDER
SNOW, ICE PELLETS, HAIL 4 = ICE PELLETS
TOTAL MONTH: 0.0 INCH 5 = HAIL
GRTST 24HR 0.0 6 = FREEZING RAIN OR DRIZZLE
GRTST DEPTH: 0 7 = DUSTSTORM OR SANDSTORM:
VSBY 1/2 MILE OR LESS
8 = SMOKE OR HAZE
[NO. OF DAYS WITH] [WEATHER - DAYS WITH] 9 = BLOWING SNOW
X = TORNADO
MAX 32 OR BELOW: 0 0.01 INCH OR MORE: 10
MAX 90 OR ABOVE: 0 0.10 INCH OR MORE: 8
MIN 32 OR BELOW: 1 0.50 INCH OR MORE: 3
MIN 0 OR BELOW: 0 1.00 INCH OR MORE: 3
[HDD (BASE 65) ]
TOTAL THIS MO. 142 CLEAR (SCALE 0-3) 14
DPTR FM NORMAL 24 PTCLDY (SCALE 4-7) 13
TOTAL FM JUL 1 2662 CLOUDY (SCALE 8-10) 3
DPTR FM NORMAL 8
[CDD (BASE 65) ]
TOTAL THIS MO. 42
DPTR FM NORMAL -29 [PRESSURE DATA]
TOTAL FM JAN 1 73 HIGHEST SLP 30.55 ON 1
DPTR FM NORMAL -26 LOWEST SLP 29.55 ON 9
[REMARKS]
#FINAL-04-21#