000
CXUS54 KSHV 011400
CF6ELD
PRELIMINARY LOCAL CLIMATOLOGICAL DATA (WS FORM: F-6)
STATION: EL DORADO
MONTH: FEBRUARY
YEAR: 2021
LATITUDE: 33 13 N
LONGITUDE: 92 49 W
TEMPERATURE IN F: :PCPN: SNOW: WIND :SUNSHINE: SKY :PK WND
================================================================================
1 2 3 4 5 6A 6B 7 8 9 10 11 12 13 14 15 16 17 18
12Z AVG MX 2MIN
DY MAX MIN AVG DEP HDD CDD WTR SNW DPTH SPD SPD DIR MIN PSBL S-S WX SPD DR
================================================================================
1 55 31 43 -2 22 0 0.00 0.0 0 6.0 16 310 M M 1 20 310
2 55 28 42 -3 23 0 0.00 0.0 0 1.8 8 360 M M 0 11 10
3 59 27 43 -2 22 0 0.00 0.0 0 4.6 12 160 M M 0 1 15 110
4 69 43 56 10 9 0 T 0.0 0 11.0 21 310 M M 6 28 320
5 55 28 42 -4 23 0 0.00 0.0 0 3.0 9 140 M M 3 12 160
6 48 35 42 -4 23 0 0.15 0.0 0 6.3 16 340 M M 9 1 22 330
7 43 34 39 -7 26 0 0.00 0.0 0 6.0 13 80 M M 9 18 100
8 60 35 48 2 17 0 0.00 0.0 0 4.9 16 140 M M 8 1 21 190
9 56 39 48 2 17 0 T 0.0 0 4.1 12 30 M M 9 18 15 10
10 43 35 39 -8 26 0 0.24 0.0 0 7.1 18 50 M M 10 1238 26 40
11 34 30 32 -15 33 0 0.03 T 0 8.4 15 30 M M 10 138 20 20
12 30 27 29 -18 36 0 0.00 T 0 9.2 15 30 M M 10 18 22 40
13 38 25 32 -15 33 0 0.00 0.0 0 9.2 16 10 M M 8 8 23 360
14 26 19 23 -25 42 0 0.06 1.0 0 10.4 17 40 M M 9 48 23 30
15 20 13 17 -31 48 0 0.44 2.0 3 9.4 18 330 M M 3 128 27 350
16 28 6 17 -31 48 0 0.05 0.5 4 5.2 14 70 M M 1 19 70
17 23 19 21 -27 44 0 0.96 7.5 5 7.0 14 20 M M 2 16 20 30
18 34 18 26 -22 39 0 0.00 0.0 12 6.4 15 320 M M 2 1 20 20
19 44 7 26 -23 39 0 0.00 0.0 10 2.7 10 60 M M 0 18 14 50
20 50 15 33 -16 32 0 0.00 0.0 6 4.3 10 160 M M 4 128 12 160
21 59 22 41 -8 24 0 0.01 0.0 3 6.3 18 160 M M 5 12 23 170
22 64 30 47 -3 18 0 0.00 0.0 T 2.8 10 230 M M 2 12 16 220
23 76 29 53 3 12 0 0.00 0.0 0 5.0 16 180 M M 0 20 200
24 71 46 59 9 6 0 0.00 0.0 0 5.9 14 210 M M 6 18 190
25 65 46 56 6 9 0 0.56 0.0 0 9.5 24 320 M M 8 13 32 330
26 58 44 51 0 14 0 1.66 0.0 0 6.1 14 130 M M 10 13 22 40
27 67 54 61 10 4 0 0.02 0.0 0 4.3 9 70 M M 9 12 12 80
28 77 59 68 17 0 3 1.46 0.0 0 8.4 21 350 M M 7 13 28 200
================================================================================
SM 1407 844 689 3 5.64 11.0 175.3 M 151
================================================================================
AV 50.3 30.1 6.3 FASTST M M 5 MAX(MPH)
MISC ----> 24 320 32 330
================================================================================
NOTES:
# LAST OF SEVERAL OCCURRENCES
COLUMN 17 PEAK WIND IN M.P.H.
PRELIMINARY LOCAL CLIMATOLOGICAL DATA (WS FORM: F-6) , PAGE 2
STATION: EL DORADO
MONTH: FEBRUARY
YEAR: 2021
LATITUDE: 33 13 N
LONGITUDE: 92 49 W
[TEMPERATURE DATA] [PRECIPITATION DATA] SYMBOLS USED IN COLUMN 16
AVERAGE MONTHLY: 40.2 TOTAL FOR MONTH: 5.64 1 = FOG OR MIST
DPTR FM NORMAL: -7.6 DPTR FM NORMAL: 0.85 2 = FOG REDUCING VISIBILITY
HIGHEST: 77 ON 28 GRTST 24HR 2.22 ON 25-26 TO 1/4 MILE OR LESS
LOWEST: 6 ON 16 3 = THUNDER
SNOW, ICE PELLETS, HAIL 4 = ICE PELLETS
TOTAL MONTH: 11.0 INCHES 5 = HAIL
GRTST 24HR 7.5 ON 17-17 6 = FREEZING RAIN OR DRIZZLE
GRTST DEPTH: 12 ON 18 7 = DUSTSTORM OR SANDSTORM:
VSBY 1/2 MILE OR LESS
8 = SMOKE OR HAZE
[NO. OF DAYS WITH] [WEATHER - DAYS WITH] 9 = BLOWING SNOW
X = TORNADO
MAX 32 OR BELOW: 5 0.01 INCH OR MORE: 12
MAX 90 OR ABOVE: 0 0.10 INCH OR MORE: 7
MIN 32 OR BELOW: 17 0.50 INCH OR MORE: 4
MIN 0 OR BELOW: 0 1.00 INCH OR MORE: 2
[HDD (BASE 65) ]
TOTAL THIS MO. 689 CLEAR (SCALE 0-3) 11
DPTR FM NORMAL 204 PTCLDY (SCALE 4-7) 8
TOTAL FM JUL 1 2283 CLOUDY (SCALE 8-10) 9
DPTR FM NORMAL 54
[CDD (BASE 65) ]
TOTAL THIS MO. 3
DPTR FM NORMAL -1 [PRESSURE DATA]
TOTAL FM JAN 1 3 HIGHEST SLP 30.55 ON 19
DPTR FM NORMAL 1 LOWEST SLP 29.68 ON 4
[REMARKS]
#FINAL-02-21#