000
CXUS54 KSHV 011500
CF6ELD
PRELIMINARY LOCAL CLIMATOLOGICAL DATA (WS FORM: F-6)
STATION: EL DORADO
MONTH: SEPTEMBER
YEAR: 2020
LATITUDE: 33 13 N
LONGITUDE: 92 49 W
TEMPERATURE IN F: :PCPN: SNOW: WIND :SUNSHINE: SKY :PK WND
================================================================================
1 2 3 4 5 6A 6B 7 8 9 10 11 12 13 14 15 16 17 18
12Z AVG MX 2MIN
DY MAX MIN AVG DEP HDD CDD WTR SNW DPTH SPD SPD DIR MIN PSBL S-S WX SPD DR
================================================================================
1 93 77 85 6 0 20 T 0.0 0 7.2 17 310 M M 5 138 23 310
2 90 76 83 4 0 18 0.58 0.0 0 7.0 23 230 M M 5 13 30 210
3 87 73 80 1 0 15 0.77 0.0 0 3.1 15 230 M M 3 13 23 220
4 88 74 81 3 0 16 T 0.0 0 2.2 9 330 M M 1 1 11 360
5 85 67 76 -2 0 11 T 0.0 0 3.8 9 50 M M 2 12 40
6 91 63 77 -1 0 12 0.00 0.0 0 1.7 7 210 M M 0 9 180
7 90 65 78 0 0 13 0.00 0.0 0 2.4 12 220 M M 1 15 220
8 90 66 78 1 0 13 0.00 0.0 0 2.8 9 110 M M 1 13 110
9 92 68 80 3 0 15 0.00 0.0 0 3.1 13 120 M M 0 1 17 100
10 93 72 83 6 0 18 2.59 0.0 0 2.6 21 340 M M 4 13 28 350
11 92 73 83 7 0 18 0.00 0.0 0 4.0 10 40 M M 2 1 13 30
12 92 72 82 6 0 17 0.01 0.0 0 3.2 16 40 M M 5 13 21 40
13 86 71 79 3 0 14 0.56 0.0 0 5.1 20 60 M M 7 1 26 70
14 87 71 79 4 0 14 0.03 0.0 0 7.8 15 30 M M 5 1 22 30
15 89 68 79 4 0 14 0.00 0.0 0 6.4 13 30 M M 1 19 320
16 89 71 80 5 0 15 0.00 0.0 0 6.4 13 360 M M 4 1 19 350
17 88 67 78 4 0 13 0.00 0.0 0 4.6 10 350 M M 1 1 16 340
18 84 65 75 1 0 10 0.00 0.0 0 7.4 14 10 M M 1 1 18 40
19 79 58 69 -5 0 4 0.00 0.0 0 7.2 15 20 M M 0 20 30
20 83 59 71 -2 0 6 0.00 0.0 0 8.7 20 60 M M 3 26 50
21 70 64 67 -6 0 2 1.30 0.0 0 7.8 14 60 M M 10 1 20 80
22 67 63 65 -7 0 0 1.49 0.0 0 8.8 15 40 M M 10 1 19 40
23 69 63 66 -6 0 1 0.36 0.0 0 7.8 13 10 M M 10 1 19 20
24 68 61 65 -7 0 0 0.02 0.0 0 5.7 14 330 M M 10 1 19 340
25 72 57 65 -6 0 0 0.00 0.0 0 1.9 8 40 M M 9 12 9 10
26 80 55 68 -3 0 3 0.00 0.0 0 1.6 10 210 M M 4 12 14 170
27 87 59 73 3 0 8 0.00 0.0 0 4.2 12 180 M M 3 12 18 180
28 76 56 66 -4 0 1 0.06 0.0 0 9.2 26 330 M M 4 39 340
29 77 48 63 -7 2 0 0.00 0.0 0 4.6 17 300 M M 0 24 310
30 84 48 66 -3 0 1 0.00 0.0 0 3.9 13 200 M M 0 26 170
================================================================================
SM 2518 1950 2 292 7.77 0.0 152.2 M 111
================================================================================
AV 83.9 65.0 5.1 FASTST M M 4 MAX(MPH)
MISC ----> # 26 330 # 39 340
================================================================================
NOTES:
# LAST OF SEVERAL OCCURRENCES
COLUMN 17 PEAK WIND IN M.P.H.
PRELIMINARY LOCAL CLIMATOLOGICAL DATA (WS FORM: F-6) , PAGE 2
STATION: EL DORADO
MONTH: SEPTEMBER
YEAR: 2020
LATITUDE: 33 13 N
LONGITUDE: 92 49 W
[TEMPERATURE DATA] [PRECIPITATION DATA] SYMBOLS USED IN COLUMN 16
AVERAGE MONTHLY: 74.5 TOTAL FOR MONTH: 7.77 1 = FOG OR MIST
DPTR FM NORMAL: -0.1 DPTR FM NORMAL: 4.66 2 = FOG REDUCING VISIBILITY
HIGHEST: 93 ON 10, 1 GRTST 24HR 2.59 ON 10-10 TO 1/4 MILE OR LESS
LOWEST: 48 ON 30,29 3 = THUNDER
SNOW, ICE PELLETS, HAIL 4 = ICE PELLETS
TOTAL MONTH: 0.0 INCH 5 = HAIL
GRTST 24HR 0.0 6 = FREEZING RAIN OR DRIZZLE
GRTST DEPTH: 0 7 = DUSTSTORM OR SANDSTORM:
VSBY 1/2 MILE OR LESS
8 = SMOKE OR HAZE
[NO. OF DAYS WITH] [WEATHER - DAYS WITH] 9 = BLOWING SNOW
X = TORNADO
MAX 32 OR BELOW: 0 0.01 INCH OR MORE: 11
MAX 90 OR ABOVE: 9 0.10 INCH OR MORE: 7
MIN 32 OR BELOW: 0 0.50 INCH OR MORE: 6
MIN 0 OR BELOW: 0 1.00 INCH OR MORE: 3
[HDD (BASE 65) ]
TOTAL THIS MO. 2 CLEAR (SCALE 0-3) 16
DPTR FM NORMAL -10 PTCLDY (SCALE 4-7) 9
TOTAL FM JUL 1 2 CLOUDY (SCALE 8-10) 5
DPTR FM NORMAL -10
[CDD (BASE 65) ]
TOTAL THIS MO. 292
DPTR FM NORMAL -8 [PRESSURE DATA]
TOTAL FM JAN 1 2039 HIGHEST SLP 30.28 ON 5
DPTR FM NORMAL 12 LOWEST SLP 29.72 ON 28
[REMARKS]
#FINAL-09-20#