000
CXUS54 KSHV 011500
CF6ELD
PRELIMINARY LOCAL CLIMATOLOGICAL DATA (WS FORM: F-6)
STATION: EL DORADO
MONTH: JUNE
YEAR: 2020
LATITUDE: 33 13 N
LONGITUDE: 92 49 W
TEMPERATURE IN F: :PCPN: SNOW: WIND :SUNSHINE: SKY :PK WND
================================================================================
1 2 3 4 5 6A 6B 7 8 9 10 11 12 13 14 15 16 17 18
12Z AVG MX 2MIN
DY MAX MIN AVG DEP HDD CDD WTR SNW DPTH SPD SPD DIR MIN PSBL S-S WX SPD DR
================================================================================
1 86 60 73 -2 0 8 0.00 0.0 0 3.0 10 100 M M 0 14 70
2 87 62 75 -1 0 10 T 0.0 0 1.1 8 180 M M 1 11 170
3 92 66 79 3 0 14 0.00 0.0 0 3.3 15 170 M M 2 22 190
4 91 70 81 5 0 16 0.00 0.0 0 5.9 15 190 M M 1 19 190
5 95 70 83 7 0 18 0.59 0.0 0 4.9 25 90 M M 2 13 35 100
6 91 69 80 4 0 15 0.00 0.0 0 5.4 21 40 M M 3 1 26 50
7 92 71 82 5 0 17 0.00 0.0 0 9.9 21 50 M M 0 26 70
8 79 73 76 -1 0 11 1.82 0.0 0 11.9 26 280 M M 6 1 41 280
9 92 69 81 4 0 16 0.32 0.0 0 10.4 28 260 M M 5 13 37 260
10 83 63 73 -4 0 8 0.00 0.0 0 6.7 18 270 M M 1 3 26 280
11 86 58 72 -5 0 7 0.00 0.0 0 3.9 14 20 M M 0 19 40
12 89 59 74 -4 0 9 0.00 0.0 0 4.1 13 30 M M 0 18 50
13 91 63 77 -1 0 12 0.00 0.0 0 3.5 14 40 M M 0 19 70
14 91 63 77 -1 0 12 0.00 0.0 0 2.5 10 70 M M 1 15 50
15 94 66 80 2 0 15 0.00 0.0 0 2.8 10 40 M M 1 1 14 60
16 89 67 78 0 0 13 0.00 0.0 0 4.4 13 60 M M 1 16 60
17 90 62 76 -3 0 11 0.00 0.0 0 2.1 9 70 M M 1 14 80
18 91 63 77 -2 0 12 0.00 0.0 0 2.8 10 100 M M 1 15 110
19 92 69 81 2 0 16 0.00 0.0 0 3.0 10 200 M M 5 13 230
20 90 71 81 2 0 16 T 0.0 0 5.6 17 200 M M 2 21 210
21 90 71 81 2 0 16 1.44 0.0 0 6.0 20 170 M M 3 13 26 160
22 88 66 77 -3 0 12 1.39 0.0 0 7.2 20 190 M M 5 13 25 190
23 84 70 77 -3 0 12 0.43 0.0 0 3.7 22 170 M M 3 13 26 170
24 88 71 80 0 0 15 T 0.0 0 2.5 16 40 M M 5 3 21 50
25 85 69 77 -3 0 12 0.04 0.0 0 4.8 15 160 M M 7 1 18 140
26 82 72 77 -3 0 12 0.36 0.0 0 6.3 17 210 M M 8 1 25 200
27 90 76 83 3 0 18 0.00 0.0 0 6.6 15 190 M M 5 1 20 170
28 93 74 84 4 0 19 0.12 0.0 0 7.9 28 160 M M 4 13 40 170
29 90 76 83 3 0 18 0.01 0.0 0 8.4 20 160 M M 4 1 27 160
30 92 76 84 3 0 19 0.00 0.0 0 8.9 18 200 M M 4 26 190
================================================================================
SM 2673 2035 0 409 6.52 0.0 159.5 M 81
================================================================================
AV 89.1 67.8 5.3 FASTST M M 3 MAX(MPH)
MISC ----> # 28 260 # 41 280
================================================================================
NOTES:
# LAST OF SEVERAL OCCURRENCES
COLUMN 17 PEAK WIND IN M.P.H.
PRELIMINARY LOCAL CLIMATOLOGICAL DATA (WS FORM: F-6) , PAGE 2
STATION: EL DORADO
MONTH: JUNE
YEAR: 2020
LATITUDE: 33 13 N
LONGITUDE: 92 49 W
[TEMPERATURE DATA] [PRECIPITATION DATA] SYMBOLS USED IN COLUMN 16
AVERAGE MONTHLY: 78.5 TOTAL FOR MONTH: 6.52 1 = FOG OR MIST
DPTR FM NORMAL: 0.3 DPTR FM NORMAL: 1.62 2 = FOG REDUCING VISIBILITY
HIGHEST: 95 ON 5 GRTST 24HR 1.82 ON 8- 8 TO 1/4 MILE OR LESS
LOWEST: 58 ON 11 3 = THUNDER
SNOW, ICE PELLETS, HAIL 4 = ICE PELLETS
TOTAL MONTH: 0.0 INCH 5 = HAIL
GRTST 24HR 0.0 6 = FREEZING RAIN OR DRIZZLE
GRTST DEPTH: 0 7 = DUSTSTORM OR SANDSTORM:
VSBY 1/2 MILE OR LESS
8 = SMOKE OR HAZE
[NO. OF DAYS WITH] [WEATHER - DAYS WITH] 9 = BLOWING SNOW
X = TORNADO
MAX 32 OR BELOW: 0 0.01 INCH OR MORE: 10
MAX 90 OR ABOVE: 18 0.10 INCH OR MORE: 8
MIN 32 OR BELOW: 0 0.50 INCH OR MORE: 4
MIN 0 OR BELOW: 0 1.00 INCH OR MORE: 3
[HDD (BASE 65) ]
TOTAL THIS MO. 0 CLEAR (SCALE 0-3) 17
DPTR FM NORMAL 0 PTCLDY (SCALE 4-7) 13
TOTAL FM JUL 1 2304 CLOUDY (SCALE 8-10) 0
DPTR FM NORMAL -369
[CDD (BASE 65) ]
TOTAL THIS MO. 409
DPTR FM NORMAL 13 [PRESSURE DATA]
TOTAL FM JAN 1 724 HIGHEST SLP 30.30 ON 12
DPTR FM NORMAL 17 LOWEST SLP 29.45 ON 8
[REMARKS]
#FINAL-06-20#