000
CXUS54 KSHV 011300
CF6ELD
PRELIMINARY LOCAL CLIMATOLOGICAL DATA (WS FORM: F-6)
STATION: EL DORADO
MONTH: OCTOBER
YEAR: 2023
LATITUDE: 33 13 N
LONGITUDE: 92 49 W
TEMPERATURE IN F: :PCPN: SNOW: WIND :SUNSHINE: SKY :PK WND
================================================================================
1 2 3 4 5 6A 6B 7 8 9 10 11 12 13 14 15 16 17 18
12Z AVG MX 2MIN
DY MAX MIN AVG DEP HDD CDD WTR SNW DPTH SPD SPD DIR MIN PSBL S-S WX SPD DR
================================================================================
1 90 63 77 7 0 12 0.00 0.0 0 2.3 13 100 M M 0 18 120
2 89 60 75 5 0 10 0.00 0.0 0 2.2 15 90 M M 2 21 110
3 87 59 73 3 0 8 0.00 0.0 0 4.5 12 110 M M 1 19 140
4 74 66 70 1 0 5 0.15 0.0 0 6.2 9 350 M M 9 13 M M
5 71 63 67 -2 0 2 0.45 0.0 0 M M M M M M M M
6 83 58 71 2 0 6 0.00 0.0 0 M M M M M M M M
7 70 46 58 -10 7 0 0.00 0.0 0 M M M M M 0 M M
8 74 42 58 -10 7 0 0.00 0.0 0 2.5 10 260 M M 0 14 260
9 84 46 65 -2 0 0 0.00 0.0 0 3.1 14 250 M M 0 24 190
10 82 53 68 1 0 3 0.00 0.0 0 2.1 10 200 M M 0 16 230
11 72 55 64 -2 1 0 0.00 0.0 0 3.1 10 100 M M 1 13 150
12 66 55 61 -5 4 0 0.00 0.0 0 3.5 10 110 M M 9 1 14 100
13 75 53 64 -2 1 0 0.00 0.0 0 4.5 15 180 M M 4 12 21 200
14 68 51 60 -5 5 0 0.00 0.0 0 6.7 20 320 M M 1 26 310
15 68 52 60 -5 5 0 T 0.0 0 7.6 17 310 M M 9 25 350
16 67 43 55 -9 10 0 0.00 0.0 0 5.8 16 320 M M 1 24 330
17 73 40 57 -7 8 0 0.00 0.0 0 1.9 10 330 M M 0 15 320
18 78 41 60 -4 5 0 0.00 0.0 0 2.9 15 200 M M 0 24 180
19 82 51 67 4 0 2 0.00 0.0 0 4.9 18 240 M M 1 27 250
20 87 51 69 6 0 4 0.00 0.0 0 3.6 13 320 M M 0 20 260
21 88 47 68 6 0 3 0.00 0.0 0 3.0 13 210 M M 0 17 200
22 85 52 69 7 0 4 0.00 0.0 0 3.1 12 60 M M 0 15 70
23 84 61 73 11 0 8 0.00 0.0 0 2.0 12 150 M M 0 17 150
24 83 60 72 11 0 7 0.00 0.0 0 6.9 16 140 M M 1 1 23 100
25 85 66 76 15 0 11 0.00 0.0 0 6.2 13 150 M M 6 19 170
26 86 69 78 17 0 13 0.86 0.0 0 6.9 18 270 M M 8 1 25 270
27 81 69 75 15 0 10 0.00 0.0 0 3.5 10 190 M M 8 1 16 170
28 81 68 75 15 0 10 0.04 0.0 0 2.7 9 230 M M 7 12 13 220
29 84 50 67 7 0 2 0.28 0.0 0 8.2 18 330 M M 5 1 25 20
30 50 39 45 -14 20 0 0.73 0.0 0 9.3 14 350 M M 8 1 27 350
31 58 33 46 -13 19 0 0.00 0.0 0 6.8 17 330 M M 0 25 330
================================================================================
SM 2405 1662 92 120 2.51 0.0 126.0 M 81
================================================================================
AV 77.6 53.6 4.5 FASTST M M 3 MAX(MPH)
MISC ----> 20 320 27 250
================================================================================
NOTES:
# LAST OF SEVERAL OCCURRENCES
COLUMN 17 PEAK WIND IN M.P.H.
PRELIMINARY LOCAL CLIMATOLOGICAL DATA (WS FORM: F-6) , PAGE 2
STATION: EL DORADO
MONTH: OCTOBER
YEAR: 2023
LATITUDE: 33 13 N
LONGITUDE: 92 49 W
[TEMPERATURE DATA] [PRECIPITATION DATA] SYMBOLS USED IN COLUMN 16
AVERAGE MONTHLY: 65.6 TOTAL FOR MONTH: 2.51 1 = FOG OR MIST
DPTR FM NORMAL: 1.0 DPTR FM NORMAL: -2.07 2 = FOG REDUCING VISIBILITY
HIGHEST: 90 ON 1 GRTST 24HR 0.86 ON 26-26 TO 1/4 MILE OR LESS
LOWEST: 33 ON 31 3 = THUNDER
SNOW, ICE PELLETS, HAIL 4 = ICE PELLETS
TOTAL MONTH: 0.0 INCH 5 = HAIL
GRTST 24HR 0.0 6 = FREEZING RAIN OR DRIZZLE
GRTST DEPTH: 0 7 = DUSTSTORM OR SANDSTORM:
VSBY 1/2 MILE OR LESS
8 = SMOKE OR HAZE
[NO. OF DAYS WITH] [WEATHER - DAYS WITH] 9 = BLOWING SNOW
X = TORNADO
MAX 32 OR BELOW: 0 0.01 INCH OR MORE: 6
MAX 90 OR ABOVE: 1 0.10 INCH OR MORE: 5
MIN 32 OR BELOW: 0 0.50 INCH OR MORE: 2
MIN 0 OR BELOW: 0 1.00 INCH OR MORE: 0
[HDD (BASE 65) ]
TOTAL THIS MO. 92 CLEAR (SCALE 0-3) 19
DPTR FM NORMAL -20 PTCLDY (SCALE 4-7) 5
TOTAL FM JUL 1 92 CLOUDY (SCALE 8-10) 7
DPTR FM NORMAL -26
[CDD (BASE 65) ]
TOTAL THIS MO. 120
DPTR FM NORMAL 22 [PRESSURE DATA]
TOTAL FM JAN 1 2386 HIGHEST SLP 30.43 ON 31
DPTR FM NORMAL 123 LOWEST SLP 29.72 ON 12
[REMARKS]
#FINAL-10-23#