000
CXUS54 KSHV 011300
CF6ELD
PRELIMINARY LOCAL CLIMATOLOGICAL DATA (WS FORM: F-6)
STATION: EL DORADO
MONTH: AUGUST
YEAR: 2023
LATITUDE: 33 13 N
LONGITUDE: 92 49 W
TEMPERATURE IN F: :PCPN: SNOW: WIND :SUNSHINE: SKY :PK WND
================================================================================
1 2 3 4 5 6A 6B 7 8 9 10 11 12 13 14 15 16 17 18
12Z AVG MX 2MIN
DY MAX MIN AVG DEP HDD CDD WTR SNW DPTH SPD SPD DIR MIN PSBL S-S WX SPD DR
================================================================================
1 97 72 85 2 0 20 0.00 0.0 0 2.7 9 50 M M 0 15 90
2 100 75 88 5 0 23 0.00 0.0 0 3.0 9 220 M M 0 14 230
3 99 77 88 5 0 23 0.00 0.0 0 4.5 14 230 M M 0 21 240
4 100 79 90 7 0 25 0.00 0.0 0 4.9 13 210 M M 0 18 250
5 99 76 88 5 0 23 0.00 0.0 0 4.6 14 250 M M 0 20 260
6 93 77 85 2 0 20 0.00 0.0 0 4.1 18 310 M M 1 25 310
7 91 74 83 0 0 18 0.06 0.0 0 5.8 17 340 M M 2 13 27 340
8 82 68 75 -8 0 10 1.89 0.0 0 5.4 23 330 M M 4 13 37 330
9 96 73 85 2 0 20 0.00 0.0 0 7.8 18 200 M M 1 29 190
10 95 79 87 5 0 22 0.00 0.0 0 5.1 15 250 M M 3 22 240
11 95 78 87 5 0 22 0.00 0.0 0 2.9 14 230 M M 0 19 240
12 96 78 87 5 0 22 0.00 0.0 0 3.6 14 240 M M 0 21 220
13 98 77 88 6 0 23 0.00 0.0 0 3.9 13 200 M M 0 17 190
14 98 76 87 5 0 22 0.01 0.0 0 5.7 13 330 M M 1 19 340
15 87 67 77 -5 0 12 0.36 0.0 0 4.2 14 360 M M 2 13 21 60
16 86 65 76 -6 0 11 0.00 0.0 0 2.9 9 30 M M 1 16 40
17 93 61 77 -5 0 12 0.00 0.0 0 1.7 9 230 M M 0 14 220
18 98 68 83 1 0 18 0.00 0.0 0 2.2 8 110 M M 0 11 130
19 100 71 86 4 0 21 0.00 0.0 0 2.7 9 320 M M 0 13 340
20 97 71 84 2 0 19 0.00 0.0 0 4.0 14 40 M M 0 1 19 50
21 98 72 85 3 0 20 0.00 0.0 0 3.2 13 110 M M 0 17 100
22 98 74 86 5 0 21 0.00 0.0 0 2.0 9 60 M M 0 13 50
23 99 75 87 6 0 22 0.00 0.0 0 1.3 10 40 M M 0 12 40
24 101 74 88 7 0 23 0.00 0.0 0 0.0 5 320 M M 0 1 5 330
25 101 73 87 6 0 22 0.00 0.0 0 2.6 8 100 M M 0 18 15 320
26 103 74 89 8 0 24 0.00 0.0 0 3.0 13 240 M M 0 17 250
27 96 76 86 5 0 21 0.00 0.0 0 4.4 14 50 M M 2 20 360
28 89 71 80 0 0 15 0.00 0.0 0 5.9 15 40 M M 5 24 10
29 90 65 78 -2 0 13 0.00 0.0 0 7.1 16 20 M M 1 24 10
30 92 63 78 -2 0 13 0.00 0.0 0 2.6 13 10 M M 0 19 10
31 90 64 77 -3 0 12 0.00 0.0 0 6.1 16 40 M M 0 8 22 60
================================================================================
SM 2957 2243 0 592 2.32 0.0 119.9 M 23
================================================================================
AV 95.4 72.4 3.9 FASTST M M 1 MAX(MPH)
MISC ----> 23 330 37 330
================================================================================
NOTES:
# LAST OF SEVERAL OCCURRENCES
COLUMN 17 PEAK WIND IN M.P.H.
PRELIMINARY LOCAL CLIMATOLOGICAL DATA (WS FORM: F-6) , PAGE 2
STATION: EL DORADO
MONTH: AUGUST
YEAR: 2023
LATITUDE: 33 13 N
LONGITUDE: 92 49 W
[TEMPERATURE DATA] [PRECIPITATION DATA] SYMBOLS USED IN COLUMN 16
AVERAGE MONTHLY: 83.9 TOTAL FOR MONTH: 2.32 1 = FOG OR MIST
DPTR FM NORMAL: 2.1 DPTR FM NORMAL: -1.08 2 = FOG REDUCING VISIBILITY
HIGHEST: 103 ON 26 GRTST 24HR 1.95 ON 7- 8 TO 1/4 MILE OR LESS
LOWEST: 61 ON 17 3 = THUNDER
SNOW, ICE PELLETS, HAIL 4 = ICE PELLETS
TOTAL MONTH: 0.0 INCH 5 = HAIL
GRTST 24HR 0.0 6 = FREEZING RAIN OR DRIZZLE
GRTST DEPTH: 0 7 = DUSTSTORM OR SANDSTORM:
VSBY 1/2 MILE OR LESS
8 = SMOKE OR HAZE
[NO. OF DAYS WITH] [WEATHER - DAYS WITH] 9 = BLOWING SNOW
X = TORNADO
MAX 32 OR BELOW: 0 0.01 INCH OR MORE: 4
MAX 90 OR ABOVE: 27 0.10 INCH OR MORE: 2
MIN 32 OR BELOW: 0 0.50 INCH OR MORE: 1
MIN 0 OR BELOW: 0 1.00 INCH OR MORE: 1
[HDD (BASE 65) ]
TOTAL THIS MO. 0 CLEAR (SCALE 0-3) 29
DPTR FM NORMAL 0 PTCLDY (SCALE 4-7) 2
TOTAL FM JUL 1 0 CLOUDY (SCALE 8-10) 0
DPTR FM NORMAL 0
[CDD (BASE 65) ]
TOTAL THIS MO. 592
DPTR FM NORMAL 70 [PRESSURE DATA]
TOTAL FM JAN 1 1907 HIGHEST SLP 30.15 ON 8
DPTR FM NORMAL 72 LOWEST SLP 29.72 ON 10
[REMARKS]
#FINAL-08-23#