000
CXUS53 KTOP 010810
CF6EMP
PRELIMINARY LOCAL CLIMATOLOGICAL DATA (WS FORM: F-6)
STATION: EMPORIA KS
MONTH: APRIL
YEAR: 2021
LATITUDE: 38 19 N
LONGITUDE: 96 12 W
TEMPERATURE IN F: :PCPN: SNOW: WIND :SUNSHINE: SKY :PK WND
================================================================================
1 2 3 4 5 6A 6B 7 8 9 10 11 12 13 14 15 16 17 18
12Z AVG MX 2MIN
DY MAX MIN AVG DEP HDD CDD WTR SNW DPTH SPD SPD DIR MIN PSBL S-S WX SPD DR
================================================================================
1 57 29 43 -8 22 0 0.00 M M 7.3 16 150 M M 1 8 23 150
2 72 36 54 3 11 0 0.00 M M 18.3 33 200 M M 1 8 44 200
3 78 46 62 10 3 0 0.00 M M 12.7 24 230 M M 0 8 32 190
4 82 48 65 13 0 0 0.00 M M 14.7 26 190 M M 0 8 34 180
5 82 54 68 16 0 3 0.00 M M 17.8 33 190 M M 0 46 210
6 72 59 66 13 0 1 0.02 M M 19.5 35 160 M M 3 1 50 150
7 63 45 54 1 11 0 1.08 M M 15.2 24 270 M M 10 13 33 30
8 68 45 57 4 8 0 0.13 M M 16.0 26 300 M M 5 1 36 280
9 77 40 59 5 6 0 0.13 M M 10.2 35 320 M M 3 1 53 330
10 66 43 55 1 10 0 T M M 13.6 25 330 M M 6 36 330
11 83 37 60 6 5 0 0.00 M M 11.9 24 300 M M 0 8 37 290
12 61 44 53 -2 12 0 0.00 M M 11.4 21 360 M M 3 8 29 360
13 61 39 50 -5 15 0 0.00 M M 7.4 15 330 M M 3 8 21 330
14 62 37 50 -5 15 0 0.00 M M 8.8 17 40 M M 0 8 22 40
15 62 36 49 -7 16 0 T M M 7.2 14 30 M M 4 21 60
16 50 43 47 -9 18 0 0.93 M M 7.6 15 10 M M 10 1 22 340
17 53 42 48 -8 17 0 T M M 9.0 16 340 M M 10 1 22 340
18 62 39 51 -6 14 0 0.00 M M 8.4 17 270 M M 4 25 320
19 58 35 47 -10 18 0 0.00 M M 12.6 25 20 M M 1 8 35 20
20 50 32 41 -16 24 0 0.11 M M 11.0 20 330 M M 7 1 29 350
21 52 32 42 -16 23 0 0.00 M M 9.3 20 330 M M 2 33 330
22 57 31 44 -14 21 0 0.04 M M 10.6 24 190 M M 5 33 180
23 58 45 52 -6 13 0 0.07 M M 9.9 16 160 M M 10 13 22 150
24 69 47 58 -1 7 0 T M M 9.8 17 340 M M 3 1 26 330
25 78 45 62 3 3 0 0.00 M M 15.8 31 170 M M 0 42 180
26 87 61 74 15 0 9 0.00 M M 24.4 38 200 M M 0 51 200
27 78 65 72 12 0 7 0.00 M M 19.0 32 190 M M 1 8 44 200
28 75 59 67 7 0 2 0.22 M M 7.6 17 180 M M 9 13 23 160
29 79 55 67 7 0 2 0.00 M M 8.6 21 10 M M 1 1 27 340
30 82 47 65 4 0 0 0.00 M M 7.7 15 200 M M 0 24 170
================================================================================
SM 2034 1316 292 24 2.73 M 363.3 M 102
================================================================================
AV 67.8 43.9 12.1 FASTST M M 3 MAX(MPH)
MISC ----> 38 200 53 330
================================================================================
NOTES:
# LAST OF SEVERAL OCCURRENCES
COLUMN 17 PEAK WIND IN M.P.H.
PRELIMINARY LOCAL CLIMATOLOGICAL DATA (WS FORM: F-6) , PAGE 2
STATION: EMPORIA KS
MONTH: APRIL
YEAR: 2021
LATITUDE: 38 19 N
LONGITUDE: 96 12 W
[TEMPERATURE DATA] [PRECIPITATION DATA] SYMBOLS USED IN COLUMN 16
AVERAGE MONTHLY: 55.8 TOTAL FOR MONTH: 2.73 1 = FOG OR MIST
DPTR FM NORMAL: 0.0 DPTR FM NORMAL: -0.65 2 = FOG REDUCING VISIBILITY
HIGHEST: 87 ON 26 GRTST 24HR 1.08 ON 7- 7 TO 1/4 MILE OR LESS
LOWEST: 29 ON 1 3 = THUNDER
SNOW, ICE PELLETS, HAIL 4 = ICE PELLETS
TOTAL MONTH: M 5 = HAIL
GRTST 24HR M ON M 6 = FREEZING RAIN OR DRIZZLE
GRTST DEPTH: M ON M 7 = DUSTSTORM OR SANDSTORM:
VSBY 1/2 MILE OR LESS
8 = SMOKE OR HAZE
[NO. OF DAYS WITH] [WEATHER - DAYS WITH] 9 = BLOWING SNOW
X = TORNADO
MAX 32 OR BELOW: 0 0.01 INCH OR MORE: 9
MAX 90 OR ABOVE: 0 0.10 INCH OR MORE: 6
MIN 32 OR BELOW: 4 0.50 INCH OR MORE: 2
MIN 0 OR BELOW: 0 1.00 INCH OR MORE: 1
[HDD (BASE 65) ]
TOTAL THIS MO. 292 CLEAR (SCALE 0-3) 15
DPTR FM NORMAL -5 PTCLDY (SCALE 4-7) 10
TOTAL FM JUL 1 4419 CLOUDY (SCALE 8-10) 5
DPTR FM NORMAL -310
[CDD (BASE 65) ]
TOTAL THIS MO. 24
DPTR FM NORMAL 3 [PRESSURE DATA]
TOTAL FM JAN 1 24 HIGHEST SLP M ON M
DPTR FM NORMAL 1 LOWEST SLP 29.53 ON 26
[REMARKS]
#FINAL-04-21#