000
CXUS53 KMKX 010910
CF6ENW
PRELIMINARY LOCAL CLIMATOLOGICAL DATA (WS FORM: F-6)
STATION: KENOSHA WI
MONTH: NOVEMBER
YEAR: 2021
LATITUDE: 42 35 N
LONGITUDE: 87 56 W
TEMPERATURE IN F: :PCPN: SNOW: WIND :SUNSHINE: SKY :PK WND
================================================================================
1 2 3 4 5 6A 6B 7 8 9 10 11 12 13 14 15 16 17 18
12Z AVG MX 2MIN
DY MAX MIN AVG DEP HDD CDD WTR SNW DPTH SPD SPD DIR MIN PSBL S-S WX SPD DR
================================================================================
1 50 30 40 -6 25 0 0.00 M M 9.9 23 260 M M 4 32 270
2 47 27 37 -9 28 0 0.00 M M 7.3 17 270 M M 2 26 290
3 45 24 35 -10 30 0 0.00 M M 4.9 15 280 M M 3 21 270
4 49 24 37 -8 28 0 0.00 M M 4.9 15 250 M M 4 19 250
5 54 33 44 0 21 0 0.00 M M 8.9 21 200 M M 0 30 190
6 61 36 49 5 16 0 0.00 M M 12.0 21 240 M M 0 31 210
7 66 43 55 11 10 0 0.00 M M 9.6 20 220 M M 0 27 210
8 67 48 58 15 7 0 0.00 M M 6.6 15 210 M M 1 22 220
9 60 32 46 3 19 0 0.00 M M 6.6 15 50 M M 0 12 20 60
10 59 30 45 3 20 0 T M M 9.0 22 130 M M 5 128 29 130
11 56 41 49 7 16 0 0.31 M M 15.5 29 250 M M 6 18 39 250
12 42 34 38 -4 27 0 0.07 M M 13.1 26 250 M M 8 18 36 250
13 41 34 38 -3 27 0 T M M 11.0 20 270 M M 9 1 29 240
14 38 32 35 -6 30 0 0.04 M M 13.6 24 330 M M 8 18 35 340
15 35 23 29 -11 36 0 0.00 M M 3.9 13 310 M M 4 21 300
16 55 24 40 0 25 0 0.00 M M 9.4 24 160 M M 3 34 160
17 62 39 51 12 14 0 T M M 11.5 22 280 M M 9 18 30 300
18 39 30 35 -4 30 0 T M M 15.7 25 260 M M 5 36 260
19 40 20 30 -8 35 0 0.00 M M 8.0 15 190 M M 1 21 190
20 50 34 42 4 23 0 0.00 M M 8.3 18 200 M M 4 25 200
21 55 29 42 4 23 0 T M M 12.5 30 270 M M 4 48 300
22 36 21 29 -8 36 0 0.00 M M 10.1 21 300 M M 2 32 310
23 44 19 32 -5 33 0 0.00 M M 9.5 22 200 M M 0 32 200
24 52 38 45 9 20 0 0.00 M M 12.9 25 200 M M 1 32 200
25 49 22 36 0 29 0 0.01 M M 12.2 22 310 M M 9 18 30 310
26 30 15 23 -13 42 0 0.00 M M 6.6 14 290 M M 4 22 320
27 42 29 36 1 29 0 0.02 M M 7.7 15 310 M M 7 23 310
28 41 19 30 -5 35 0 0.00 M M 9.1 23 300 M M 1 33 310
29 41 19 30 -5 35 0 T M M 7.0 20 180 M M 5 27 170
30 52 27 40 6 25 0 0.00 M M 8.9 20 300 M M 0 27 270
================================================================================
SM 1458 876 774 0 0.45 M 286.2 M 109
================================================================================
AV 48.6 29.2 9.5 FASTST M M 4 MAX(MPH)
MISC ----> 30 270 48 300
================================================================================
NOTES:
# LAST OF SEVERAL OCCURRENCES
COLUMN 17 PEAK WIND IN M.P.H.
PRELIMINARY LOCAL CLIMATOLOGICAL DATA (WS FORM: F-6) , PAGE 2
STATION: KENOSHA WI
MONTH: NOVEMBER
YEAR: 2021
LATITUDE: 42 35 N
LONGITUDE: 87 56 W
[TEMPERATURE DATA] [PRECIPITATION DATA] SYMBOLS USED IN COLUMN 16
AVERAGE MONTHLY: 38.9 TOTAL FOR MONTH: 0.45 1 = FOG OR MIST
DPTR FM NORMAL: -1.2 DPTR FM NORMAL: -1.60 2 = FOG REDUCING VISIBILITY
HIGHEST: 67 ON 8 GRTST 24HR 0.32 ON 11-12 TO 1/4 MILE OR LESS
LOWEST: 15 ON 26 3 = THUNDER
SNOW, ICE PELLETS, HAIL 4 = ICE PELLETS
TOTAL MONTH: M 5 = HAIL
GRTST 24HR M ON M 6 = FREEZING RAIN OR DRIZZLE
GRTST DEPTH: M ON M 7 = DUSTSTORM OR SANDSTORM:
VSBY 1/2 MILE OR LESS
8 = SMOKE OR HAZE
[NO. OF DAYS WITH] [WEATHER - DAYS WITH] 9 = BLOWING SNOW
X = TORNADO
MAX 32 OR BELOW: 1 0.01 INCH OR MORE: 5
MAX 90 OR ABOVE: 0 0.10 INCH OR MORE: 1
MIN 32 OR BELOW: 20 0.50 INCH OR MORE: 0
MIN 0 OR BELOW: 0 1.00 INCH OR MORE: 0
[HDD (BASE 65) ]
TOTAL THIS MO. 774 CLEAR (SCALE 0-3) 14
DPTR FM NORMAL 25 PTCLDY (SCALE 4-7) 13
TOTAL FM JUL 1 1048 CLOUDY (SCALE 8-10) 3
DPTR FM NORMAL -222
[CDD (BASE 65) ]
TOTAL THIS MO. 0
DPTR FM NORMAL 0 [PRESSURE DATA]
TOTAL FM JAN 1 1050 HIGHEST SLP 30.52 ON 19
DPTR FM NORMAL 329 LOWEST SLP 29.44 ON 11
[REMARKS]
#FINAL-11-21#