000
CXUS56 KOTX 010910
CF6EPH
PRELIMINARY LOCAL CLIMATOLOGICAL DATA (WS FORM: F-6)
STATION: EPHRATA WA AIRPORT
MONTH: MARCH
YEAR: 2023
LATITUDE: 47 18 N
LONGITUDE: 119 31 W
TEMPERATURE IN F: :PCPN: SNOW: WIND :SUNSHINE: SKY :PK WND
================================================================================
1 2 3 4 5 6A 6B 7 8 9 10 11 12 13 14 15 16 17 18
12Z AVG MX 2MIN
DY MAX MIN AVG DEP HDD CDD WTR SNW DPTH SPD SPD DIR MIN PSBL S-S WX SPD DR
================================================================================
1 44 24 34 -5 31 0 0.00 M M 6.7 16 310 M M 2 18 310
2 52 27 40 1 25 0 0.00 M M 13.3 35 220 M M 4 43 220
3 48 25 37 -2 28 0 0.00 M M 9.3 23 210 M M 3 29 230
4 48 27 38 -2 27 0 0.04 M M 9.0 18 90 M M 4 1 23 80
5 44 34 39 -1 26 0 0.00 M M 10.0 17 10 M M 9 21 10
6 39 30 35 -5 30 0 0.22 M M 8.2 13 360 M M 9 1 18 60
7 47 30 39 -2 26 0 T M M 8.3 16 310 M M 8 20 290
8 48 29 39 -2 26 0 0.01 M M 9.2 21 340 M M 5 1 25 340
9 48 30 39 -2 26 0 T M M 8.7 17 60 M M 9 12 20 60
10 37 26 32 -10 33 0 0.19 M M 8.8 18 10 M M 8 12 22 10
11 48 24 36 -6 29 0 0.00 M M 6.0 12 30 M M 4 1 13 360
12 49 31 40 -2 25 0 0.01 M M 6.6 14 50 M M 6 19 20
13 55 31 43 1 22 0 0.02 M M 6.9 24 300 M M 6 1 28 300
14 49 25 37 -6 28 0 0.00 M M 6.3 15 300 M M 1 18 300
15 52 25 39 -4 26 0 0.00 M M 8.0 29 310 M M 1 36 310
16 53 28 41 -2 24 0 0.00 M M 7.9 14 310 M M 0 20 50
17 55 29 42 -1 23 0 0.00 M M 7.2 14 310 M M 0 17 310
18 58 33 46 2 19 0 0.00 M M 7.9 15 300 M M 1 18 310
19 60 34 47 3 18 0 0.00 M M 10.2 17 30 M M 2 22 40
20 49 43 46 2 19 0 0.02 M M 7.8 17 20 M M 10 20 10
21 59 36 48 4 17 0 0.00 M M 7.7 16 310 M M 3 20 310
22 61 31 46 1 19 0 0.00 M M 5.8 15 330 M M 0 18 320
23 53 31 42 -3 23 0 0.00 M M 5.4 8 360 M M 4 M M
24 52 27 40 -5 25 0 0.01 M M 9.2 17 300 M M M 23 230
25 50 25 38 -7 27 0 T M M 5.5 22 340 M M M 26 340
26 52 31 42 -4 23 0 0.00 M M 5.5 14 310 M M M 18 300
27 52 27 40 -6 25 0 0.00 M M 6.6 13 10 M M M 18 120
28 54 37 46 0 19 0 0.00 M M 14.2 25 80 M M M 30 70
29 53 34 44 -2 21 0 0.00 M M 8.1 16 180 M M 4 19 190
30 60 29 45 -1 20 0 0.00 M M 8.6 23 300 M M 6 12 29 300
31 52 33 43 -4 22 0 T M M 13.5 23 210 M M 5 28 200
================================================================================
SM 1581 926 752 0 0.52 M 256.4 M 114
================================================================================
AV 51.0 29.9 8.3 FASTST M M 4 MAX(MPH)
MISC ----> 35 220 43 220
================================================================================
NOTES:
# LAST OF SEVERAL OCCURRENCES
COLUMN 17 PEAK WIND IN M.P.H.
PRELIMINARY LOCAL CLIMATOLOGICAL DATA (WS FORM: F-6) , PAGE 2
STATION: EPHRATA WA AIRPORT
MONTH: MARCH
YEAR: 2023
LATITUDE: 47 18 N
LONGITUDE: 119 31 W
[TEMPERATURE DATA] [PRECIPITATION DATA] SYMBOLS USED IN COLUMN 16
AVERAGE MONTHLY: 40.4 TOTAL FOR MONTH: 0.52 1 = FOG OR MIST
DPTR FM NORMAL: -2.5 DPTR FM NORMAL: -0.18 2 = FOG REDUCING VISIBILITY
HIGHEST: 61 ON 22 GRTST 24HR 0.22 ON 6- 6 TO 1/4 MILE OR LESS
LOWEST: 24 ON 11, 1 3 = THUNDER
SNOW, ICE PELLETS, HAIL 4 = ICE PELLETS
TOTAL MONTH: M 5 = HAIL
GRTST 24HR M ON M 6 = FREEZING RAIN OR DRIZZLE
GRTST DEPTH: M ON M 7 = DUSTSTORM OR SANDSTORM:
VSBY 1/2 MILE OR LESS
8 = SMOKE OR HAZE
[NO. OF DAYS WITH] [WEATHER - DAYS WITH] 9 = BLOWING SNOW
X = TORNADO
MAX 32 OR BELOW: 0 0.01 INCH OR MORE: 8
MAX 90 OR ABOVE: 0 0.10 INCH OR MORE: 2
MIN 32 OR BELOW: 23 0.50 INCH OR MORE: 0
MIN 0 OR BELOW: 0 1.00 INCH OR MORE: 0
[HDD (BASE 65) ]
TOTAL THIS MO. 752 CLEAR (SCALE 0-3) 9
DPTR FM NORMAL 68 PTCLDY (SCALE 4-7) 13
TOTAL FM JUL 1 5140 CLOUDY (SCALE 8-10) 9
DPTR FM NORMAL 47
[CDD (BASE 65) ]
TOTAL THIS MO. 0
DPTR FM NORMAL 0 [PRESSURE DATA]
TOTAL FM JAN 1 0 HIGHEST SLP M ON M
DPTR FM NORMAL 0 LOWEST SLP 29.35 ON 10
[REMARKS]
#FINAL-03-23#