000
CXUS53 KPAH 010700
CF6EVV
PRELIMINARY LOCAL CLIMATOLOGICAL DATA (WS FORM: F-6)
STATION: EVANSVILLE IN
MONTH: MARCH
YEAR: 2023
LATITUDE: 38 2 N
LONGITUDE: 87 32 W
TEMPERATURE IN F: :PCPN: SNOW: WIND :SUNSHINE: SKY :PK WND
================================================================================
1 2 3 4 5 6A 6B 7 8 9 10 11 12 13 14 15 16 17 18
12Z AVG MX 2MIN
DY MAX MIN AVG DEP HDD CDD WTR SNW DPTH SPD SPD DIR MIN PSBL S-S WX SPD DR
================================================================================
1 80 42 61 19 4 0 0.00 0.0 0 7.6 25 220 M M 2 35 210
2 58 44 51 9 14 0 0.13 0.0 0 8.5 15 60 M M 3 1 21 360
3 63 41 52 10 13 0 3.60 0.0 0 17.0 44 240 M M 10 138 62 260
4 58 33 46 3 19 0 0.00 0.0 0 2.8 10 320 M M 1 18 15 310
5 65 36 51 8 14 0 0.00 0.0 0 4.3 13 130 M M 0 1 20 140
6 77 44 61 18 4 0 0.00 0.0 0 8.6 24 230 M M 1 8 32 220
7 57 43 50 6 15 0 0.00 0.0 0 11.2 18 360 M M 4 29 360
8 50 38 44 0 21 0 0.00 0.0 0 11.5 21 90 M M 7 30 70
9 56 37 47 3 18 0 0.18 0.0 0 7.3 15 100 M M 8 1 23 140
10 48 33 41 -4 24 0 0.00 0.0 0 10.4 21 300 M M 7 30 320
11 49 30 40 -5 25 0 0.09 0.0 0 6.7 15 90 M M 8 1 23 90
12 46 38 42 -3 23 0 0.02 0.0 0 8.2 16 340 M M 10 1 25 360
13 40 32 36 -10 29 0 T T 0 9.4 20 350 M M 10 1 28 330
14 43 27 35 -11 30 0 T T 0 5.2 15 340 M M 6 21 340
15 53 22 38 -8 27 0 0.00 0.0 0 3.6 14 130 M M 0 1 22 100
16 60 41 51 5 14 0 0.25 0.0 0 10.3 23 190 M M 6 1 33 190
17 55 30 43 -4 22 0 0.08 0.0 0 10.5 25 310 M M 7 1 39 240
18 35 25 30 -17 35 0 0.00 0.0 0 10.6 21 330 M M 6 33 330
19 40 23 32 -16 33 0 T T 0 5.0 14 330 M M 5 23 250
20 52 22 37 -11 28 0 0.00 0.0 0 8.0 21 220 M M 0 28 220
21 53 30 42 -6 23 0 0.11 0.0 0 5.4 23 210 M M 6 1 34 190
22 57 45 51 3 14 0 0.04 0.0 0 8.6 16 190 M M 10 1 26 170
23 74 51 63 14 2 0 0.16 0.0 0 11.0 24 210 M M 10 13 39 270
24 61 51 56 7 9 0 3.10 0.0 0 6.7 23 90 M M 10 13 30 100
25 58 40 49 -1 16 0 0.01 0.0 0 10.6 31 260 M M 6 1 42 270
26 69 37 53 3 12 0 0.00 0.0 0 5.6 16 340 M M 0 22 340
27 56 35 46 -4 19 0 T 0.0 0 6.9 18 350 M M 8 1 32 360
28 55 33 44 -7 21 0 0.00 0.0 0 5.5 18 300 M M 1 1 27 350
29 60 32 46 -5 19 0 0.00 0.0 0 2.1 14 220 M M 0 18 20 220
30 68 35 52 1 13 0 T 0.0 0 7.4 16 190 M M 1 29 180
31 71 53 62 10 3 0 0.80 0.0 0 14.7 31 190 M M 9 138 48 180
================================================================================
SM 1767 1123 563 0 8.57 T 251.2 M 162
================================================================================
AV 57.0 36.2 8.1 FASTST M M 5 MAX(MPH)
MISC ----> 44 240 62 260
================================================================================
NOTES:
# LAST OF SEVERAL OCCURRENCES
COLUMN 17 PEAK WIND IN M.P.H.
PRELIMINARY LOCAL CLIMATOLOGICAL DATA (WS FORM: F-6) , PAGE 2
STATION: EVANSVILLE IN
MONTH: MARCH
YEAR: 2023
LATITUDE: 38 2 N
LONGITUDE: 87 32 W
[TEMPERATURE DATA] [PRECIPITATION DATA] SYMBOLS USED IN COLUMN 16
AVERAGE MONTHLY: 46.6 TOTAL FOR MONTH: 8.57 1 = FOG OR MIST
DPTR FM NORMAL: 0.0 DPTR FM NORMAL: 3.97 2 = FOG REDUCING VISIBILITY
HIGHEST: 80 ON 1 GRTST 24HR 3.73 ON 2- 3 TO 1/4 MILE OR LESS
LOWEST: 22 ON 20,15 3 = THUNDER
SNOW, ICE PELLETS, HAIL 4 = ICE PELLETS
TOTAL MONTH: T 5 = HAIL
GRTST 24HR T ON 13-13 6 = FREEZING RAIN OR DRIZZLE
GRTST DEPTH: 0 7 = DUSTSTORM OR SANDSTORM:
VSBY 1/2 MILE OR LESS
8 = SMOKE OR HAZE
[NO. OF DAYS WITH] [WEATHER - DAYS WITH] 9 = BLOWING SNOW
X = TORNADO
MAX 32 OR BELOW: 0 0.01 INCH OR MORE: 13
MAX 90 OR ABOVE: 0 0.10 INCH OR MORE: 8
MIN 32 OR BELOW: 10 0.50 INCH OR MORE: 3
MIN 0 OR BELOW: 0 1.00 INCH OR MORE: 2
[HDD (BASE 65) ]
TOTAL THIS MO. 563 CLEAR (SCALE 0-3) 11
DPTR FM NORMAL -11 PTCLDY (SCALE 4-7) 13
TOTAL FM JUL 1 3589 CLOUDY (SCALE 8-10) 7
DPTR FM NORMAL -412
[CDD (BASE 65) ]
TOTAL THIS MO. 0
DPTR FM NORMAL -4 [PRESSURE DATA]
TOTAL FM JAN 1 0 HIGHEST SLP M ON M
DPTR FM NORMAL -4 LOWEST SLP 28.82 ON 3
[REMARKS]
#FINAL-03-23#