000
CXUS53 KPAH 022314
CF6EVV
PRELIMINARY LOCAL CLIMATOLOGICAL DATA (WS FORM: F-6)
STATION: EVANSVILLE IN
MONTH: NOVEMBER
YEAR: 2022
LATITUDE: 38 2 N
LONGITUDE: 87 32 W
TEMPERATURE IN F: :PCPN: SNOW: WIND :SUNSHINE: SKY :PK WND
================================================================================
1 2 3 4 5 6A 6B 7 8 9 10 11 12 13 14 15 16 17 18
12Z AVG MX 2MIN
DY MAX MIN AVG DEP HDD CDD WTR SNW DPTH SPD SPD DIR MIN PSBL S-S WX SPD DR
================================================================================
1 72 46 59 7 6 0 0.00 0.0 0 1.2 7 200 M M 4 12 11 210
2 76 50 63 11 2 0 0.00 0.0 0 3.4 15 260 M M 0 1 19 260
3 76 45 61 10 4 0 0.00 0.0 0 3.3 13 150 M M 1 1 21 140
4 79 51 65 14 0 0 0.00 0.0 0 8.3 17 190 M M 2 26 180
5 69 49 59 9 6 0 0.31 0.0 0 13.7 29 170 M M 5 13 50 160
6 72 42 57 7 8 0 0.00 0.0 0 4.3 17 210 M M 0 12 21 200
7 69 45 57 7 8 0 0.00 0.0 0 8.6 18 30 M M 3 25 20
8 73 52 63 14 2 0 0.00 0.0 0 8.2 16 90 M M 6 22 90
9 78 48 63 14 2 0 0.00 0.0 0 2.7 8 160 M M 0 10 160
10 75 46 61 13 4 0 0.00 0.0 0 2.8 14 210 M M 0 23 180
11 59 34 47 -1 18 0 T 0.0 0 7.9 20 310 M M 5 30 330
12 34 29 32 -16 33 0 0.22 2.5 2 8.9 17 350 M M 10 128 25 330
13 41 27 34 -13 31 0 0.00 0.0 0 4.6 13 320 M M 7 20 330
14 47 21 34 -13 31 0 0.00 0.0 0 5.6 16 100 M M 0 24 100
15 43 38 41 -5 24 0 0.01 0.0 0 6.3 16 260 M M 10 22 290
16 43 31 37 -9 28 0 0.00 0.0 0 10.5 22 260 M M 8 34 260
17 39 28 34 -12 31 0 0.00 0.0 0 7.8 15 230 M M 6 21 250
18 37 21 29 -16 36 0 0.00 0.0 0 7.7 21 260 M M 3 33 260
19 40 16 28 -17 37 0 0.00 0.0 0 8.2 24 220 M M 1 35 210
20 39 19 29 -15 36 0 0.00 0.0 0 2.1 8 220 M M 0 12 20
21 51 21 36 -8 29 0 0.00 0.0 0 5.6 16 210 M M 0 22 210
22 58 24 41 -3 24 0 0.00 0.0 0 3.0 15 210 M M 0 8 19 190
23 61 26 44 0 21 0 0.00 0.0 0 1.4 9 150 M M 0 8 13 190
24 56 32 44 1 21 0 0.01 0.0 0 1.4 7 40 M M 7 9 320
25 56 32 44 1 21 0 0.01 0.0 0 4.8 14 350 M M 6 18 19 350
26 52 26 39 -3 26 0 0.18 0.0 0 3.3 10 90 M M 3 128 16 110
27 57 44 51 9 14 0 0.17 0.0 0 12.7 31 210 M M 10 1 42 210
28 47 41 44 2 21 0 0.00 0.0 0 2.9 8 220 M M 9 18 10 210
29 63 42 53 11 12 0 0.25 0.0 0 9.3 18 170 M M 5 13 29 160
30 53 28 41 0 24 0 T 0.0 0 10.2 25 300 M M 2 1 42 320
================================================================================
SM 1715 1054 560 0 1.16 2.5 180.7 M 113
================================================================================
AV 57.2 35.1 6.0 FASTST M M 4 MAX(MPH)
MISC ----> 31 210 50 160
================================================================================
NOTES:
# LAST OF SEVERAL OCCURRENCES
COLUMN 17 PEAK WIND IN M.P.H.
PRELIMINARY LOCAL CLIMATOLOGICAL DATA (WS FORM: F-6) , PAGE 2
STATION: EVANSVILLE IN
MONTH: NOVEMBER
YEAR: 2022
LATITUDE: 38 2 N
LONGITUDE: 87 32 W
[TEMPERATURE DATA] [PRECIPITATION DATA] SYMBOLS USED IN COLUMN 16
AVERAGE MONTHLY: 46.2 TOTAL FOR MONTH: 1.16 1 = FOG OR MIST
DPTR FM NORMAL: -0.1 DPTR FM NORMAL: -2.95 2 = FOG REDUCING VISIBILITY
HIGHEST: 79 ON 4 GRTST 24HR 0.35 ON 26-27 TO 1/4 MILE OR LESS
LOWEST: 16 ON 19 3 = THUNDER
SNOW, ICE PELLETS, HAIL 4 = ICE PELLETS
TOTAL MONTH: 2.5 INCHES 5 = HAIL
GRTST 24HR 2.5 ON 12-12 6 = FREEZING RAIN OR DRIZZLE
GRTST DEPTH: 2 ON 12 7 = DUSTSTORM OR SANDSTORM:
VSBY 1/2 MILE OR LESS
8 = SMOKE OR HAZE
[NO. OF DAYS WITH] [WEATHER - DAYS WITH] 9 = BLOWING SNOW
X = TORNADO
MAX 32 OR BELOW: 0 0.01 INCH OR MORE: 8
MAX 90 OR ABOVE: 0 0.10 INCH OR MORE: 5
MIN 32 OR BELOW: 15 0.50 INCH OR MORE: 0
MIN 0 OR BELOW: 0 1.00 INCH OR MORE: 0
[HDD (BASE 65) ]
TOTAL THIS MO. 560 CLEAR (SCALE 0-3) 15
DPTR FM NORMAL -2 PTCLDY (SCALE 4-7) 10
TOTAL FM JUL 1 855 CLOUDY (SCALE 8-10) 5
DPTR FM NORMAL 23
[CDD (BASE 65) ]
TOTAL THIS MO. 0
DPTR FM NORMAL -2 [PRESSURE DATA]
TOTAL FM JAN 1 1653 HIGHEST SLP 30.55 ON 20
DPTR FM NORMAL 128 LOWEST SLP 29.41 ON 27
[REMARKS]
#FINAL-11-22#