000
CXUS53 KPAH 010722
CF6EVV
PRELIMINARY LOCAL CLIMATOLOGICAL DATA (WS FORM: F-6)
STATION: EVANSVILLE IN
MONTH: JULY
YEAR: 2022
LATITUDE: 38 2 N
LONGITUDE: 87 32 W
TEMPERATURE IN F: :PCPN: SNOW: WIND :SUNSHINE: SKY :PK WND
================================================================================
1 2 3 4 5 6A 6B 7 8 9 10 11 12 13 14 15 16 17 18
12Z AVG MX 2MIN
DY MAX MIN AVG DEP HDD CDD WTR SNW DPTH SPD SPD DIR MIN PSBL S-S WX SPD DR
================================================================================
1 94 74 84 6 0 19 0.00 0.0 0 6.2 17 220 M M 1 24 230
2 88 73 81 3 0 16 0.01 0.0 0 5.8 16 360 M M 2 8 25 340
3 91 72 82 4 0 17 0.00 0.0 0 5.7 14 80 M M 4 19 80
4 96 70 83 4 0 18 0.00 0.0 0 4.4 12 230 M M 2 8 16 120
5 101 77 89 10 0 24 0.00 0.0 0 4.8 15 240 M M 1 38 20 250
6 100 80 90 11 0 25 0.00 0.0 0 6.3 16 360 M M 1 22 330
7 83 74 79 0 0 14 0.28 0.0 0 3.3 15 350 M M 4 13 23 340
8 94 73 84 5 0 19 0.53 0.0 0 4.2 16 350 M M 5 138 27 360
9 79 70 75 -4 0 10 0.08 0.0 0 6.2 18 40 M M 7 18 25 40
10 89 67 78 -1 0 13 0.00 0.0 0 6.3 12 20 M M 1 16 20
11 90 66 78 -1 0 13 0.00 0.0 0 3.9 16 230 M M 0 23 210
12 90 69 80 1 0 15 0.00 0.0 0 6.4 16 320 M M 0 23 320
13 91 64 78 -1 0 13 0.00 0.0 0 3.5 12 310 M M 1 19 320
14 90 67 79 0 0 14 0.00 0.0 0 3.1 12 320 M M 2 16 280
15 94 70 82 3 0 17 T 0.0 0 1.8 9 300 M M 2 1 14 270
16 90 73 82 3 0 17 0.39 0.0 0 8.0 17 180 M M 4 13 40 200
17 81 72 77 -2 0 12 1.49 0.0 0 7.1 17 200 M M 7 13 24 210
18 87 71 79 0 0 14 0.07 0.0 0 4.4 16 240 M M 6 1 21 240
19 90 70 80 1 0 15 0.00 0.0 0 2.6 12 170 M M 2 1 18 180
20 95 78 87 8 0 22 0.00 0.0 0 8.2 16 220 M M 2 3 22 190
21 92 70 81 2 0 16 0.00 0.0 0 4.2 12 260 M M 0 17 290
22 95 70 83 4 0 18 0.00 0.0 0 3.1 13 230 M M 0 15 220
23 95 75 85 6 0 20 0.00 0.0 0 5.8 17 220 M M 0 18 23 230
24 95 74 85 6 0 20 0.24 0.0 0 10.4 20 200 M M 2 13 27 20
25 84 72 78 -1 0 13 0.26 0.0 0 4.5 12 340 M M 6 138 15 340
26 78 67 73 -6 0 8 1.16 0.0 0 4.2 17 220 M M 7 13 22 320
27 87 72 80 1 0 15 0.67 0.0 0 4.9 22 300 M M 4 13 37 310
28 90 69 80 1 0 15 0.72 0.0 0 4.9 18 300 M M 7 13 31 320
29 83 66 75 -4 0 10 0.00 0.0 0 4.3 13 300 M M 3 18 320
30 82 65 74 -4 0 9 T 0.0 0 3.0 8 60 M M 0 12 120
31 77 68 73 -5 0 8 0.03 0.0 0 3.6 9 200 M M 9 14 170
================================================================================
SM 2771 2198 0 479 5.93 0.0 155.1 M 92
================================================================================
AV 89.4 70.9 5.0 FASTST M M 3 MAX(MPH)
MISC ----> 22 300 40 200
================================================================================
NOTES:
# LAST OF SEVERAL OCCURRENCES
COLUMN 17 PEAK WIND IN M.P.H.
PRELIMINARY LOCAL CLIMATOLOGICAL DATA (WS FORM: F-6) , PAGE 2
STATION: EVANSVILLE IN
MONTH: JULY
YEAR: 2022
LATITUDE: 38 2 N
LONGITUDE: 87 32 W
[TEMPERATURE DATA] [PRECIPITATION DATA] SYMBOLS USED IN COLUMN 16
AVERAGE MONTHLY: 80.1 TOTAL FOR MONTH: 5.93 1 = FOG OR MIST
DPTR FM NORMAL: 1.4 DPTR FM NORMAL: 1.55 2 = FOG REDUCING VISIBILITY
HIGHEST: 101 ON 5 GRTST 24HR 1.56 ON 17-18 TO 1/4 MILE OR LESS
LOWEST: 64 ON 13 3 = THUNDER
SNOW, ICE PELLETS, HAIL 4 = ICE PELLETS
TOTAL MONTH: 0.0 INCH 5 = HAIL
GRTST 24HR 0.0 6 = FREEZING RAIN OR DRIZZLE
GRTST DEPTH: 0 7 = DUSTSTORM OR SANDSTORM:
VSBY 1/2 MILE OR LESS
8 = SMOKE OR HAZE
[NO. OF DAYS WITH] [WEATHER - DAYS WITH] 9 = BLOWING SNOW
X = TORNADO
MAX 32 OR BELOW: 0 0.01 INCH OR MORE: 13
MAX 90 OR ABOVE: 19 0.10 INCH OR MORE: 9
MIN 32 OR BELOW: 0 0.50 INCH OR MORE: 5
MIN 0 OR BELOW: 0 1.00 INCH OR MORE: 2
[HDD (BASE 65) ]
TOTAL THIS MO. 0 CLEAR (SCALE 0-3) 19
DPTR FM NORMAL 0 PTCLDY (SCALE 4-7) 11
TOTAL FM JUL 1 0 CLOUDY (SCALE 8-10) 1
DPTR FM NORMAL 0
[CDD (BASE 65) ]
TOTAL THIS MO. 479
DPTR FM NORMAL 54 [PRESSURE DATA]
TOTAL FM JAN 1 1046 HIGHEST SLP M ON M
DPTR FM NORMAL 135 LOWEST SLP 29.67 ON 20
[REMARKS]
#FINAL-07-22#