000
CXUS53 KPAH 010953
CF6EVV
PRELIMINARY LOCAL CLIMATOLOGICAL DATA (WS FORM: F-6)
STATION: EVANSVILLE IN
MONTH: JULY
YEAR: 2021
LATITUDE: 38 2 N
LONGITUDE: 87 32 W
TEMPERATURE IN F: :PCPN: SNOW: WIND :SUNSHINE: SKY :PK WND
================================================================================
1 2 3 4 5 6A 6B 7 8 9 10 11 12 13 14 15 16 17 18
12Z AVG MX 2MIN
DY MAX MIN AVG DEP HDD CDD WTR SNW DPTH SPD SPD DIR MIN PSBL S-S WX SPD DR
================================================================================
1 84 70 77 -1 0 12 0.53 0.0 0 4.7 14 20 M M 7 1 22 10
2 82 59 71 -7 0 6 0.00 0.0 0 8.5 16 360 M M 1 23 20
3 81 58 70 -8 0 5 0.00 0.0 0 4.0 12 330 M M 1 18 16 320
4 87 61 74 -5 0 9 0.00 0.0 0 3.1 10 270 M M 0 18 14 240
5 92 67 80 1 0 15 0.00 0.0 0 2.4 9 230 M M 0 18 15 230
6 93 71 82 3 0 17 0.00 0.0 0 1.7 8 110 M M 3 18 11 270
7 91 71 81 2 0 16 T 0.0 0 5.8 15 260 M M 3 1 21 250
8 92 70 81 2 0 16 0.59 0.0 0 7.0 33 250 M M 5 123 50 270
9 85 69 77 -2 0 12 0.00 0.0 0 5.0 10 50 M M 3 18 15 360
10 85 68 77 -2 0 12 1.77 0.0 0 5.9 31 260 M M 6 138 44 260
11 82 69 76 -3 0 11 0.11 0.0 0 5.9 15 210 M M 6 13 20 230
12 83 71 77 -2 0 12 0.03 0.0 0 6.8 17 220 M M 7 23 190
13 85 71 78 -1 0 13 0.00 0.0 0 6.8 15 250 M M 6 21 250
14 88 68 78 -1 0 13 0.00 0.0 0 5.4 14 230 M M 3 1 21 210
15 90 73 82 3 0 17 T 0.0 0 10.3 20 260 M M 1 29 270
16 89 70 80 1 0 15 0.80 0.0 0 6.6 23 210 M M 6 13 33 210
17 85 70 78 -1 0 13 0.00 0.0 0 3.9 10 310 M M 6 14 40
18 80 68 74 -5 0 9 0.17 0.0 0 5.9 23 240 M M 5 13 32 220
19 86 65 76 -3 0 11 0.00 0.0 0 7.9 16 40 M M 1 23 30
20 86 67 77 -2 0 12 0.00 0.0 0 5.3 13 40 M M 0 18 30
21 87 67 77 -2 0 12 0.00 0.0 0 3.8 12 50 M M 1 18 16 50
22 87 68 78 -1 0 13 0.00 0.0 0 2.7 8 100 M M 1 18 11 50
23 87 69 78 -1 0 13 0.00 0.0 0 2.1 9 80 M M 1 18 13 80
24 90 69 80 1 0 15 0.00 0.0 0 6.1 15 220 M M 1 18 20 230
25 91 75 83 4 0 18 0.00 0.0 0 3.0 13 30 M M 1 16 20
26 93 73 83 4 0 18 0.00 0.0 0 4.0 10 350 M M 1 1 22 360
27 92 68 80 1 0 15 0.00 0.0 0 3.3 13 360 M M 0 21 350
28 92 68 80 1 0 15 0.00 0.0 0 1.8 9 330 M M 0 1 12 290
29 92 71 82 3 0 17 T 0.0 0 6.5 18 230 M M 1 13 24 220
30 87 68 78 0 0 13 T 0.0 0 6.4 17 300 M M 2 8 27 330
31 76 64 70 -8 0 5 0.01 0.0 0 5.6 12 10 M M 5 18 17 40
================================================================================
SM 2700 2116 0 400 4.01 0.0 158.2 M 84
================================================================================
AV 87.1 68.3 5.1 FASTST M M 3 MAX(MPH)
MISC ----> 33 250 50 270
================================================================================
NOTES:
# LAST OF SEVERAL OCCURRENCES
COLUMN 17 PEAK WIND IN M.P.H.
PRELIMINARY LOCAL CLIMATOLOGICAL DATA (WS FORM: F-6) , PAGE 2
STATION: EVANSVILLE IN
MONTH: JULY
YEAR: 2021
LATITUDE: 38 2 N
LONGITUDE: 87 32 W
[TEMPERATURE DATA] [PRECIPITATION DATA] SYMBOLS USED IN COLUMN 16
AVERAGE MONTHLY: 77.7 TOTAL FOR MONTH: 4.01 1 = FOG OR MIST
DPTR FM NORMAL: -1.0 DPTR FM NORMAL: -0.37 2 = FOG REDUCING VISIBILITY
HIGHEST: 93 ON 26, 6 GRTST 24HR 1.86 ON 10-11 TO 1/4 MILE OR LESS
LOWEST: 58 ON 3 3 = THUNDER
SNOW, ICE PELLETS, HAIL 4 = ICE PELLETS
TOTAL MONTH: 0.0 INCH 5 = HAIL
GRTST 24HR 0.0 6 = FREEZING RAIN OR DRIZZLE
GRTST DEPTH: 0 7 = DUSTSTORM OR SANDSTORM:
VSBY 1/2 MILE OR LESS
8 = SMOKE OR HAZE
[NO. OF DAYS WITH] [WEATHER - DAYS WITH] 9 = BLOWING SNOW
X = TORNADO
MAX 32 OR BELOW: 0 0.01 INCH OR MORE: 8
MAX 90 OR ABOVE: 11 0.10 INCH OR MORE: 6
MIN 32 OR BELOW: 0 0.50 INCH OR MORE: 4
MIN 0 OR BELOW: 0 1.00 INCH OR MORE: 1
[HDD (BASE 65) ]
TOTAL THIS MO. 0 CLEAR (SCALE 0-3) 20
DPTR FM NORMAL 0 PTCLDY (SCALE 4-7) 11
TOTAL FM JUL 1 0 CLOUDY (SCALE 8-10) 0
DPTR FM NORMAL 0
[CDD (BASE 65) ]
TOTAL THIS MO. 400
DPTR FM NORMAL -25 [PRESSURE DATA]
TOTAL FM JAN 1 864 HIGHEST SLP 30.22 ON 14
DPTR FM NORMAL -47 LOWEST SLP 29.77 ON 11
[REMARKS]
#FINAL-07-21#