000
CXUS55 KPAH 010700
CF6EVV
PRELIMINARY LOCAL CLIMATOLOGICAL DATA (WS FORM: F-6)
STATION: EVANSVILLE IN
MONTH: JUNE
YEAR: 2021
LATITUDE: 38 2 N
LONGITUDE: 87 32 W
TEMPERATURE IN F: :PCPN: SNOW: WIND :SUNSHINE: SKY :PK WND
================================================================================
1 2 3 4 5 6A 6B 7 8 9 10 11 12 13 14 15 16 17 18
12Z AVG MX 2MIN
DY MAX MIN AVG DEP HDD CDD WTR SNW DPTH SPD SPD DIR MIN PSBL S-S WX SPD DR
================================================================================
1 72 58 65 -7 0 0 0.30 0.0 0 2.9 9 70 M M 6 1 14 70
2 75 61 68 -4 0 3 0.22 0.0 0 5.8 15 220 M M 10 13 20 150
3 77 60 69 -3 0 4 0.61 0.0 0 3.8 13 260 M M 6 13 17 300
4 86 57 72 -1 0 7 0.00 0.0 0 3.2 12 220 M M 2 1 16 240
5 87 61 74 1 0 9 0.00 0.0 0 3.5 15 250 M M 1 1 20 200
6 83 69 76 3 0 11 0.28 0.0 0 6.3 20 170 M M 7 1 29 160
7 83 70 77 3 0 12 T 0.0 0 7.4 18 220 M M 6 23 210
8 79 72 76 2 0 11 0.33 0.0 0 5.8 12 180 M M 6 1 18 150
9 81 71 76 2 0 11 0.28 0.0 0 4.9 12 360 M M 7 1 16 220
10 82 70 76 2 0 11 0.17 0.0 0 1.9 13 290 M M 6 13 16 280
11 91 70 81 6 0 16 0.00 0.0 0 2.4 10 340 M M 6 12 17 340
12 95 70 83 8 0 18 T 0.0 0 3.3 17 230 M M 1 3 22 230
13 91 71 81 6 0 16 0.00 0.0 0 5.8 15 340 M M 1 3 22 350
14 93 61 77 2 0 12 0.00 0.0 0 7.0 17 30 M M 1 25 40
15 84 60 72 -4 0 7 0.00 0.0 0 6.2 17 360 M M 1 26 340
16 86 62 74 -2 0 9 0.00 0.0 0 2.6 12 10 M M 1 19 360
17 88 61 75 -1 0 10 0.00 0.0 0 2.8 10 190 M M 0 17 150
18 92 72 82 6 0 17 0.00 0.0 0 14.2 25 230 M M 0 33 210
19 89 72 81 4 0 16 T 0.0 0 9.8 23 210 M M 1 36 230
20 91 73 82 5 0 17 0.00 0.0 0 11.9 20 210 M M 2 28 220
21 81 62 72 -5 0 7 0.01 0.0 0 8.9 22 240 M M 5 3 32 230
22 77 56 67 -10 0 2 0.00 0.0 0 4.5 16 360 M M 0 21 40
23 81 54 68 -9 0 3 0.00 0.0 0 5.3 15 140 M M 0 21 150
24 85 58 72 -6 0 7 0.00 0.0 0 6.7 18 210 M M 1 24 220
25 85 76 81 3 0 16 T 0.0 0 12.4 20 170 M M 4 29 170
26 89 74 82 4 0 17 0.00 0.0 0 14.1 25 220 M M 3 35 210
27 93 75 84 6 0 19 T 0.0 0 10.6 20 230 M M 2 33 220
28 93 72 83 5 0 18 T 0.0 0 5.0 15 170 M M 2 21 190
29 93 73 83 5 0 18 0.05 0.0 0 2.4 12 350 M M 2 3 16 260
30 90 72 81 3 0 16 0.11 0.0 0 5.6 20 200 M M 5 3 25 200
================================================================================
SM 2572 1993 0 340 2.36 0.0 187.0 M 95
================================================================================
AV 85.7 66.4 6.2 FASTST M M 3 MAX(MPH)
MISC ----> # 25 230 36 230
================================================================================
NOTES:
# LAST OF SEVERAL OCCURRENCES
COLUMN 17 PEAK WIND IN M.P.H.
PRELIMINARY LOCAL CLIMATOLOGICAL DATA (WS FORM: F-6) , PAGE 2
STATION: EVANSVILLE IN
MONTH: JUNE
YEAR: 2021
LATITUDE: 38 2 N
LONGITUDE: 87 32 W
[TEMPERATURE DATA] [PRECIPITATION DATA] SYMBOLS USED IN COLUMN 16
AVERAGE MONTHLY: 76.1 TOTAL FOR MONTH: 2.36 1 = FOG OR MIST
DPTR FM NORMAL: 0.6 DPTR FM NORMAL: -2.08 2 = FOG REDUCING VISIBILITY
HIGHEST: 95 ON 12 GRTST 24HR 0.67 ON 2- 3 TO 1/4 MILE OR LESS
LOWEST: 54 ON 23 3 = THUNDER
SNOW, ICE PELLETS, HAIL 4 = ICE PELLETS
TOTAL MONTH: 0.0 INCH 5 = HAIL
GRTST 24HR 0.0 6 = FREEZING RAIN OR DRIZZLE
GRTST DEPTH: 0 7 = DUSTSTORM OR SANDSTORM:
VSBY 1/2 MILE OR LESS
8 = SMOKE OR HAZE
[NO. OF DAYS WITH] [WEATHER - DAYS WITH] 9 = BLOWING SNOW
X = TORNADO
MAX 32 OR BELOW: 0 0.01 INCH OR MORE: 10
MAX 90 OR ABOVE: 10 0.10 INCH OR MORE: 8
MIN 32 OR BELOW: 0 0.50 INCH OR MORE: 1
MIN 0 OR BELOW: 0 1.00 INCH OR MORE: 0
[HDD (BASE 65) ]
TOTAL THIS MO. 0 CLEAR (SCALE 0-3) 18
DPTR FM NORMAL -4 PTCLDY (SCALE 4-7) 11
TOTAL FM JUL 1 4200 CLOUDY (SCALE 8-10) 1
DPTR FM NORMAL -135
[CDD (BASE 65) ]
TOTAL THIS MO. 340
DPTR FM NORMAL 21 [PRESSURE DATA]
TOTAL FM JAN 1 464 HIGHEST SLP M ON M
DPTR FM NORMAL -22 LOWEST SLP 29.64 ON 21
[REMARKS]
#FINAL-06-21#