000
CXUS55 KPAH 012234
CF6EVV
PRELIMINARY LOCAL CLIMATOLOGICAL DATA (WS FORM: F-6)
STATION: EVANSVILLE IN
MONTH: MAY
YEAR: 2021
LATITUDE: 38 2 N
LONGITUDE: 87 32 W
TEMPERATURE IN F: :PCPN: SNOW: WIND :SUNSHINE: SKY :PK WND
================================================================================
1 2 3 4 5 6A 6B 7 8 9 10 11 12 13 14 15 16 17 18
12Z AVG MX 2MIN
DY MAX MIN AVG DEP HDD CDD WTR SNW DPTH SPD SPD DIR MIN PSBL S-S WX SPD DR
================================================================================
1 77 45 61 -1 4 0 0.00 0.0 0 7.7 17 220 M M 0 26 220
2 71 56 64 1 1 0 0.25 0.0 0 5.1 14 190 M M 6 1 20 180
3 79 59 69 6 0 4 0.08 0.0 0 7.1 18 210 M M 7 1 25 220
4 73 55 64 1 1 0 1.01 0.0 0 7.7 25 200 M M 9 13 35 220
5 65 46 56 -8 9 0 0.00 0.0 0 7.6 16 340 M M 4 26 340
6 67 44 56 -8 9 0 0.35 0.0 0 5.7 24 270 M M 4 13 42 270
7 70 41 56 -8 9 0 T 0.0 0 9.8 24 260 M M 2 34 260
8 58 43 51 -14 14 0 0.00 0.0 0 6.4 14 50 M M 7 21 40
9 69 46 58 -7 7 0 0.24 0.0 0 12.9 29 220 M M 9 13 41 210
10 63 40 52 -13 13 0 0.00 0.0 0 6.5 15 30 M M 2 20 40
11 65 42 54 -12 11 0 0.00 0.0 0 9.0 16 30 M M 4 24 30
12 66 44 55 -11 10 0 0.00 0.0 0 9.7 21 50 M M 1 27 50
13 69 43 56 -10 9 0 0.00 0.0 0 4.6 13 40 M M 1 23 20
14 72 41 57 -9 8 0 0.00 0.0 0 2.9 12 70 M M 0 16 60
15 72 43 58 -9 7 0 T 0.0 0 3.3 17 240 M M 4 22 230
16 75 56 66 -1 0 1 T 0.0 0 5.3 12 160 M M 7 19 90
17 78 60 69 2 0 4 0.01 0.0 0 3.9 15 210 M M 6 19 210
18 78 63 71 3 0 6 0.02 0.0 0 6.3 15 160 M M 8 23 160
19 80 65 73 5 0 8 0.13 0.0 0 6.3 15 150 M M 5 1 25 170
20 86 65 76 8 0 11 0.00 0.0 0 6.2 17 190 M M 0 25 190
21 84 60 72 4 0 7 0.00 0.0 0 4.8 16 180 M M 0 25 170
22 87 58 73 4 0 8 0.00 0.0 0 1.7 13 240 M M 1 20 240
23 89 61 75 6 0 10 0.00 0.0 0 2.7 10 250 M M 0 14 240
24 89 64 77 8 0 12 0.00 0.0 0 3.3 13 240 M M 0 18 210
25 90 64 77 7 0 12 0.00 0.0 0 7.8 20 190 M M 1 28 220
26 77 64 71 1 0 6 0.66 0.0 0 6.0 14 220 M M 6 123 21 230
27 82 62 72 2 0 7 0.19 0.0 0 4.8 20 300 M M 7 123 28 310
28 75 52 64 -6 1 0 0.08 0.0 0 8.5 22 290 M M 9 1 35 290
29 59 48 54 -17 11 0 0.02 0.0 0 7.1 16 30 M M 9 1 22 20
30 71 42 57 -14 8 0 0.00 0.0 0 4.7 16 50 M M 0 24 30
31 76 49 63 -8 2 0 0.00 0.0 0 2.3 9 100 M M 0 14 100
================================================================================
SM 2312 1621 134 96 3.04 0.0 187.7 M 119
================================================================================
AV 74.6 52.3 6.1 FASTST M M 4 MAX(MPH)
MISC ----> 29 220 42 270
================================================================================
NOTES:
# LAST OF SEVERAL OCCURRENCES
COLUMN 17 PEAK WIND IN M.P.H.
PRELIMINARY LOCAL CLIMATOLOGICAL DATA (WS FORM: F-6) , PAGE 2
STATION: EVANSVILLE IN
MONTH: MAY
YEAR: 2021
LATITUDE: 38 2 N
LONGITUDE: 87 32 W
[TEMPERATURE DATA] [PRECIPITATION DATA] SYMBOLS USED IN COLUMN 16
AVERAGE MONTHLY: 63.4 TOTAL FOR MONTH: 3.04 1 = FOG OR MIST
DPTR FM NORMAL: -3.5 DPTR FM NORMAL: -2.08 2 = FOG REDUCING VISIBILITY
HIGHEST: 90 ON 25 GRTST 24HR 1.01 ON 4- 4 TO 1/4 MILE OR LESS
LOWEST: 40 ON 10 3 = THUNDER
SNOW, ICE PELLETS, HAIL 4 = ICE PELLETS
TOTAL MONTH: 0.0 INCH 5 = HAIL
GRTST 24HR 0.0 6 = FREEZING RAIN OR DRIZZLE
GRTST DEPTH: 0 7 = DUSTSTORM OR SANDSTORM:
VSBY 1/2 MILE OR LESS
8 = SMOKE OR HAZE
[NO. OF DAYS WITH] [WEATHER - DAYS WITH] 9 = BLOWING SNOW
X = TORNADO
MAX 32 OR BELOW: 0 0.01 INCH OR MORE: 12
MAX 90 OR ABOVE: 1 0.10 INCH OR MORE: 7
MIN 32 OR BELOW: 0 0.50 INCH OR MORE: 2
MIN 0 OR BELOW: 0 1.00 INCH OR MORE: 1
[HDD (BASE 65) ]
TOTAL THIS MO. 134 CLEAR (SCALE 0-3) 14
DPTR FM NORMAL 61 PTCLDY (SCALE 4-7) 13
TOTAL FM JUL 1 4200 CLOUDY (SCALE 8-10) 4
DPTR FM NORMAL -135
[CDD (BASE 65) ]
TOTAL THIS MO. 96
DPTR FM NORMAL -38 [PRESSURE DATA]
TOTAL FM JAN 1 124 HIGHEST SLP 30.42 ON 22
DPTR FM NORMAL -43 LOWEST SLP 29.57 ON 3
[REMARKS]
#FINAL-05-21#