000
CXUS55 KPAH 011847
CF6EVV
PRELIMINARY LOCAL CLIMATOLOGICAL DATA (WS FORM: F-6)
STATION: EVANSVILLE IN
MONTH: SEPTEMBER
YEAR: 2020
LATITUDE: 38 2 N
LONGITUDE: 87 32 W
TEMPERATURE IN F: :PCPN: SNOW: WIND :SUNSHINE: SKY :PK WND
================================================================================
1 2 3 4 5 6A 6B 7 8 9 10 11 12 13 14 15 16 17 18
12Z AVG MX 2MIN
DY MAX MIN AVG DEP HDD CDD WTR SNW DPTH SPD SPD DIR MIN PSBL S-S WX SPD DR
================================================================================
1 80 70 75 1 0 10 1.08 0.0 0 4.2 23 250 M M 7 1 30 250
2 84 74 79 5 0 14 0.10 0.0 0 3.5 12 240 M M 8 1 15 230
3 86 71 79 5 0 14 0.49 0.0 0 7.3 20 250 M M 4 1 27 240
4 81 58 70 -4 0 5 0.00 0.0 0 5.4 14 320 M M 2 19 340
5 84 55 70 -3 0 5 0.00 0.0 0 2.3 10 230 M M 0 14 220
6 85 59 72 -1 0 7 0.00 0.0 0 4.6 16 200 M M 0 1 24 210
7 88 66 77 5 0 12 0.00 0.0 0 8.4 16 240 M M 0 22 270
8 90 66 78 6 0 13 0.00 0.0 0 3.5 13 210 M M 0 18 210
9 90 64 77 5 0 12 0.00 0.0 0 1.3 8 80 M M 1 1 12 80
10 91 67 79 8 0 14 0.00 0.0 0 4.4 10 60 M M 1 1 14 20
11 79 66 73 2 0 8 0.00 0.0 0 6.8 10 60 M M 6 18 14 50
12 85 68 77 6 0 12 0.04 0.0 0 3.2 10 140 M M 7 138 17 150
13 86 66 76 6 0 11 T 0.0 0 3.9 10 340 M M 4 12 15 340
14 85 62 74 4 0 9 0.00 0.0 0 8.0 13 50 M M 0 19 80
15 78 57 68 -1 0 3 0.00 0.0 0 6.7 14 90 M M 0 19 80
16 83 54 69 0 0 4 0.00 0.0 0 2.1 7 360 M M 1 10 360
17 85 55 70 1 0 5 0.00 0.0 0 6.7 15 360 M M 0 22 360
18 74 51 63 -5 2 0 0.00 0.0 0 9.9 20 30 M M 0 27 30
19 72 46 59 -9 6 0 0.00 0.0 0 6.3 14 50 M M 0 18 50
20 76 45 61 -6 4 0 0.00 0.0 0 6.6 16 50 M M 0 20 50
21 79 48 64 -3 1 0 0.00 0.0 0 3.4 12 220 M M 0 15 230
22 76 50 63 -3 2 0 0.00 0.0 0 2.5 12 210 M M 0 1 16 240
23 70 53 62 -4 3 0 T 0.0 0 1.8 9 210 M M 2 12 210
24 75 60 68 2 0 3 0.01 0.0 0 3.3 12 120 M M 9 1 19 100
25 80 61 71 6 0 6 T 0.0 0 2.7 13 230 M M 6 12 16 230
26 78 58 68 3 0 3 0.00 0.0 0 8.2 16 200 M M 6 12 24 210
27 81 60 71 7 0 6 0.00 0.0 0 6.4 17 220 M M 3 1 24 260
28 69 50 60 -4 5 0 0.71 0.0 0 6.8 15 300 M M 6 1 23 290
29 69 46 58 -6 7 0 0.00 0.0 0 5.4 17 250 M M 4 23 280
30 81 49 65 2 0 0 0.00 0.0 0 11.0 25 220 M M 2 36 220
================================================================================
SM 2420 1755 30 176 2.43 0.0 156.6 M 79
================================================================================
AV 80.7 58.5 5.2 FASTST M M 3 MAX(MPH)
MISC ----> 25 220 36 220
================================================================================
NOTES:
# LAST OF SEVERAL OCCURRENCES
COLUMN 17 PEAK WIND IN M.P.H.
PRELIMINARY LOCAL CLIMATOLOGICAL DATA (WS FORM: F-6) , PAGE 2
STATION: EVANSVILLE IN
MONTH: SEPTEMBER
YEAR: 2020
LATITUDE: 38 2 N
LONGITUDE: 87 32 W
[TEMPERATURE DATA] [PRECIPITATION DATA] SYMBOLS USED IN COLUMN 16
AVERAGE MONTHLY: 69.6 TOTAL FOR MONTH: 2.43 1 = FOG OR MIST
DPTR FM NORMAL: 0.5 DPTR FM NORMAL: -0.62 2 = FOG REDUCING VISIBILITY
HIGHEST: 91 ON 10 GRTST 24HR 1.09 ON 1- 2 TO 1/4 MILE OR LESS
LOWEST: 45 ON 20 3 = THUNDER
SNOW, ICE PELLETS, HAIL 4 = ICE PELLETS
TOTAL MONTH: 0.0 INCH 5 = HAIL
GRTST 24HR 0.0 6 = FREEZING RAIN OR DRIZZLE
GRTST DEPTH: 0 7 = DUSTSTORM OR SANDSTORM:
VSBY 1/2 MILE OR LESS
8 = SMOKE OR HAZE
[NO. OF DAYS WITH] [WEATHER - DAYS WITH] 9 = BLOWING SNOW
X = TORNADO
MAX 32 OR BELOW: 0 0.01 INCH OR MORE: 6
MAX 90 OR ABOVE: 3 0.10 INCH OR MORE: 4
MIN 32 OR BELOW: 0 0.50 INCH OR MORE: 2
MIN 0 OR BELOW: 0 1.00 INCH OR MORE: 1
[HDD (BASE 65) ]
TOTAL THIS MO. 30 CLEAR (SCALE 0-3) 18
DPTR FM NORMAL -16 PTCLDY (SCALE 4-7) 11
TOTAL FM JUL 1 30 CLOUDY (SCALE 8-10) 1
DPTR FM NORMAL -16
[CDD (BASE 65) ]
TOTAL THIS MO. 176
DPTR FM NORMAL 9 [PRESSURE DATA]
TOTAL FM JAN 1 1454 HIGHEST SLP 30.39 ON 21
DPTR FM NORMAL 88 LOWEST SLP 29.72 ON 28
[REMARKS]
#FINAL-09-20#