000
CXUS55 KPAH 010700
CF6EVV
PRELIMINARY LOCAL CLIMATOLOGICAL DATA (WS FORM: F-6)
STATION: EVANSVILLE IN
MONTH: MARCH
YEAR: 2020
LATITUDE: 38 2 N
LONGITUDE: 87 32 W
TEMPERATURE IN F: :PCPN: SNOW: WIND :SUNSHINE: SKY :PK WND
================================================================================
1 2 3 4 5 6A 6B 7 8 9 10 11 12 13 14 15 16 17 18
12Z AVG MX 2MIN
DY MAX MIN AVG DEP HDD CDD WTR SNW DPTH SPD SPD DIR MIN PSBL S-S WX SPD DR
================================================================================
1 67 30 49 8 16 0 0.10 0.0 0 9.1 25 210 M M 3 36 190
2 63 50 57 16 8 0 0.74 0.0 0 9.6 23 230 M M 9 13 31 230
3 60 35 48 6 17 0 0.02 0.0 0 8.2 25 260 M M M 1 35 270
4 61 35 48 6 17 0 0.00 0.0 0 6.9 22 270 M M 0 35 270
5 62 34 48 6 17 0 0.00 0.0 0 6.4 22 300 M M 1 30 320
6 45 28 37 -6 28 0 T T 0 10.9 24 320 M M 6 41 330
7 51 23 37 -6 28 0 0.00 0.0 M 2.3 9 130 M M 0 13 110
8 67 29 48 5 17 0 0.00 0.0 0 9.0 23 210 M M 0 29 210
9 64 53 59 15 6 0 0.33 0.0 0 12.9 23 190 M M 4 1 34 210
10 60 43 52 8 13 0 0.09 0.0 0 8.0 20 200 M M 10 18 28 310
11 58 43 51 7 14 0 0.00 0.0 0 3.9 12 210 M M 7 1 15 200
12 65 39 52 7 13 0 1.06 0.0 0 6.5 18 300 M M 6 1238 31 280
13 57 41 49 4 16 0 0.00 0.0 0 8.7 20 350 M M 2 32 340
14 46 38 42 -3 23 0 0.62 0.0 0 10.5 18 80 M M 10 18 26 80
15 43 37 40 -6 25 0 0.00 0.0 0 8.1 17 30 M M 10 22 20
16 46 39 43 -3 22 0 T 0.0 0 3.8 12 200 M M 10 18 17 170
17 56 40 48 2 17 0 0.04 0.0 0 4.9 15 40 M M 6 18 19 340
18 61 40 51 4 14 0 1.87 0.0 0 5.8 15 220 M M 8 13 20 200
19 71 55 63 16 2 0 0.88 0.0 0 9.6 18 190 M M 9 123 27 210
20 70 42 56 9 9 0 0.52 0.0 0 13.4 25 210 M M 7 13 36 210
21 42 33 38 -10 27 0 T 0.0 0 8.3 15 30 M M 7 1 22 340
22 46 33 40 -8 25 0 T 0.0 0 7.0 16 70 M M 5 23 60
23 54 40 47 -1 18 0 0.00 0.0 0 6.8 14 360 M M 5 22 320
24 51 39 45 -4 20 0 0.22 0.0 0 7.5 20 40 M M 5 18 26 30
25 62 39 51 2 14 0 0.00 0.0 0 4.9 14 220 M M 3 128 17 160
26 81 48 65 16 0 0 0.00 0.0 0 8.5 26 220 M M 1 36 220
27 77 59 68 18 0 3 0.02 0.0 0 8.2 16 210 M M 5 13 25 230
28 80 63 72 22 0 7 0.85 0.0 0 11.4 29 220 M M 5 13 42 210
29 68 51 60 10 5 0 0.00 0.0 0 16.3 30 250 M M 1 43 240
30 64 43 54 3 11 0 0.00 0.0 0 4.6 16 340 M M 0 24 340
31 53 41 47 -4 18 0 0.00 0.0 0 9.9 17 330 M M 7 27 320
================================================================================
SM 1851 1263 460 10 7.36 T 251.9 M 152
================================================================================
AV 59.7 40.7 8.1 FASTST M M 5 MAX(MPH)
MISC ----> 30 250 43 240
================================================================================
NOTES:
# LAST OF SEVERAL OCCURRENCES
COLUMN 17 PEAK WIND IN M.P.H.
PRELIMINARY LOCAL CLIMATOLOGICAL DATA (WS FORM: F-6) , PAGE 2
STATION: EVANSVILLE IN
MONTH: MARCH
YEAR: 2020
LATITUDE: 38 2 N
LONGITUDE: 87 32 W
[TEMPERATURE DATA] [PRECIPITATION DATA] SYMBOLS USED IN COLUMN 16
AVERAGE MONTHLY: 50.2 TOTAL FOR MONTH: 7.36 1 = FOG OR MIST
DPTR FM NORMAL: 4.2 DPTR FM NORMAL: 3.12 2 = FOG REDUCING VISIBILITY
HIGHEST: 81 ON 26 GRTST 24HR 2.12 ON 18-19 TO 1/4 MILE OR LESS
LOWEST: 23 ON 7 3 = THUNDER
SNOW, ICE PELLETS, HAIL 4 = ICE PELLETS
TOTAL MONTH: T 5 = HAIL
GRTST 24HR T ON 6- 6 6 = FREEZING RAIN OR DRIZZLE
GRTST DEPTH: 0 7 = DUSTSTORM OR SANDSTORM:
VSBY 1/2 MILE OR LESS
8 = SMOKE OR HAZE
[NO. OF DAYS WITH] [WEATHER - DAYS WITH] 9 = BLOWING SNOW
X = TORNADO
MAX 32 OR BELOW: 0 0.01 INCH OR MORE: 14
MAX 90 OR ABOVE: 0 0.10 INCH OR MORE: 10
MIN 32 OR BELOW: 4 0.50 INCH OR MORE: 7
MIN 0 OR BELOW: 0 1.00 INCH OR MORE: 2
[HDD (BASE 65) ]
TOTAL THIS MO. 460 CLEAR (SCALE 0-3) 9
DPTR FM NORMAL -132 PTCLDY (SCALE 4-7) 15
TOTAL FM JUL 1 3792 CLOUDY (SCALE 8-10) 7
DPTR FM NORMAL -372
[CDD (BASE 65) ]
TOTAL THIS MO. 10
DPTR FM NORMAL 7 [PRESSURE DATA]
TOTAL FM JAN 1 10 HIGHEST SLP M ON M
DPTR FM NORMAL 7 LOWEST SLP 29.60 ON 2
[REMARKS]
#FINAL-03-20#