000
CXUS55 KPAH 012209
CF6EVV
PRELIMINARY LOCAL CLIMATOLOGICAL DATA (WS FORM: F-6)
STATION: EVANSVILLE IN
MONTH: FEBRUARY
YEAR: 2020
LATITUDE: 38 2 N
LONGITUDE: 87 32 W
TEMPERATURE IN F: :PCPN: SNOW: WIND :SUNSHINE: SKY :PK WND
================================================================================
1 2 3 4 5 6A 6B 7 8 9 10 11 12 13 14 15 16 17 18
12Z AVG MX 2MIN
DY MAX MIN AVG DEP HDD CDD WTR SNW DPTH SPD SPD DIR MIN PSBL S-S WX SPD DR
================================================================================
1 46 31 39 6 26 0 0.00 0.0 0 5.8 17 260 M M 8 18 24 280
2 64 31 48 14 17 0 0.00 0.0 0 8.7 20 250 M M 0 26 260
3 70 39 55 21 10 0 T 0.0 0 11.2 25 200 M M 3 36 210
4 61 39 50 16 15 0 0.50 0.0 0 10.5 20 210 M M 10 1 29 210
5 39 35 37 3 28 0 0.62 0.0 0 10.3 20 30 M M 10 1 25 40
6 36 29 33 -1 32 0 0.07 T 0 7.6 14 340 M M 10 18 21 320
7 37 29 33 -1 32 0 T T 0 8.5 17 260 M M 9 23 230
8 38 25 32 -3 33 0 T T 0 5.3 15 310 M M 7 1 25 310
9 60 24 42 7 23 0 0.19 T 0 9.0 21 200 M M 7 16 31 200
10 54 35 45 10 20 0 0.53 0.0 0 8.9 20 10 M M 10 18 29 10
11 43 33 38 3 27 0 0.03 0.0 0 5.1 14 350 M M 7 18 18 340
12 38 33 36 0 29 0 0.94 T 0 5.7 17 40 M M 7 1 22 30
13 38 15 27 -9 38 0 0.08 T 0 9.8 22 320 M M 10 1 36 340
14 25 11 18 -18 47 0 T T 0 4.4 14 350 M M 4 20 330
15 48 17 33 -3 32 0 0.00 0.0 0 6.4 21 200 M M 2 30 190
16 54 30 42 5 23 0 0.00 0.0 0 2.9 10 20 M M 3 14 20
17 55 32 44 7 21 0 T 0.0 0 6.4 16 200 M M 5 22 200
18 53 32 43 6 22 0 0.20 0.0 0 8.1 20 350 M M 8 18 29 330
19 47 28 38 0 27 0 0.00 0.0 0 7.8 15 30 M M 0 20 20
20 38 24 31 -7 34 0 0.00 0.0 0 11.5 20 20 M M 2 29 360
21 37 19 28 -10 37 0 0.00 0.0 0 3.7 9 220 M M 0 14 360
22 49 19 34 -5 31 0 0.00 0.0 0 5.6 16 220 M M 0 21 180
23 56 28 42 3 23 0 0.00 0.0 0 8.3 17 200 M M 7 24 200
24 48 43 46 7 19 0 0.50 0.0 0 6.4 15 140 M M 10 1 22 120
25 48 39 44 4 21 0 0.06 0.0 0 6.2 10 310 M M 10 12 16 310
26 39 31 35 -5 30 0 0.04 T 0 10.4 20 310 M M 10 18 32 330
27 42 29 36 -4 29 0 T T 0 9.2 18 250 M M 7 27 260
28 44 30 37 -4 28 0 T 0.0 0 8.6 18 260 M M 8 26 250
29 43 21 32 -9 33 0 0.00 0.0 0 3.5 12 220 M M 0 16 330
================================================================================
SM 1350 831 787 0 3.76 T 215.8 M 174
================================================================================
AV 46.6 28.7 7.4 FASTST M M 6 MAX(MPH)
MISC ----> 25 200 # 36 210
================================================================================
NOTES:
# LAST OF SEVERAL OCCURRENCES
COLUMN 17 PEAK WIND IN M.P.H.
PRELIMINARY LOCAL CLIMATOLOGICAL DATA (WS FORM: F-6) , PAGE 2
STATION: EVANSVILLE IN
MONTH: FEBRUARY
YEAR: 2020
LATITUDE: 38 2 N
LONGITUDE: 87 32 W
[TEMPERATURE DATA] [PRECIPITATION DATA] SYMBOLS USED IN COLUMN 16
AVERAGE MONTHLY: 37.6 TOTAL FOR MONTH: 3.76 1 = FOG OR MIST
DPTR FM NORMAL: 1.0 DPTR FM NORMAL: 0.59 2 = FOG REDUCING VISIBILITY
HIGHEST: 70 ON 3 GRTST 24HR 1.02 ON 12-13 TO 1/4 MILE OR LESS
LOWEST: 11 ON 14 3 = THUNDER
SNOW, ICE PELLETS, HAIL 4 = ICE PELLETS
TOTAL MONTH: T 5 = HAIL
GRTST 24HR T ON 6- 6 6 = FREEZING RAIN OR DRIZZLE
GRTST DEPTH: 0 7 = DUSTSTORM OR SANDSTORM:
VSBY 1/2 MILE OR LESS
8 = SMOKE OR HAZE
[NO. OF DAYS WITH] [WEATHER - DAYS WITH] 9 = BLOWING SNOW
X = TORNADO
MAX 32 OR BELOW: 1 0.01 INCH OR MORE: 12
MAX 90 OR ABOVE: 0 0.10 INCH OR MORE: 7
MIN 32 OR BELOW: 21 0.50 INCH OR MORE: 5
MIN 0 OR BELOW: 0 1.00 INCH OR MORE: 0
[HDD (BASE 65) ]
TOTAL THIS MO. 787 CLEAR (SCALE 0-3) 7
DPTR FM NORMAL -8 PTCLDY (SCALE 4-7) 13
TOTAL FM JUL 1 3332 CLOUDY (SCALE 8-10) 9
DPTR FM NORMAL -290
[CDD (BASE 65) ]
TOTAL THIS MO. 0
DPTR FM NORMAL 0 [PRESSURE DATA]
TOTAL FM JAN 1 0 HIGHEST SLP 30.75 ON 21
DPTR FM NORMAL 0 LOWEST SLP 29.54 ON 6
[REMARKS]
#FINAL-02-20#