000
CXUS53 KPAH 011550
CLSEVV
CLIMATE REPORT
NATIONAL WEATHER SERVICE PADUCAH KY
950 AM CST WED MAR 01 2023
...................................
...THE EVANSVILLE IN CLIMATE SUMMARY FOR THE SEASON, FROM
12/1/2022 TO 2/28/2023...
CLIMATE NORMAL PERIOD 1991 TO 2020
CLIMATE RECORD PERIOD 1896 TO 2023
WEATHER OBSERVED NORMAL DEPART LAST YEAR`S
VALUE DATE(S) VALUE FROM VALUE
NORMAL
..............................................................
TEMPERATURE (F)
RECORD
HIGH 79 02/24/2017
02/13/1962
LOW -23 02/02/1951
HIGHEST 76 02/22 42 34
LOWEST -6 12/23 24 -30
AVG. MAXIMUM 49.6 44.7 4.9
AVG. MINIMUM 32.0 27.8 4.2
MEAN 40.8 36.2 4.6
DAYS MAX >= 90 0 0.0 0.0
DAYS MAX <= 32 7 14.7 -7.7
DAYS MIN <= 32 46 62.6 -16.6
DAYS MIN <= 0 2 1.0 1.0
PRECIPITATION (INCHES)
RECORD
MAXIMUM 24.38 1949
MINIMUM 3.76 1976
TOTALS 11.96 10.35 1.61
DAILY AVG. 0.13 0.11 0.02
DAYS >= .01 36 30.5 5.5
DAYS >= .10 18 18.6 -0.6
DAYS >= .50 9 7.4 1.6
DAYS >= 1.00 3 2.5 0.5
GREATEST
24 HR. TOTAL 1.98
STORM TOTAL 1.82
(MM/DD(HH))
SNOWFALL (INCHES)
TOTALS 4.3
LIQUID EQUIV 0.40
SINCE 7/1 6.8
LIQUID 7/1 0.68
SNOWDEPTH AVG. 0
DAYS >= TRACE 11
DAYS >= 1.0 1
GREATEST
SNOW DEPTH 2 12/23
12/24
12/25
24 HR TOTAL MM
STORM TOTAL 2.5
(MM/DD(HH))
DEGREE DAYS
HEATING TOTAL 2171 2593 -422
SINCE 7/1 3026 3426 -400
COOLING TOTAL 0 0 0
SINCE 1/1 0 0 0
FREEZE DATES
RECORD
EARLIEST 10/03/1974
LATEST 05/10/1966
EARLIEST 10/19
LATEST 04/03
..............................................................
WIND (MPH)
AVERAGE WIND SPEED 7.4
HIGHEST WIND SPEED/DIRECTION 39/240 DATE 02/27
HIGHEST GUST SPEED/DIRECTION 56/210 DATE 02/27
SKY COVER
POSSIBLE SUNSHINE (PERCENT) MM
AVERAGE SKY COVER 0.54
NUMBER OF DAYS FAIR 33
NUMBER OF DAYS PC 23
NUMBER OF DAYS CLOUDY 34
AVERAGE RH (PERCENT) 72
WEATHER CONDITIONS. NUMBER OF DAYS WITH
THUNDERSTORM 5 MIXED PRECIP 0
HEAVY RAIN 11 RAIN 14
LIGHT RAIN 32 FREEZING RAIN 1
LT FREEZING RAIN 2 HAIL 0
HEAVY SNOW 1 SNOW 3
LIGHT SNOW 10 SLEET 1
FOG 48 FOG W/VIS <= 1/4 MILE 8
HAZE 13
- INDICATES NEGATIVE NUMBERS.
R INDICATES RECORD WAS SET OR TIED.
MM INDICATES DATA IS MISSING.
T INDICATES TRACE AMOUNT.
[REMARKS:] 2ND WARMEST WINTER AT EVANSVILLE
$$