000
CXUS56 KSLC 010726
CF6EVW
PRELIMINARY LOCAL CLIMATOLOGICAL DATA (WS FORM: F-6)
STATION: EVANSTON WY
MONTH: SEPTEMBER
YEAR: 2021
LATITUDE: 41 16 N
LONGITUDE: 111 2 W
TEMPERATURE IN F: :PCPN: SNOW: WIND :SUNSHINE: SKY :PK WND
================================================================================
1 2 3 4 5 6A 6B 7 8 9 10 11 12 13 14 15 16 17 18
12Z AVG MX 2MIN
DY MAX MIN AVG DEP HDD CDD WTR SNW DPTH SPD SPD DIR MIN PSBL S-S WX SPD DR
================================================================================
1 73 53 63 1 2 0 0.22 M M 8.1 17 90 M M 2 3 22 10
2 77 49 63 2 2 0 0.19 M M 11.5 59 260 M M 4 13 72 250
3 73 48 61 0 4 0 T M M 9.2 21 250 M M 2 38 27 270
4 76 42 59 -1 6 0 0.00 M M 8.7 22 250 M M 0 30 250
5 80 48 64 4 1 0 0.00 M M 9.7 20 240 M M 0 24 240
6 82 51 67 7 0 2 0.00 M M 10.8 25 270 M M 1 32 260
7 85 50 68 8 0 3 0.00 M M 6.5 13 310 M M 0 18 300
8 86 45 66 7 0 1 0.00 M M 7.0 17 260 M M 0 22 220
9 88 53 71 12 0 6 0.00 M M 8.1 18 270 M M 0 24 270
10 83 53 68 10 0 3 0.05 M M 9.5 43 250 M M 3 3 56 250
11 66 50 58 0 7 0 0.17 M M 7.1 22 230 M M 5 12 28 220
12 78 48 63 5 2 0 0.00 M M 8.3 25 250 M M 3 34 240
13 75 54 65 7 0 0 0.03 M M 11.5 29 350 M M 1 13 36 320
14 74 47 61 4 4 0 0.00 M M 8.0 23 240 M M 0 28 250
15 78 46 62 5 3 0 0.00 M M 12.8 29 230 M M 0 36 230
16 77 49 63 7 2 0 0.00 M M 10.8 24 250 M M 0 29 260
17 78 45 62 6 3 0 0.00 M M 8.6 26 250 M M 0 32 290
18 70 50 60 4 5 0 0.08 M M 14.5 32 210 M M 3 1 38 210
19 69 36 53 -2 12 0 T M M 16.5 39 240 M M 4 49 240
20 57 31 44 -11 21 0 0.00 M M 7.8 18 310 M M 3 26 270
21 66 31 49 -5 16 0 0.00 M M 4.9 12 340 M M 0 8 16 350
22 74 37 56 2 9 0 0.00 M M 9.8 22 260 M M 0 32 240
23 69 40 55 1 10 0 0.00 M M 6.6 16 360 M M 2 21 20
24 74 38 56 3 9 0 0.00 M M 5.7 16 250 M M 0 23 260
25 76 44 60 7 5 0 0.00 M M 10.0 24 240 M M 0 34 230
26 79 47 63 11 2 0 0.00 M M 9.8 21 250 M M 0 29 250
27 80 48 64 12 1 0 0.00 M M 7.5 20 260 M M 0 8 28 260
28 68 37 53 2 12 0 0.09 M M 11.9 26 240 M M 3 1 36 240
29 53 33 43 -8 22 0 0.00 M M 5.9 14 310 M M 5 20 300
30 58 33 46 -5 19 0 0.00 M M 7.4 16 60 M M 2 27 60
================================================================================
SM 2222 1336 179 15 0.83 M 274.5 M 43
================================================================================
AV 74.1 44.5 9.1 FASTST M M 1 MAX(MPH)
MISC ----> 59 260 72 250
================================================================================
NOTES:
# LAST OF SEVERAL OCCURRENCES
COLUMN 17 PEAK WIND IN M.P.H.
PRELIMINARY LOCAL CLIMATOLOGICAL DATA (WS FORM: F-6) , PAGE 2
STATION: EVANSTON WY
MONTH: SEPTEMBER
YEAR: 2021
LATITUDE: 41 16 N
LONGITUDE: 111 2 W
[TEMPERATURE DATA] [PRECIPITATION DATA] SYMBOLS USED IN COLUMN 16
AVERAGE MONTHLY: 59.3 TOTAL FOR MONTH: 0.83 1 = FOG OR MIST
DPTR FM NORMAL: 3.0 DPTR FM NORMAL: -0.18 2 = FOG REDUCING VISIBILITY
HIGHEST: 88 ON 9 GRTST 24HR 0.22 ON 1- 1 TO 1/4 MILE OR LESS
LOWEST: 31 ON 21,20 3 = THUNDER
SNOW, ICE PELLETS, HAIL 4 = ICE PELLETS
TOTAL MONTH: M 5 = HAIL
GRTST 24HR M ON M 6 = FREEZING RAIN OR DRIZZLE
GRTST DEPTH: M ON M 7 = DUSTSTORM OR SANDSTORM:
VSBY 1/2 MILE OR LESS
8 = SMOKE OR HAZE
[NO. OF DAYS WITH] [WEATHER - DAYS WITH] 9 = BLOWING SNOW
X = TORNADO
MAX 32 OR BELOW: 0 0.01 INCH OR MORE: 7
MAX 90 OR ABOVE: 0 0.10 INCH OR MORE: 3
MIN 32 OR BELOW: 2 0.50 INCH OR MORE: 0
MIN 0 OR BELOW: 0 1.00 INCH OR MORE: 0
[HDD (BASE 65) ]
TOTAL THIS MO. 179 CLEAR (SCALE 0-3) 24
DPTR FM NORMAL -89 PTCLDY (SCALE 4-7) 6
TOTAL FM JUL 1 243 CLOUDY (SCALE 8-10) 0
DPTR FM NORMAL -109
[CDD (BASE 65) ]
TOTAL THIS MO. 15
DPTR FM NORMAL 7 [PRESSURE DATA]
TOTAL FM JAN 1 427 HIGHEST SLP M ON M
DPTR FM NORMAL 222 LOWEST SLP 29.66 ON 28
[REMARKS]
#FINAL-09-21#