000
CXUS53 KIND 010600
CF6EYE
PRELIMINARY LOCAL CLIMATOLOGICAL DATA (WS FORM: F-6)
STATION: INDIANAPOLIS EAGLE CREEK IN
MONTH: MAY
YEAR: 2021
LATITUDE: 39 49 N
LONGITUDE: 86 18 W
TEMPERATURE IN F: :PCPN: SNOW: WIND :SUNSHINE: SKY :PK WND
================================================================================
1 2 3 4 5 6A 6B 7 8 9 10 11 12 13 14 15 16 17 18
12Z AVG MX 2MIN
DY MAX MIN AVG DEP HDD CDD WTR SNW DPTH SPD SPD DIR MIN PSBL S-S WX SPD DR
================================================================================
1 74 36 55 -4 10 0 0.00 M M 8.5 18 210 M M 0 31 200
2 77 59 68 9 0 3 0.07 M M 7.7 21 200 M M 3 32 200
3 70 57 64 4 1 0 0.17 M M 5.0 15 210 M M 9 1 22 230
4 67 49 58 -2 7 0 0.07 M M 8.3 18 10 M M 10 18 24 10
5 61 46 54 -6 11 0 0.00 M M 10.4 20 320 M M 2 29 320
6 60 41 51 -9 14 0 0.32 M M 6.1 25 280 M M 5 1 37 270
7 63 41 52 -9 13 0 0.09 M M 7.3 22 10 M M 3 3 30 320
8 58 36 47 -14 18 0 0.06 M M 4.8 12 100 M M 2 17 100
9 47 40 44 -18 21 0 1.03 M M 11.2 23 10 M M 9 13 32 80
10 62 34 48 -14 17 0 T M M 4.5 15 360 M M 3 12 22 340
11 58 43 51 -11 14 0 0.02 M M 8.4 17 10 M M 4 23 10
12 63 38 51 -11 14 0 0.00 M M 6.1 14 60 M M 1 24 40
13 67 43 55 -8 10 0 0.00 M M 4.2 12 50 M M 2 18 80
14 70 43 57 -6 8 0 0.00 M M 2.3 10 300 M M 2 14 310
15 71 44 58 -6 7 0 0.00 M M 2.1 12 180 M M 4 17 210
16 71 54 63 -1 2 0 0.05 M M 3.2 10 100 M M 6 1 15 140
17 65 58 62 -2 3 0 0.78 M M 6.9 16 90 M M 8 1 22 100
18 74 59 67 3 0 2 T M M M 15 140 M M M 24 130
19 M M M M M M M M M M M M M M M M M
20 85 62 74 9 0 9 0.00 M M M 14 210 M M M 21 150
21 84 60 72 7 0 7 0.00 M M 3.8 16 210 M M 0 26 250
22 84 61 73 7 0 8 0.00 M M 2.3 13 270 M M 0 18 18 270
23 86 63 75 9 0 10 0.00 M M 2.0 10 270 M M 4 16 270
24 88 67 78 12 0 13 0.00 M M 3.1 12 270 M M 2 17 230
25 87 62 75 8 0 10 0.12 M M 4.1 15 220 M M 2 25 220
26 80 65 73 6 0 8 0.10 M M 3.6 10 260 M M 4 18 19 240
27 82 59 71 4 0 6 T M M 4.3 16 210 M M 2 1 23 210
28 70 47 59 -9 6 0 0.44 M M 9.1 21 10 M M 9 1 31 30
29 64 46 55 -13 10 0 0.01 M M 8.7 18 10 M M 6 29 350
30 70 45 58 -10 7 0 0.00 M M 4.4 9 30 M M 0 16 40
31 72 50 61 -7 4 0 0.00 M M 2.8 10 140 M M 0 14 190
================================================================================
SM 2130 1508 197 76 3.33 M 155.2 M 102
================================================================================
AV 71.0 50.3 5.5 FASTST M M 4 MAX(MPH)
MISC ----> 25 280 37 270
================================================================================
NOTES:
# LAST OF SEVERAL OCCURRENCES
COLUMN 17 PEAK WIND IN M.P.H.
PRELIMINARY LOCAL CLIMATOLOGICAL DATA (WS FORM: F-6) , PAGE 2
STATION: INDIANAPOLIS EAGLE CREEK IN
MONTH: MAY
YEAR: 2021
LATITUDE: 39 49 N
LONGITUDE: 86 18 W
[TEMPERATURE DATA] [PRECIPITATION DATA] SYMBOLS USED IN COLUMN 16
AVERAGE MONTHLY: 60.6 TOTAL FOR MONTH: 3.33 1 = FOG OR MIST
DPTR FM NORMAL: -3.2 DPTR FM NORMAL: -0.99 2 = FOG REDUCING VISIBILITY
HIGHEST: 88 ON 24 GRTST 24HR 1.09 ON 8- 9 TO 1/4 MILE OR LESS
LOWEST: 34 ON 10 3 = THUNDER
SNOW, ICE PELLETS, HAIL 4 = ICE PELLETS
TOTAL MONTH: M 5 = HAIL
GRTST 24HR M ON M 6 = FREEZING RAIN OR DRIZZLE
GRTST DEPTH: M ON M 7 = DUSTSTORM OR SANDSTORM:
VSBY 1/2 MILE OR LESS
8 = SMOKE OR HAZE
[NO. OF DAYS WITH] [WEATHER - DAYS WITH] 9 = BLOWING SNOW
X = TORNADO
MAX 32 OR BELOW: 0 0.01 INCH OR MORE: 14
MAX 90 OR ABOVE: 0 0.10 INCH OR MORE: 7
MIN 32 OR BELOW: 0 0.50 INCH OR MORE: 2
MIN 0 OR BELOW: 0 1.00 INCH OR MORE: 1
[HDD (BASE 65) ]
TOTAL THIS MO. 197 CLEAR (SCALE 0-3) 15
DPTR FM NORMAL 71 PTCLDY (SCALE 4-7) 9
TOTAL FM JUL 1 5057 CLOUDY (SCALE 8-10) 7
DPTR FM NORMAL -152
[CDD (BASE 65) ]
TOTAL THIS MO. 76
DPTR FM NORMAL -11 [PRESSURE DATA]
TOTAL FM JAN 1 88 HIGHEST SLP M ON M
DPTR FM NORMAL -16 LOWEST SLP 29.58 ON 3
[REMARKS]
#FINAL-05-21#