000
CXAK56 PAFG 011007
CF6FAI
PRELIMINARY LOCAL CLIMATOLOGICAL DATA (WS FORM: F-6)
STATION: FAIRBANKS AK
MONTH: MAY
YEAR: 2021
LATITUDE: 64 49 N
LONGITUDE: 147 52 W
TEMPERATURE IN F: :PCPN: SNOW: WIND :SUNSHINE: SKY :PK WND
================================================================================
1 2 3 4 5 6A 6B 7 8 9 10 11 12 13 14 15 16 17 18
12Z AVG MX 2MIN
DY MAX MIN AVG DEP HDD CDD WTR SNW DPTH SPD SPD DIR MIN PSBL S-S WX SPD DR
================================================================================
1 47 30 39 -5 26 0 0.00 0.0 0 1.9 8 40 M M 7 10 60
2 59 31 45 0 20 0 0.00 0.0 0 6.3 17 40 M M 7 20 40
3 61 40 51 6 14 0 0.00 0.0 0 10.2 22 50 M M 7 29 360
4 63 41 52 6 13 0 0.12 0.0 0 5.8 15 360 M M 8 18 10
5 57 36 47 1 18 0 T 0.0 0 4.9 14 350 M M 7 16 360
6 61 42 52 5 13 0 0.00 0.0 0 10.2 21 60 M M 7 28 50
7 59 42 51 4 14 0 T 0.0 0 5.8 12 360 M M 8 14 360
8 65 35 50 2 15 0 0.00 0.0 0 4.9 14 350 M M 5 18 350
9 63 43 53 5 12 0 0.00 0.0 0 4.0 12 240 M M 8 16 220
10 65 43 54 6 11 0 0.00 0.0 0 4.6 10 40 M M 8 13 80
11 68 44 56 7 9 0 0.01 0.0 0 6.3 20 160 M M 8 23 160
12 63 41 52 3 13 0 T 0.0 0 4.2 21 360 M M 8 24 340
13 67 39 53 4 12 0 0.00 0.0 0 4.8 16 50 M M 7 26 330
14 67 37 52 2 13 0 0.00 0.0 0 3.9 17 90 M M 6 22 90
15 66 43 55 5 10 0 T 0.0 0 5.1 18 280 M M 7 23 360
16 63 39 51 1 14 0 0.19 0.0 0 5.3 16 290 M M 8 3 19 300
17 62 43 53 2 12 0 0.01 0.0 0 5.1 20 270 M M 8 27 250
18 63 41 52 1 13 0 T 0.0 0 3.9 15 210 M M 8 20 170
19 66 47 57 6 8 0 0.01 0.0 0 5.4 15 350 M M 7 18 340
20 67 41 54 2 11 0 0.00 0.0 0 6.4 15 180 M M 7 20 110
21 60 45 53 1 12 0 T 0.0 0 4.7 16 290 M M 8 20 290
22 55 42 49 -3 16 0 0.01 0.0 0 7.8 20 260 M M 8 25 270
23 59 37 48 -5 17 0 0.00 0.0 0 4.0 10 250 M M 6 13 290
24 73 37 55 2 10 0 0.00 0.0 0 3.9 12 110 M M 2 17 100
25 71 48 60 6 5 0 0.00 0.0 0 9.0 21 10 M M 5 26 20
26 71 43 57 3 8 0 0.01 0.0 0 4.9 16 300 M M 8 8 23 240
27 62 42 52 -2 13 0 T 0.0 0 10.2 24 20 M M 8 29 360
28 50 37 44 -11 21 0 0.00 0.0 0 15.0 22 40 M M 7 27 30
29 57 39 48 -7 17 0 0.00 0.0 0 12.6 20 70 M M 8 25 60
30 70 45 58 2 7 0 0.00 0.0 0 4.8 13 310 M M 7 17 260
31 72 51 62 6 3 0 T 0.0 0 5.3 12 20 M M 8 15 140
================================================================================
SM 1952 1264 400 0 0.36 0.0 191.2 M 221
================================================================================
AV 63.0 40.8 6.2 FASTST M M 7 MAX(MPH)
MISC ----> 24 20 # 29 360
================================================================================
NOTES:
# LAST OF SEVERAL OCCURRENCES
COLUMN 17 PEAK WIND IN M.P.H.
PRELIMINARY LOCAL CLIMATOLOGICAL DATA (WS FORM: F-6) , PAGE 2
STATION: FAIRBANKS AK
MONTH: MAY
YEAR: 2021
LATITUDE: 64 49 N
LONGITUDE: 147 52 W
[TEMPERATURE DATA] [PRECIPITATION DATA] SYMBOLS USED IN COLUMN 16
AVERAGE MONTHLY: 51.9 TOTAL FOR MONTH: 0.36 1 = FOG OR MIST
DPTR FM NORMAL: 1.6 DPTR FM NORMAL: -0.18 2 = FOG REDUCING VISIBILITY
HIGHEST: 73 ON 24 GRTST 24HR 0.20 ON 16-17 TO 1/4 MILE OR LESS
LOWEST: 30 ON 1 3 = THUNDER
SNOW, ICE PELLETS, HAIL 4 = ICE PELLETS
TOTAL MONTH: T 5 = HAIL
GRTST 24HR 0.0 6 = FREEZING RAIN OR DRIZZLE
GRTST DEPTH: T 7 = DUSTSTORM OR SANDSTORM:
VSBY 1/2 MILE OR LESS
8 = SMOKE OR HAZE
[NO. OF DAYS WITH] [WEATHER - DAYS WITH] 9 = BLOWING SNOW
X = TORNADO
MAX 32 OR BELOW: 0 0.01 INCH OR MORE: 7
MAX 90 OR ABOVE: 0 0.10 INCH OR MORE: 2
MIN 32 OR BELOW: 2 0.50 INCH OR MORE: 0
MIN 0 OR BELOW: 0 1.00 INCH OR MORE: 0
[HDD (BASE 65) ]
TOTAL THIS MO. 400 CLEAR (SCALE 0-3) 1
DPTR FM NORMAL -55 PTCLDY (SCALE 4-7) 29
TOTAL FM JUL 1 13322 CLOUDY (SCALE 8-10) 1
DPTR FM NORMAL 50
[CDD (BASE 65) ]
TOTAL THIS MO. 0
DPTR FM NORMAL -1 [PRESSURE DATA]
TOTAL FM JAN 1 0 HIGHEST SLP M ON M
DPTR FM NORMAL -1 LOWEST SLP 29.15 ON 30
[REMARKS]
#FINAL-05-21#