000
CXUS54 KOUN 010810
CF6FDR
PRELIMINARY LOCAL CLIMATOLOGICAL DATA (WS FORM: F-6)
STATION: FREDERICK MUNICIPAL
MONTH: JUNE
YEAR: 2023
LATITUDE: 34 21 N
LONGITUDE: 98 59 W
TEMPERATURE IN F: :PCPN: SNOW: WIND :SUNSHINE: SKY :PK WND
================================================================================
1 2 3 4 5 6A 6B 7 8 9 10 11 12 13 14 15 16 17 18
12Z AVG MX 2MIN
DY MAX MIN AVG DEP HDD CDD WTR SNW DPTH SPD SPD DIR MIN PSBL S-S WX SPD DR
================================================================================
1 88 67 78 0 0 13 T M M 9.3 21 160 M M 1 38 28 150
2 91 64 78 0 0 13 0.59 M M 13.2 33 320 M M 5 13 41 320
3 83 64 74 -5 0 9 0.00 M M 4.8 14 110 M M 6 33 210
4 88 64 76 -3 0 11 T M M 8.0 30 50 M M 2 3 40 50
5 90 65 78 -1 0 13 0.02 0.0 M 5.3 15 320 M M 4 3 19 320
6 92 64 78 -1 0 13 0.00 0.0 M 6.1 16 100 M M 1 20 90
7 89 64 77 -3 0 12 1.40 0.0 M 5.5 28 310 M M 2 138 37 340
8 91 64 78 -2 0 13 T M M 6.3 18 290 M M 2 3 25 290
9 96 66 81 1 0 16 0.00 M M 5.3 10 330 M M 0 14 330
10 95 69 82 2 0 17 T M M 9.6 21 140 M M 0 8 26 120
11 97 68 83 3 0 18 0.00 M M 9.6 18 50 M M 0 25 40
12 75 62 69 -12 0 4 0.43 M M 11.7 28 320 M M 7 138 34 310
13 79 64 72 -9 0 7 T M M 8.2 22 350 M M 9 3 32 360
14 91 64 78 -3 0 13 0.00 M M 6.8 15 40 M M 2 18 19 50
15 98 66 82 1 0 17 0.00 M M 12.0 30 190 M M 0 3 39 200
16 91 66 79 -2 0 14 0.00 M M 8.7 16 40 M M 3 21 40
17 94 67 81 -1 0 16 0.03 M M 10.0 26 10 M M 1 138 35 360
18 94 63 79 -3 0 14 0.00 M M 8.0 17 320 M M 1 8 22 320
19 102 66 84 2 0 19 0.00 M M 11.5 22 90 M M 0 8 28 90
20 102 77 90 8 0 25 0.00 M M 11.1 18 90 M M 0 18 22 90
21 94 78 86 4 0 21 T M M 16.7 32 140 M M 5 13 40 130
22 94 73 84 2 0 19 T M M 12.8 28 110 M M 1 33 90
23 92 73 83 1 0 18 T M M 14.4 32 200 M M 2 3 40 150
24 104 69 87 5 0 22 0.00 M M 7.3 17 230 M M 0 23 220
25 105 73 89 6 0 24 0.00 M M 9.4 21 40 M M 0 26 40
26 98 78 88 5 0 23 0.00 M M 16.1 25 90 M M 0 32 80
27 109 77 93 10 0 28 T M M 14.0 24 330 M M 0 1 32 310
28 111 75 93 10 0 28 0.00 M M 13.9 28 190 M M 0 35 210
29 107 73 90 7 0 25 0.00 M M 12.7 23 160 M M 0 34 170
30 101 72 87 4 0 22 0.43 M M 12.7 39 320 M M 2 13 48 300
================================================================================
SM 2841 2055 0 507 2.90 0.0 301.0 M 56
================================================================================
AV 94.7 68.5 10.0 FASTST M M 2 MAX(MPH)
MISC ----> 39 320 48 300
================================================================================
NOTES:
# LAST OF SEVERAL OCCURRENCES
COLUMN 17 PEAK WIND IN M.P.H.
PRELIMINARY LOCAL CLIMATOLOGICAL DATA (WS FORM: F-6) , PAGE 2
STATION: FREDERICK MUNICIPAL
MONTH: JUNE
YEAR: 2023
LATITUDE: 34 21 N
LONGITUDE: 98 59 W
[TEMPERATURE DATA] [PRECIPITATION DATA] SYMBOLS USED IN COLUMN 16
AVERAGE MONTHLY: 81.6 TOTAL FOR MONTH: 2.90 1 = FOG OR MIST
DPTR FM NORMAL: 0.5 DPTR FM NORMAL: M 2 = FOG REDUCING VISIBILITY
HIGHEST: 111 ON 28 GRTST 24HR 1.40 ON 7- 7 TO 1/4 MILE OR LESS
LOWEST: 62 ON 12 3 = THUNDER
SNOW, ICE PELLETS, HAIL 4 = ICE PELLETS
TOTAL MONTH: 0.0 INCH 5 = HAIL
GRTST 24HR 0.0 6 = FREEZING RAIN OR DRIZZLE
GRTST DEPTH: M ON M 7 = DUSTSTORM OR SANDSTORM:
VSBY 1/2 MILE OR LESS
8 = SMOKE OR HAZE
[NO. OF DAYS WITH] [WEATHER - DAYS WITH] 9 = BLOWING SNOW
X = TORNADO
MAX 32 OR BELOW: 0 0.01 INCH OR MORE: 6
MAX 90 OR ABOVE: 24 0.10 INCH OR MORE: 4
MIN 32 OR BELOW: 0 0.50 INCH OR MORE: 2
MIN 0 OR BELOW: 0 1.00 INCH OR MORE: 1
[HDD (BASE 65) ]
TOTAL THIS MO. 0 CLEAR (SCALE 0-3) 24
DPTR FM NORMAL 0 PTCLDY (SCALE 4-7) 5
TOTAL FM JUL 1 2792 CLOUDY (SCALE 8-10) 1
DPTR FM NORMAL -184
[CDD (BASE 65) ]
TOTAL THIS MO. 507
DPTR FM NORMAL 26 [PRESSURE DATA]
TOTAL FM JAN 1 787 HIGHEST SLP M ON M
DPTR FM NORMAL -33 LOWEST SLP 29.51 ON 15
[REMARKS]
#FINAL-06-23#