000
CXUS53 KARX 011335
CF6FKA
PRELIMINARY LOCAL CLIMATOLOGICAL DATA (WS FORM: F-6)
STATION: PRESTON MN
MONTH: DECEMBER
YEAR: 2022
LATITUDE: 43 40 N
LONGITUDE: 92 11 W
TEMPERATURE IN F: :PCPN: SNOW: WIND :SUNSHINE: SKY :PK WND
================================================================================
1 2 3 4 5 6A 6B 7 8 9 10 11 12 13 14 15 16 17 18
12Z AVG MX 2MIN
DY MAX MIN AVG DEP HDD CDD WTR SNW DPTH SPD SPD DIR MIN PSBL S-S WX SPD DR
================================================================================
1 32 7 20 M 45 0 0.00 0.0 M 12.3 21 160 M M 0 27 170
2 43 15 29 M 36 0 M M M 15.6 28 290 M M 3 8 37 290
3 18 4 11 M 54 0 M M 0 14.8 27 310 M M 2 35 310
4 37 13 25 M 40 0 0.00 0.0 0 11.0 16 220 M M 0 23 220
5 34 21 28 M 37 0 0.00 0.0 0 10.0 18 220 M M 1 27 220
6 32 17 25 M 40 0 0.00 0.0 0 3.5 8 140 M M 0 1 M M
7 27 11 19 M 46 0 0.00 0.0 0 5.1 12 20 M M 0 1 M M
8 31 10 21 M 44 0 0.00 0.0 0 5.2 9 110 M M 3 1 M M
9 33 26 30 M 35 0 M M M 9.6 13 70 M M 10 1 21 70
10 33 30 32 M 33 0 M M M 6.5 10 260 M M 10 1 M M
11 35 28 32 M 33 0 0.00 0.0 M 3.5 8 310 M M 9 18 M M
12 33 28 31 M 34 0 0.00 0.0 M 11.2 18 150 M M 10 24 140
13 33 32 33 M 32 0 M M M 15.8 22 110 M M 9 1 31 110
14 36 31 34 M 31 0 M M M 10.0 17 110 M M 10 12 24 110
15 31 21 26 M 39 0 M M M 12.3 20 190 M M 10 1 24 200
16 27 19 23 M 42 0 M M M 15.4 18 280 M M 10 1 24 220
17 19 8 14 M 51 0 M M M 14.9 18 290 M M 9 25 280
18 8 -3 3 M 62 0 M M M 9.1 15 300 M M 0 18 300
19 22 -6 8 M 57 0 M M M 5.4 13 160 M M 5 1 M M
20 18 -8 5 M 60 0 M M M 10.1 16 310 M M 1 23 310
21 6 -11 -2 M 67 0 M M M 4.8 10 120 M M 5 8 M M
22 5 -15 -5 M 70 0 M M M 18.5 22 310 M M 7 89 31 310
23 -5 -14 -9 M 74 0 0.00 0.0 M 25.2 30 300 M M 10 8 39 300
24 1 -5 -2 M 67 0 0.00 0.0 M 20.5 29 300 M M 4 8 33 300
25 8 -6 1 M 64 0 M M M 11.2 22 300 M M 2 8 29 300
26 8 -6 1 M 64 0 M M M 6.7 14 350 M M 5 8 M M
27 22 -5 9 M 56 0 0.00 0.0 M 16.3 23 180 M M 0 8 29 190
28 37 23 30 M 35 0 0.00 0.0 M 14.1 18 170 M M 0 27 180
29 40 28 34 M 31 0 0.00 0.0 M 6.4 14 290 M M 4 12 23 330
30 28 16 22 M 43 0 M M M 8.5 18 280 M M 6 1 24 280
31 34 17 26 M 39 0 M M M 7.7 14 160 M M 6 12 20 170
================================================================================
SM 766 326 1461 0 0.00 0.0 341.2 M 151
================================================================================
AV 24.7 10.5 11.0 FASTST M M 5 MAX(MPH)
MISC ----> 30 300 39 300
================================================================================
NOTES:
# LAST OF SEVERAL OCCURRENCES
COLUMN 17 PEAK WIND IN M.P.H.
PRELIMINARY LOCAL CLIMATOLOGICAL DATA (WS FORM: F-6) , PAGE 2
STATION: PRESTON MN
MONTH: DECEMBER
YEAR: 2022
LATITUDE: 43 40 N
LONGITUDE: 92 11 W
[TEMPERATURE DATA] [PRECIPITATION DATA] SYMBOLS USED IN COLUMN 16
AVERAGE MONTHLY: 17.6 TOTAL FOR MONTH: 0.00 1 = FOG OR MIST
DPTR FM NORMAL: 0.0 DPTR FM NORMAL: M 2 = FOG REDUCING VISIBILITY
HIGHEST: 43 ON 2 GRTST 24HR 0.00 ON 1- 1 TO 1/4 MILE OR LESS
LOWEST: -15 ON 22 3 = THUNDER
SNOW, ICE PELLETS, HAIL 4 = ICE PELLETS
TOTAL MONTH: 0.0 INCH 5 = HAIL
GRTST 24HR 0.0 6 = FREEZING RAIN OR DRIZZLE
GRTST DEPTH: 0 7 = DUSTSTORM OR SANDSTORM:
VSBY 1/2 MILE OR LESS
8 = SMOKE OR HAZE
[NO. OF DAYS WITH] [WEATHER - DAYS WITH] 9 = BLOWING SNOW
X = TORNADO
MAX 32 OR BELOW: 19 0.01 INCH OR MORE: 0
MAX 90 OR ABOVE: 0 0.10 INCH OR MORE: 0
MIN 32 OR BELOW: 31 0.50 INCH OR MORE: 0
MIN 0 OR BELOW: 10 1.00 INCH OR MORE: 0
[HDD (BASE 65) ]
TOTAL THIS MO. 1461 CLEAR (SCALE 0-3) 13
DPTR FM NORMAL M PTCLDY (SCALE 4-7) 8
TOTAL FM JUL 1 3044 CLOUDY (SCALE 8-10) 10
DPTR FM NORMAL M
[CDD (BASE 65) ]
TOTAL THIS MO. 0
DPTR FM NORMAL M [PRESSURE DATA]
TOTAL FM JAN 1 581 HIGHEST SLP M ON M
DPTR FM NORMAL M LOWEST SLP M ON M
[REMARKS]
#FINAL-12-22#