000
CXUS53 KARX 011000
CF6FKA
PRELIMINARY LOCAL CLIMATOLOGICAL DATA (WS FORM: F-6)
STATION: PRESTON MN
MONTH: NOVEMBER
YEAR: 2023
LATITUDE: 43 40 N
LONGITUDE: 92 11 W
TEMPERATURE IN F: :PCPN: SNOW: WIND :SUNSHINE: SKY :PK WND
================================================================================
1 2 3 4 5 6A 6B 7 8 9 10 11 12 13 14 15 16 17 18
12Z AVG MX 2MIN
DY MAX MIN AVG DEP HDD CDD WTR SNW DPTH SPD SPD DIR MIN PSBL S-S WX SPD DR
================================================================================
1 37 19 28 M 37 0 0.00 0.0 M 9.5 16 190 M M 5 23 190
2 48 27 38 M 27 0 0.00 0.0 M 7.8 13 210 M M 0 21 210
3 52 36 44 M 21 0 T 0.0 0 8.0 14 210 M M 3 8 21 210
4 52 30 41 M 24 0 0.00 0.0 0 4.1 8 270 M M 0 1 M M
5 57 41 49 M 16 0 0.00 0.0 0 14.6 25 180 M M 4 35 180
6 59 41 50 M 15 0 0.00 0.0 0 16.2 25 290 M M 4 35 200
7 48 37 43 M 22 0 0.00 0.0 0 10.3 16 130 M M 6 25 110
8 52 37 45 M 20 0 0.00 0.0 0 11.8 30 310 M M 6 40 310
9 50 32 41 M 24 0 T 0.0 0 14.2 22 290 M M 2 30 280
10 37 34 36 M 29 0 0.00 0.0 0 10.9 17 310 M M 10 24 290
11 45 27 36 M 29 0 T 0.0 0 11.4 20 160 M M 8 28 140
12 57 39 48 M 17 0 0.00 0.0 0 13.6 16 220 M M 2 24 220
13 57 36 47 M 18 0 0.00 0.0 0 10.5 15 320 M M 0 20 280
14 63 41 52 M 13 0 0.00 0.0 0 14.1 22 190 M M 1 31 200
15 63 37 50 M 15 0 0.00 0.0 0 7.1 16 210 M M 0 27 210
16 64 41 53 M 12 0 0.00 0.0 0 16.1 24 200 M M 2 8 50 200
17 43 27 35 M 30 0 0.00 0.0 0 8.3 21 350 M M 0 29 350
18 54 28 41 M 24 0 0.00 0.0 0 9.4 14 310 M M 0 18 290
19 54 30 42 M 23 0 0.00 0.0 0 6.6 12 130 M M 0 M M
20 45 37 41 M 24 0 M 0.0 0 9.1 13 30 M M 8 18 100
21 39 28 34 M 31 0 0.00 0.0 0 10.4 22 320 M M 9 1 27 320
22 43 23 33 M 32 0 0.00 0.0 0 10.5 17 220 M M 0 23 180
23 37 19 28 M 37 0 0.00 0.0 0 12.8 17 330 M M 0 30 350
24 28 12 20 M 45 0 0.00 0.0 0 8.0 12 10 M M 0 17 350
25 30 21 26 M 39 0 M M 0 4.3 10 230 M M 10 1 M M
26 30 19 25 M 40 0 M M 0 11.9 24 310 M M 9 1 32 310
27 19 9 14 M 51 0 M M 0 16.4 23 300 M M 8 30 300
28 23 1 12 M 53 0 0.00 0.0 0 10.9 16 190 M M 2 25 190
29 45 21 33 M 32 0 0.00 0.0 0 11.5 16 270 M M 0 25 210
30 43 27 35 M 30 0 0.00 0.0 0 10.5 15 340 M M 0 18 320
================================================================================
SM 1374 857 830 0 T 0.0 320.8 M 99
================================================================================
AV 45.8 28.6 10.7 FASTST M M 3 MAX(MPH)
MISC ----> 30 310 50 200
================================================================================
NOTES:
# LAST OF SEVERAL OCCURRENCES
COLUMN 17 PEAK WIND IN M.P.H.
PRELIMINARY LOCAL CLIMATOLOGICAL DATA (WS FORM: F-6) , PAGE 2
STATION: PRESTON MN
MONTH: NOVEMBER
YEAR: 2023
LATITUDE: 43 40 N
LONGITUDE: 92 11 W
[TEMPERATURE DATA] [PRECIPITATION DATA] SYMBOLS USED IN COLUMN 16
AVERAGE MONTHLY: 37.2 TOTAL FOR MONTH: T 1 = FOG OR MIST
DPTR FM NORMAL: 0.0 DPTR FM NORMAL: M 2 = FOG REDUCING VISIBILITY
HIGHEST: 64 ON 16 GRTST 24HR T ON 3- 3 TO 1/4 MILE OR LESS
LOWEST: 1 ON 28 3 = THUNDER
SNOW, ICE PELLETS, HAIL 4 = ICE PELLETS
TOTAL MONTH: 0.0 INCH 5 = HAIL
GRTST 24HR 0.0 6 = FREEZING RAIN OR DRIZZLE
GRTST DEPTH: 0 7 = DUSTSTORM OR SANDSTORM:
VSBY 1/2 MILE OR LESS
8 = SMOKE OR HAZE
[NO. OF DAYS WITH] [WEATHER - DAYS WITH] 9 = BLOWING SNOW
X = TORNADO
MAX 32 OR BELOW: 5 0.01 INCH OR MORE: 0
MAX 90 OR ABOVE: 0 0.10 INCH OR MORE: 0
MIN 32 OR BELOW: 18 0.50 INCH OR MORE: 0
MIN 0 OR BELOW: 0 1.00 INCH OR MORE: 0
[HDD (BASE 65) ]
TOTAL THIS MO. 830 CLEAR (SCALE 0-3) 17
DPTR FM NORMAL M PTCLDY (SCALE 4-7) 9
TOTAL FM JUL 1 1345 CLOUDY (SCALE 8-10) 4
DPTR FM NORMAL M
[CDD (BASE 65) ]
TOTAL THIS MO. 0
DPTR FM NORMAL M [PRESSURE DATA]
TOTAL FM JAN 1 714 HIGHEST SLP M ON M
DPTR FM NORMAL M LOWEST SLP M ON M
[REMARKS]
#FINAL-11-23#