000
CXUS54 KLZK 011130
CF6FLP
PRELIMINARY LOCAL CLIMATOLOGICAL DATA (WS FORM: F-6)
STATION: FLIPPIN
MONTH: JUNE
YEAR: 2022
LATITUDE: 36 17 N
LONGITUDE: 92 28 W
TEMPERATURE IN F: :PCPN: SNOW: WIND :SUNSHINE: SKY :PK WND
================================================================================
1 2 3 4 5 6A 6B 7 8 9 10 11 12 13 14 15 16 17 18
12Z AVG MX 2MIN
DY MAX MIN AVG DEP HDD CDD WTR SNW DPTH SPD SPD DIR MIN PSBL S-S WX SPD DR
================================================================================
1 85 69 77 M 0 12 T M M 4.4 12 320 M M 4 8 M M
2 76 58 67 M 0 2 0.00 M M 4.5 9 350 M M 5 M M
3 80 52 66 M 0 1 0.00 M M 2.0 9 80 M M 0 M M
4 83 51 67 M 0 2 0.00 M M 1.6 8 70 M M 1 1 M M
5 83 55 69 M 0 4 0.00 M M 2.1 8 170 M M 1 M M
6 85 66 76 M 0 11 0.22 M M 3.8 13 280 M M 5 13 M M
7 85 66 76 M 0 11 0.00 M M 1.5 5 40 M M 1 1 M M
8 79 65 72 M 0 7 0.05 M M 3.2 8 350 M M 4 12 M M
9 83 59 71 M 0 6 0.00 M M 0.8 5 340 M M 1 18 M M
10 81 64 73 M 0 8 0.12 M M 2.8 9 120 M M 4 1 M M
11 91 65 78 M 0 13 0.00 M M 2.3 6 160 M M 2 M M
12 98 74 86 M 0 21 0.00 M M 4.3 13 300 M M 1 128 16 200
13 98 75 87 M 0 22 0.00 M M 4.3 9 200 M M 0 M M
14 94 74 84 M 0 19 0.00 M M 6.4 12 210 M M 0 21 220
15 94 76 85 M 0 20 0.00 M M 5.8 14 200 M M 0 18 20 220
16 96 73 85 M 0 20 0.00 M M 2.8 8 270 M M 1 18 M M
17 96 73 85 M 0 20 0.00 M M 2.0 7 280 M M 1 18 M M
18 96 72 84 M 0 19 0.00 M M 3.5 8 90 M M 2 M M
19 89 63 76 M 0 11 0.00 M M 2.9 8 80 M M 0 M M
20 93 55 74 M 0 9 0.00 M M 2.6 7 190 M M 0 M M
21 98 63 81 M 0 16 0.00 M M 2.4 7 99 M M 0 1 M M
22 98 68 83 M 0 18 0.00 M M 3.8 10 300 M M 1 16 300
23 95 69 82 M 0 17 0.01 M M 3.2 10 320 M M 1 M M
24 97 67 82 M 0 17 0.00 M M 2.9 8 160 M M 0 18 M M
25 100 70 85 M 0 20 0.00 M M 4.1 10 250 M M 0 8 17 260
26 89 72 81 M 0 16 0.00 M M 7.0 14 360 M M 2 21 360
27 88 65 77 M 0 12 0.00 M M 5.3 10 20 M M 0 M M
28 88 57 73 M 0 8 0.00 M M 1.5 7 99 M M 0 M M
29 93 53 73 M 0 8 0.00 M M 2.3 7 80 M M 0 M M
30 96 55 76 M 0 11 0.00 M M 1.9 7 99 M M 1 17 99
================================================================================
SM 2707 1944 0 381 0.40 M 97.9 M 38
================================================================================
AV 90.2 64.8 3.3 FASTST M M 1 MAX(MPH)
MISC ----> # 14 360 # 21 220
================================================================================
NOTES:
# LAST OF SEVERAL OCCURRENCES
COLUMN 17 PEAK WIND IN M.P.H.
PRELIMINARY LOCAL CLIMATOLOGICAL DATA (WS FORM: F-6) , PAGE 2
STATION: FLIPPIN
MONTH: JUNE
YEAR: 2022
LATITUDE: 36 17 N
LONGITUDE: 92 28 W
[TEMPERATURE DATA] [PRECIPITATION DATA] SYMBOLS USED IN COLUMN 16
AVERAGE MONTHLY: 77.5 TOTAL FOR MONTH: 0.40 1 = FOG OR MIST
DPTR FM NORMAL: 0.0 DPTR FM NORMAL: M 2 = FOG REDUCING VISIBILITY
HIGHEST: 100 ON 25 GRTST 24HR 0.22 ON 5- 6 TO 1/4 MILE OR LESS
LOWEST: 51 ON 4 3 = THUNDER
SNOW, ICE PELLETS, HAIL 4 = ICE PELLETS
TOTAL MONTH: M 5 = HAIL
GRTST 24HR M ON M 6 = FREEZING RAIN OR DRIZZLE
GRTST DEPTH: M ON M 7 = DUSTSTORM OR SANDSTORM:
VSBY 1/2 MILE OR LESS
8 = SMOKE OR HAZE
[NO. OF DAYS WITH] [WEATHER - DAYS WITH] 9 = BLOWING SNOW
X = TORNADO
MAX 32 OR BELOW: 0 0.01 INCH OR MORE: 4
MAX 90 OR ABOVE: 16 0.10 INCH OR MORE: 2
MIN 32 OR BELOW: 0 0.50 INCH OR MORE: 0
MIN 0 OR BELOW: 0 1.00 INCH OR MORE: 0
[HDD (BASE 65) ]
TOTAL THIS MO. 0 CLEAR (SCALE 0-3) 25
DPTR FM NORMAL M PTCLDY (SCALE 4-7) 5
TOTAL FM JUL 1 3492 CLOUDY (SCALE 8-10) 0
DPTR FM NORMAL M
[CDD (BASE 65) ]
TOTAL THIS MO. 381
DPTR FM NORMAL M [PRESSURE DATA]
TOTAL FM JAN 1 595 HIGHEST SLP 30.30 ON 27
DPTR FM NORMAL M LOWEST SLP 29.67 ON 12
[REMARKS]
#FINAL-06-22#