000
CXUS54 KLZK 011331
CF6FLP
PRELIMINARY LOCAL CLIMATOLOGICAL DATA (WS FORM: F-6)
STATION: FLIPPIN
MONTH: FEBRUARY
YEAR: 2024
LATITUDE: 36 17 N
LONGITUDE: 92 28 W
TEMPERATURE IN F: :PCPN: SNOW: WIND :SUNSHINE: SKY :PK WND
================================================================================
1 2 3 4 5 6A 6B 7 8 9 10 11 12 13 14 15 16 17 18
12Z AVG MX 2MIN
DY MAX MIN AVG DEP HDD CDD WTR SNW DPTH SPD SPD DIR MIN PSBL S-S WX SPD DR
================================================================================
1 68 32 50 M 15 0 0.00 M M 2.7 14 240 M M 0 M M
2 71 36 54 M 11 0 0.00 M M 2.3 7 90 M M 1 M M
3 58 47 53 M 12 0 0.50 M M 5.3 9 100 M M 6 1 M M
4 50 46 48 M 17 0 0.51 M M 7.3 12 70 M M 10 1 18 90
5 62 36 49 M 16 0 0.00 M M 6.6 10 20 M M 0 17 350
6 61 26 44 M 21 0 0.00 M M 1.0 5 260 M M 0 M M
7 65 33 49 M 16 0 0.00 M M 3.9 8 160 M M 0 18 140
8 71 51 61 M 4 0 0.00 M M 7.7 17 200 M M 3 24 170
9 74 44 59 M 6 0 0.00 M M 4.6 16 230 M M 0 1 24 230
10 63 41 52 M 13 0 0.00 M M 6.3 9 40 M M 1 M M
11 50 33 42 M 23 0 T M M 6.3 12 40 M M 5 M M
12 44 30 37 M 28 0 0.59 M M 6.3 12 330 M M 9 12 17 330
13 61 24 43 M 22 0 0.00 M M 2.4 7 230 M M 0 1 M M
14 67 29 48 M 17 0 0.00 M M 2.7 8 170 M M 0 M M
15 67 37 52 M 13 0 0.00 M M 2.9 9 30 M M 0 16 30
16 62 31 47 M 18 0 T M M 8.9 17 350 M M 9 31 350
17 39 22 31 M 34 0 0.00 M M 8.0 15 10 M M 3 22 10
18 56 19 38 M 27 0 0.00 M M 4.9 10 310 M M 0 16 310
19 60 20 40 M 25 0 0.00 M M 2.1 7 130 M M 2 M M
20 69 31 50 M 15 0 0.00 M M 2.2 8 250 M M 1 M M
21 74 41 58 M 7 0 0.15 M M 3.7 10 150 M M 0 8 17 150
22 72 54 63 M 2 0 0.02 M M 6.1 12 360 M M 5 21 230
23 65 47 56 M 9 0 0.00 M M 9.6 17 310 M M 0 30 310
24 63 39 51 M 14 0 0.00 M M 5.4 10 320 M M 0 M M
25 79 40 60 M 5 0 0.00 M M 6.5 21 230 M M 0 28 230
26 76 42 59 M 6 0 0.00 M M 4.5 13 170 M M 0 20 99
27 87 62 75 M 0 10 0.00 M M 12.5 23 240 M M 0 40 260
28 60 31 46 M 19 0 0.00 M M 10.7 23 330 M M 3 35 310
29 55 24 40 M 25 0 0.17 M M 4.0 10 110 M M 2 20 140
================================================================================
SM 1849 1048 440 10 1.94 M 157.2 M 60
================================================================================
AV 63.8 36.1 5.4 FASTST M M 2 MAX(MPH)
MISC ----> # 23 240 40 260
================================================================================
NOTES:
# LAST OF SEVERAL OCCURRENCES
COLUMN 17 PEAK WIND IN M.P.H.
PRELIMINARY LOCAL CLIMATOLOGICAL DATA (WS FORM: F-6) , PAGE 2
STATION: FLIPPIN
MONTH: FEBRUARY
YEAR: 2024
LATITUDE: 36 17 N
LONGITUDE: 92 28 W
[TEMPERATURE DATA] [PRECIPITATION DATA] SYMBOLS USED IN COLUMN 16
AVERAGE MONTHLY: 49.9 TOTAL FOR MONTH: 1.94 1 = FOG OR MIST
DPTR FM NORMAL: 0.0 DPTR FM NORMAL: M 2 = FOG REDUCING VISIBILITY
HIGHEST: 87 ON 27 GRTST 24HR 1.01 ON 3- 4 TO 1/4 MILE OR LESS
LOWEST: 19 ON 18 3 = THUNDER
SNOW, ICE PELLETS, HAIL 4 = ICE PELLETS
TOTAL MONTH: M 5 = HAIL
GRTST 24HR M ON M 6 = FREEZING RAIN OR DRIZZLE
GRTST DEPTH: M ON M 7 = DUSTSTORM OR SANDSTORM:
VSBY 1/2 MILE OR LESS
8 = SMOKE OR HAZE
[NO. OF DAYS WITH] [WEATHER - DAYS WITH] 9 = BLOWING SNOW
X = TORNADO
MAX 32 OR BELOW: 0 0.01 INCH OR MORE: 6
MAX 90 OR ABOVE: 0 0.10 INCH OR MORE: 5
MIN 32 OR BELOW: 12 0.50 INCH OR MORE: 3
MIN 0 OR BELOW: 0 1.00 INCH OR MORE: 0
[HDD (BASE 65) ]
TOTAL THIS MO. 440 CLEAR (SCALE 0-3) 21
DPTR FM NORMAL M PTCLDY (SCALE 4-7) 5
TOTAL FM JUL 1 2708 CLOUDY (SCALE 8-10) 3
DPTR FM NORMAL M
[CDD (BASE 65) ]
TOTAL THIS MO. 10
DPTR FM NORMAL M [PRESSURE DATA]
TOTAL FM JAN 1 10 HIGHEST SLP 30.45 ON 28
DPTR FM NORMAL M LOWEST SLP 29.41 ON 27
[REMARKS]
#FINAL-02-24#